{"id":125,"date":"2013-04-15T19:49:30","date_gmt":"2013-04-15T16:49:30","guid":{"rendered":"http:\/\/historianopiskelijainliitto.com\/?page_id=125"},"modified":"2023-11-15T12:33:44","modified_gmt":"2023-11-15T10:33:44","slug":"materiaalia-hol-aktiiville","status":"publish","type":"page","link":"https:\/\/hol.fi\/?page_id=125","title":{"rendered":"S\u00e4\u00e4nn\u00f6t"},"content":{"rendered":"<p><strong>1\u00a7 NIMI JA TOIMIPAIKKA\u00a0<\/strong><\/p>\n<p>Yhdistyksen nimi on Historian Opiskelijain Liitto ry, Historiesstuderandenas F\u00f6rbund rf, ja sen kotipaikka on Helsinki. N\u00e4iss\u00e4 s\u00e4\u00e4nn\u00f6iss\u00e4 yhdistyksest\u00e4 k\u00e4ytet\u00e4\u00e4n nime\u00e4 Liitto.<\/p>\n<p><strong>2\u00a7 LIITON KIELI\u00a0<\/strong><\/p>\n<p>Liiton virallinen kieli on suomi, mutta jokaisella on oikeus esitt\u00e4\u00e4 asiansa kokouksissa my\u00f6s ruotsin kielell\u00e4 ja sanella p\u00f6yt\u00e4kirjaan ruotsinkielisi\u00e4 lausuntoja.<\/p>\n<p><strong>3\u00a7 TARKOITUS JA TOIMINTA\u00a0<\/strong><\/p>\n<p>Liiton tarkoitus on toimia Suomen tiedekorkeakoulujen historian opiskelijoiden yhdistysten keskuselimen\u00e4, edist\u00e4\u00e4 historian opiskelijoiden v\u00e4list\u00e4 yhteistoimintaa sek\u00e4 valvoa heid\u00e4n yleisi\u00e4 ja yhteisi\u00e4 etujaan.<\/p>\n<p>Tarkoituksensa toteuttamiseksi Liitto suorittaa tiedotus- ja julkaisutoimintaa, j\u00e4rjest\u00e4\u00e4 seminaareja ja opiskelijatapahtumia.<\/p>\n<p>Toimintansa tukemiseksi Liitolla on oikeus kantaa yhdistyskohtaisia j\u00e4senmaksuja, jotka syyskokous vahvistaa, ottaa vastaan avustuksia ja lahjoituksia, toimeenpanna asianomaisen luvan saatuaan rahanker\u00e4yksi\u00e4, arpajaisia, myyj\u00e4isi\u00e4, kirpputoreja ja huvitilaisuuksia, j\u00e4rjest\u00e4\u00e4 maksullisia luentoja ja muita sen kaltaisia maksullisia tilaisuuksia, omistaa toimintaansa varten tarpeellista kiinte\u00e4\u00e4 ja irtainta omaisuutta sek\u00e4 harjoittaa julkaisutoimintaa.<\/p>\n<p><strong>4\u00a7 J\u00c4SENET\u00a0<\/strong><\/p>\n<ol>\n<li><strong> Varsinaiset j\u00e4senet\u00a0<\/strong><\/li>\n<\/ol>\n<p>Liiton varsinaisiksi j\u00e4seniksi voivat liitty\u00e4 kaikki Suomen tiedekorkeakoulujen historian opiskelijoiden rekister\u00f6idyt yhdistykset.<\/p>\n<p>Liiton varsinaiset j\u00e4senet hyv\u00e4ksyy Liiton kev\u00e4tkokous yksinkertaisella \u00e4\u00e4nten enemmist\u00f6ll\u00e4. Varsinaiseksi j\u00e4seneksi pyrkiv\u00e4n tulee tehd\u00e4 hallitukselle kirjallinen anomus.<\/p>\n<p>Varsinaisia j\u00e4seni\u00e4 kutsutaan n\u00e4iss\u00e4 s\u00e4\u00e4nn\u00f6iss\u00e4 j\u00e4senyhdistyksiksi.<\/p>\n<ol start=\"2\">\n<li><strong> Kunniaj\u00e4senet\u00a0<\/strong><\/li>\n<\/ol>\n<p>Kev\u00e4tkokous voi kahden kolmasosan enemmist\u00f6ll\u00e4 annetuista \u00e4\u00e4nist\u00e4 kutsua Liiton kunniaj\u00e4seneksi henkil\u00f6n, joka on huomattavasti edist\u00e4nyt ja tukenut Liiton toimintaa.<\/p>\n<ol start=\"3\">\n<li><strong> Kannatusj\u00e4senet\u00a0<\/strong><\/li>\n<\/ol>\n<p>Kannatusj\u00e4seneksi voidaan hyv\u00e4ksy\u00e4 jokainen yksityinen henkil\u00f6 tai Suomessa rekister\u00f6ity oikeushenkil\u00f6, joka haluaa tukea liiton tarkoitusta ja toimintaa. Kannatusj\u00e4senen hyv\u00e4ksymisest\u00e4 p\u00e4\u00e4tt\u00e4\u00e4 hallitus.<\/p>\n<p><strong>5\u00a7 J\u00c4SENEN EROAMINEN JA EROTTAMINEN\u00a0<\/strong><\/p>\n<p>J\u00e4senyhdistyksell\u00e4 on oikeus erota Liitosta ilmoittamalla siit\u00e4 kirjallisesti hallitukselle tai sen puheenjohtajalle taikka ilmoittamalla eroamisesta Liiton kokouksessa merkitt\u00e4v\u00e4ksi p\u00f6yt\u00e4kirjaan.<\/p>\n<p>Liiton kokous voi katsoa varsinaisen j\u00e4senen eronneeksi Liitosta, mik\u00e4li j\u00e4sen ei ole maksanut j\u00e4senmaksuaan edellisell\u00e4 eik\u00e4 kuluvalla tilikaudella.<\/p>\n<p>Kannatusj\u00e4senell\u00e4 on oikeus erota Liitosta ilmoittamalla siit\u00e4 kirjallisesti hallitukselle tai sen puheenjohtajalle taikka ilmoittamalla eroamisesta Liiton kokouksessa merkitt\u00e4v\u00e4ksi p\u00f6yt\u00e4kirjaan. Kannatusj\u00e4senen ero astuu voimaan seuraavan tilikauden alusta lukien.<\/p>\n<p>Liiton kokous voi katsoa kannatusj\u00e4senen eronneeksi Liitosta, mik\u00e4li j\u00e4sen ei ole maksanut j\u00e4senmaksuaan edellisell\u00e4 eik\u00e4 kuluvalla tilikaudella.<\/p>\n<p>Liiton kokous voi erottaa liiton j\u00e4senen kahden kolmasosan (2\/3) enemmist\u00f6ll\u00e4 annetuista \u00e4\u00e4nist\u00e4, jos j\u00e4sen:<\/p>\n<p>1) on j\u00e4tt\u00e4nyt t\u00e4ytt\u00e4m\u00e4tt\u00e4 ne velvollisuudet, joihin h\u00e4n on yhdistykseen liittym\u00e4ll\u00e4 sitoutunut; tai<\/p>\n<p>2) on menettelyll\u00e4\u00e4n yhdistyksess\u00e4 tai sen ulkopuolella huomattavasti vahingoittanut yhdistyst\u00e4; tai<\/p>\n<p>3) ei en\u00e4\u00e4 t\u00e4yt\u00e4 yhdistyksen s\u00e4\u00e4nn\u00f6iss\u00e4 mainittuja j\u00e4senyyden ehtoja.<\/p>\n<p><strong>6\u00a7 J\u00c4SENMAKSU\u00a0<\/strong><\/p>\n<p>J\u00e4senyhdistyksill\u00e4 ja kannatusj\u00e4senilt\u00e4 peritt\u00e4v\u00e4n vuotuisen j\u00e4senmaksun suuruudesta erikseen kummallekin j\u00e4senryhm\u00e4lle p\u00e4\u00e4tt\u00e4\u00e4 syyskokous. Kunniaj\u00e4senilt\u00e4 ei perit\u00e4 j\u00e4senmaksua.<\/p>\n<p><strong>7\u00a7 HALLITUS\u00a0<\/strong><\/p>\n<p>Liiton hallintovaltaa k\u00e4ytt\u00e4\u00e4 hallitus. Hallitukseen kuuluvat vaalikokouksessa valitut puheenjohtaja, sihteeri ja taloudenhoitaja, sek\u00e4 n\u00e4iden lis\u00e4ksi v\u00e4hint\u00e4\u00e4n 8 ja enint\u00e4\u00e4n 16 muuta varsinaista j\u00e4sent\u00e4, jotka valitaan syyskokouksessa siten ett\u00e4 yksi varsinainen j\u00e4sen valitaan kustakin Liiton j\u00e4senyhdistyksest\u00e4.<\/p>\n<p>Kullakin hallituksen varsinaisella j\u00e4senell\u00e4, ei kuitenkaan puheenjohtajalla, sihteerill\u00e4 eik\u00e4 taloudenhoitajalla, on my\u00f6s yksi syyskokouksessa valittu henkil\u00f6kohtainen varaj\u00e4sen samasta j\u00e4senyhdistyksest\u00e4.<\/p>\n<p>Jos jokin Liiton j\u00e4senyhdistys ei kuitenkaan aseta syyskokouksessa ehdolle hallitukseen varsinaista tai varaj\u00e4sent\u00e4, voidaan syyskokouksen p\u00e4\u00e4t\u00f6ksell\u00e4 valita t\u00e4ytt\u00e4m\u00e4tt\u00e4 olevalle paikalle varsinainen tai varaj\u00e4sen jostakin muusta j\u00e4senyhdistyksest\u00e4, jos hallituksen v\u00e4himm\u00e4ism\u00e4\u00e4r\u00e4 ei t\u00e4yty.<\/p>\n<p>Hallituksen toimikausi kest\u00e4\u00e4 yhden vuoden, aina tammikuun 15. p\u00e4iv\u00e4st\u00e4 seuraavan vuoden tammikuun 15. p\u00e4iv\u00e4\u00e4n.<\/p>\n<p>Hallitus valitsee keskuudestaan varapuheenjohtajan sek\u00e4 yritysyhteisty\u00f6vastaavan. Lis\u00e4ksi hallitus voi valita keskuudestaan tai ulkopuoleltaan muita toimihenkil\u00f6it\u00e4 tai asettaa toimikuntia.<\/p>\n<p>Puheenjohtajan johdolla valmistellaan hallituksen kokouksissa k\u00e4sitelt\u00e4v\u00e4t asiat ja h\u00e4n vastaa hallituksen p\u00e4\u00e4t\u00f6sten toimeenpanosta.<\/p>\n<p>Hallitus kokoontuu puheenjohtajan tai h\u00e4nen estyneen\u00e4 ollessaan varapuheenjohtajan kutsusta v\u00e4hint\u00e4\u00e4n kaksi (2) kertaa vuodessa. Puheenjohtajan on kutsuttava hallitus koolle my\u00f6s, jos kaksi (2) hallituksen j\u00e4sent\u00e4 sit\u00e4 kirjallisesti pyyt\u00e4\u00e4. Koolle kutsuminen on suoritettava kirjallisesti tai muulla hallituksen yhdess\u00e4 p\u00e4\u00e4tt\u00e4m\u00e4ll\u00e4 tavalla seitsem\u00e4n (7) vuorokauden kuluessa pyynn\u00f6n saapumisesta, ja v\u00e4hint\u00e4\u00e4n kolmen (3) vuorokautta ennen kokousp\u00e4iv\u00e4\u00e4.<\/p>\n<p>Hallitus on p\u00e4\u00e4t\u00f6svaltainen, kun l\u00e4sn\u00e4 on v\u00e4hint\u00e4\u00e4n puolet j\u00e4senj\u00e4rjest\u00f6jen edustajista, sek\u00e4 puheenjohtaja tai varapuheenjohtaja. P\u00e4\u00e4t\u00f6kset hallituksen kokouksissa tehd\u00e4\u00e4n yksinkertaisella \u00e4\u00e4nten enemmist\u00f6ll\u00e4. \u00c4\u00e4nten menness\u00e4 tasan ratkaisee puheenjohtajan \u00e4\u00e4ni, vaaleissa kuitenkin arpa.<\/p>\n<p>Hallituksen j\u00e4senen on erotessaan toimitettava Liiton hallitukselle tai puheenjohtajalle kirjallinen eroanomus. Jos hallituksen j\u00e4senell\u00e4 ei erotessaan ole k\u00e4ytett\u00e4viss\u00e4 Liiton kokouksen valitsemaa varaj\u00e4sent\u00e4, on hallituksen uuden j\u00e4senen valitsemiseksi kutsuttava koolle liiton s\u00e4\u00e4nt\u00f6jen yhdennentoista (11\u00a7) pyk\u00e4l\u00e4n mukainen liiton ylim\u00e4\u00e4r\u00e4inen kokous nelj\u00e4ntoista (14) vuorokauden kuluessa siit\u00e4, kun eroanomus on tuotu esille hallituksen kokouksessa.<\/p>\n<p><strong>8\u00a7 LIITON NIMEN KIRJOITTAMINEN\u00a0<\/strong><\/p>\n<p>Liiton nimen kirjoittavat puheenjohtaja, varapuheenjohtaja tai taloudenhoitaja kukin yksin, taikka sihteeri yhdess\u00e4 taloudenhoitajan tai puheenjohtajan kanssa.<\/p>\n<p><strong>9\u00a7 TILIT\u00a0<\/strong><\/p>\n<p>Liiton tilikausi on kalenterivuosi.<\/p>\n<p>Tilinp\u00e4\u00e4t\u00f6s tarvittavine asiakirjoineen ja hallituksen vuosikertomus on annettava toiminnantarkastajille viimeist\u00e4\u00e4n kuukautta ennen kev\u00e4tkokousta. Toiminnantarkastajien tulee antaa kirjallinen lausuntonsa hallitukselle viimeist\u00e4\u00e4n nelj\u00e4toista (14) vuorokautta ennen kev\u00e4tkokousta.<\/p>\n<p><strong>10\u00a7 LIITON KOKOUKSEN KOOLLE KUTSUMINEN\u00a0<\/strong><\/p>\n<p>Liiton kokoukset kutsuu koolle hallitus. Kokouskutsut on toimitettava kirjallisesti j\u00e4senille viimeist\u00e4\u00e4n seitsem\u00e4n (7) vuorokautta ennen kokousta kirjeell\u00e4 tai s\u00e4hk\u00f6postilla.<\/p>\n<p><strong>11\u00a7 LIITON KOKOUKSET\u00a0<\/strong><\/p>\n<p>Liiton kokous on p\u00e4\u00e4t\u00f6svaltainen, kun se on laillisesti koolle kutsuttu ja l\u00e4sn\u00e4 on v\u00e4hint\u00e4\u00e4n puolet Liiton j\u00e4senyhdistyksist\u00e4. L\u00e4sn\u00e4 kokouksessa voi olla my\u00f6s et\u00e4yhteyden kautta.<\/p>\n<p>Liiton s\u00e4\u00e4nt\u00f6m\u00e4\u00e4r\u00e4inen kev\u00e4tkokous pidet\u00e4\u00e4n vuosittain hallituksen m\u00e4\u00e4r\u00e4\u00e4m\u00e4n\u00e4 p\u00e4iv\u00e4n\u00e4 maaliskuun loppuun menness\u00e4.<\/p>\n<p>Liiton s\u00e4\u00e4nt\u00f6m\u00e4\u00e4r\u00e4inen syyskokous pidet\u00e4\u00e4n vuosittain hallituksen m\u00e4\u00e4r\u00e4\u00e4m\u00e4n\u00e4 p\u00e4iv\u00e4n\u00e4 tammikuun 15. p\u00e4iv\u00e4\u00e4n menness\u00e4.<\/p>\n<p>Ylim\u00e4\u00e4r\u00e4inen kokous pidet\u00e4\u00e4n, kun Liiton kokous niin p\u00e4\u00e4tt\u00e4\u00e4 tai kun hallitus katsoo siihen olevan aihetta tai kun yksikin j\u00e4senyhdistys sit\u00e4 esitt\u00e4m\u00e4\u00e4ns\u00e4 asiaa varten vaatii. Vaatimus on osoitettava kirjallisesti hallitukselle, jonka on kutsuttava ylim\u00e4\u00e4r\u00e4inen kokous koolle nelj\u00e4ntoista (14) vuorokauden sis\u00e4ll\u00e4 vaatimuksen saapumisesta.<\/p>\n<p>Mik\u00e4li Liiton j\u00e4senyhdistys haluaa saada jonkin asian Liiton kev\u00e4tkokouksen, syyskokouksen tai ylim\u00e4\u00e4r\u00e4isen kokouksen k\u00e4sitelt\u00e4v\u00e4ksi, on sen siit\u00e4 kirjallisesti ilmoitettava viimeist\u00e4\u00e4n seitsem\u00e4n (7) vuorokautta ennen kokousta Liiton hallitukselle tai sen puheenjohtajalle. Lis\u00e4ksi voidaan Liiton kokouksen yksimielisell\u00e4 p\u00e4\u00e4t\u00f6ksell\u00e4 ottaa my\u00f6s muita asioita k\u00e4sitelt\u00e4v\u00e4ksi.<\/p>\n<p>Liiton kokouksessa on jokaisen j\u00e4senyhdistyksen edustajalla \u00e4\u00e4nioikeus ja jokaisella \u00e4\u00e4nioikeutetulla yksi (1) \u00e4\u00e4ni. Kannatus- ja kunniaj\u00e4senill\u00e4 ei ole \u00e4\u00e4nioikeutta. Jokaisella j\u00e4senyhdistyksell\u00e4 voi olla vain yksi (1) \u00e4\u00e4nioikeutettu Liiton kokouksessa. J\u00e4senyhdistyksell\u00e4 on annettava valtakirja edustajalleen Liiton kokoukseen.<\/p>\n<p>Edustajien lis\u00e4ksi kokouksessa on l\u00e4sn\u00e4olo- ja puheoikeus Liiton kannatus- ja kunniaj\u00e4senill\u00e4. Lis\u00e4ksi kaikilla j\u00e4senyhdistysten j\u00e4senill\u00e4 on l\u00e4sn\u00e4olo- ja puheoikeus, mik\u00e4li kokous ei toisin p\u00e4\u00e4t\u00e4. Kokous voi my\u00f6nt\u00e4\u00e4 l\u00e4sn\u00e4olo- ja puheoikeuden my\u00f6s muille henkil\u00f6ille.<\/p>\n<p>Liiton kokouksen p\u00e4\u00e4t\u00f6kseksi tulee, ellei s\u00e4\u00e4nn\u00f6iss\u00e4 toisin ole m\u00e4\u00e4r\u00e4tty, se ehdotus, jota on kannattanut yli puolet annetuista \u00e4\u00e4nist\u00e4. \u00c4\u00e4nten menness\u00e4 tasan ratkaisee kuitenkin arpa.<\/p>\n<p><strong>12\u00a7 LIITON S\u00c4\u00c4NT\u00d6M\u00c4\u00c4R\u00c4INEN KEV\u00c4TKOKOUS\u00a0<\/strong><\/p>\n<p>Liiton kev\u00e4tkokouksessa k\u00e4sitell\u00e4\u00e4n seuraavat asiat:<\/p>\n<ol>\n<li>Kokouksen avaus<\/li>\n<li>Todetaan kokouksen laillisuus ja p\u00e4\u00e4t\u00f6svaltaisuus.<\/li>\n<li>Valitaan kokouksen puheenjohtaja, sihteeri, kaksi (2) p\u00f6yt\u00e4kirjantarkastajaa ja kaksi (2) \u00e4\u00e4ntenlaskijaa.<\/li>\n<li>Hyv\u00e4ksyt\u00e4\u00e4n kokouksen ty\u00f6j\u00e4rjestys.<\/li>\n<li>Esitet\u00e4\u00e4n tilinp\u00e4\u00e4t\u00f6s, vuosikertomus ja toiminnantarkastajien lausunto.<\/li>\n<li>P\u00e4\u00e4tet\u00e4\u00e4n tilinp\u00e4\u00e4t\u00f6ksen vahvistamisesta ja vastuuvapauden my\u00f6nt\u00e4misest\u00e4 hallitukselle ja muille vastuuvelvollisille.<\/li>\n<li>K\u00e4sitell\u00e4\u00e4n muut mahdolliset asiat.<\/li>\n<li>Kokouksen p\u00e4\u00e4tt\u00e4minen.<\/li>\n<\/ol>\n<p><strong>13\u00a7 LIITON S\u00c4\u00c4NT\u00d6M\u00c4\u00c4R\u00c4INEN SYYSKOKOUS\u00a0<\/strong><\/p>\n<p>Liiton syyskokouksessa k\u00e4sitell\u00e4\u00e4n seuraavat asiat:<\/p>\n<ol>\n<li>Kokouksen avaus<\/li>\n<li>Valitaan kokouksen puheenjohtaja, sihteeri, kaksi (2) p\u00f6yt\u00e4kirjantarkastajaa ja kaksi (2) \u00e4\u00e4ntenlaskijaa.<\/li>\n<li>Todetaan kokouksen laillisuus ja p\u00e4\u00e4t\u00f6svaltaisuus.<\/li>\n<li>Hyv\u00e4ksyt\u00e4\u00e4n kokouksen ty\u00f6j\u00e4rjestys.<\/li>\n<li>Vahvistetaan hallituksen hyv\u00e4ksym\u00e4 toimintasuunnitelma, tulo- ja menoarvio sek\u00e4 varsinaisten j\u00e4senten ja kannatusj\u00e4senten j\u00e4senmaksun suuruus seuraavalle kalenterivuodelle.<\/li>\n<li>Valitaan hallituksen puheenjohtaja, sihteeri ja taloudenhoitaja.<\/li>\n<li>Valitaan hallituksen muut j\u00e4senet sek\u00e4 n\u00e4ille henkil\u00f6kohtaiset varaj\u00e4senet.<\/li>\n<li>Valitaan yritysyhteisty\u00f6vastaava hallituksen j\u00e4senist\u00e4.<\/li>\n<li>Valitaan kaksi (2) toiminnantarkastajaa ja heille kaksi (2) varatoiminnantarkastajaa.<\/li>\n<li>K\u00e4sitell\u00e4\u00e4n muut mahdolliset asiat.<\/li>\n<li>Kokouksen p\u00e4\u00e4tt\u00e4minen.<\/li>\n<\/ol>\n<p><strong>14\u00a7 S\u00c4\u00c4NT\u00d6JEN MUUTTAMINEN JA LIITON PURKAUTUMINEN\u00a0<\/strong><\/p>\n<p>P\u00e4\u00e4t\u00f6s s\u00e4\u00e4nt\u00f6jen muuttamisesta on teht\u00e4v\u00e4 Liiton kokouksessa v\u00e4hint\u00e4\u00e4n kolmen nelj\u00e4sosan (3\/4) enemmist\u00f6ll\u00e4 \u00e4\u00e4nestyksess\u00e4 annetuista \u00e4\u00e4nist\u00e4. P\u00e4\u00e4t\u00f6s Liiton purkautumisesta on teht\u00e4v\u00e4 kahdessa per\u00e4tt\u00e4isess\u00e4 Liiton kokouksessa v\u00e4hint\u00e4\u00e4n kolmen nelj\u00e4sosan (3\/4) enemmist\u00f6ll\u00e4 annetuista \u00e4\u00e4nist\u00e4. Kokouskutsussa on mainittava s\u00e4\u00e4nt\u00f6jen muuttamisesta tai Liiton purkautumisesta.<\/p>\n<p>Liiton purkautuessa siirret\u00e4\u00e4n sen asiakirjat Helsingin yliopiston ylioppilaskunnan arkistoon ja varat Suomen Ylioppilaskuntien Liitolle.<\/p>\n<p><strong>15\u00a7 MUITA S\u00c4\u00c4D\u00d6KSI\u00c4\u00a0<\/strong><\/p>\n<p>N\u00e4iden s\u00e4\u00e4nt\u00f6jen lis\u00e4ksi noudatetaan voimassa olevaa yhdistyslakia, kokouksissa yleist\u00e4 kokousk\u00e4yt\u00e4nt\u00f6\u00e4.<\/p>\n","protected":false},"excerpt":{"rendered":"<p>1\u00a7 NIMI JA TOIMIPAIKKA\u00a0 Yhdistyksen nimi on Historian Opiskelijain Liitto ry, Historiesstuderandenas F\u00f6rbund rf, ja sen kotipaikka on Helsinki. N\u00e4iss\u00e4 s\u00e4\u00e4nn\u00f6iss\u00e4 yhdistyksest\u00e4 k\u00e4ytet\u00e4\u00e4n nime\u00e4 Liitto. 2\u00a7 LIITON KIELI\u00a0 Liiton virallinen kieli on suomi, mutta jokaisella on oikeus esitt\u00e4\u00e4 asiansa kokouksissa my\u00f6s ruotsin kielell\u00e4 ja sanella p\u00f6yt\u00e4kirjaan ruotsinkielisi\u00e4 lausuntoja. 3\u00a7 TARKOITUS JA TOIMINTA\u00a0 Liiton tarkoitus on &hellip; <\/p>\n<p><a class=\"more-link btn\" href=\"https:\/\/hol.fi\/?page_id=125\">Jatka lukemista<\/a><\/p>\n","protected":false},"author":1,"featured_media":0,"parent":54,"menu_order":3,"comment_status":"closed","ping_status":"closed","template":"","meta":{"footnotes":""},"_links":{"self":[{"href":"https:\/\/hol.fi\/index.php?rest_route=\/wp\/v2\/pages\/125"}],"collection":[{"href":"https:\/\/hol.fi\/index.php?rest_route=\/wp\/v2\/pages"}],"about":[{"href":"https:\/\/hol.fi\/index.php?rest_route=\/wp\/v2\/types\/page"}],"author":[{"embeddable":true,"href":"https:\/\/hol.fi\/index.php?rest_route=\/wp\/v2\/users\/1"}],"replies":[{"embeddable":true,"href":"https:\/\/hol.fi\/index.php?rest_route=%2Fwp%2Fv2%2Fcomments&post=125"}],"version-history":[{"count":15,"href":"https:\/\/hol.fi\/index.php?rest_route=\/wp\/v2\/pages\/125\/revisions"}],"predecessor-version":[{"id":44463,"href":"https:\/\/hol.fi\/index.php?rest_route=\/wp\/v2\/pages\/125\/revisions\/44463"}],"up":[{"embeddable":true,"href":"https:\/\/hol.fi\/index.php?rest_route=\/wp\/v2\/pages\/54"}],"wp:attachment":[{"href":"https:\/\/hol.fi\/index.php?rest_route=%2Fwp%2Fv2%2Fmedia&parent=125"}],"curies":[{"name":"wp","href":"https:\/\/api.w.org\/{rel}","templated":true}]}}