{"id":1322,"date":"2013-12-08T16:59:33","date_gmt":"2013-12-08T14:59:33","guid":{"rendered":"http:\/\/hol.fi\/?page_id=1322"},"modified":"2019-10-11T12:36:46","modified_gmt":"2019-10-11T09:36:46","slug":"kevatseminaari-jyvaskylassa-2013","status":"publish","type":"page","link":"https:\/\/hol.fi\/?page_id=1322","title":{"rendered":"Kev\u00e4tseminaari Jyv\u00e4skyl\u00e4ss\u00e4 1.3.2014"},"content":{"rendered":"<h2 style=\"text-align: left;\"><strong><span style=\"color: #990000;\">Hulluuden Mielet\u00f6n Historia<\/span><\/strong><\/h2>\n<h3 style=\"text-align: left;\"><a href=\"http:\/\/hol.fi\/wp-content\/uploads\/2013\/12\/Kev\u00e4tseminaari-1.3.bmp\"><img loading=\"lazy\" decoding=\"async\" class=\"alignright size-full wp-image-1365\" alt=\"Kev\u00e4tseminaari 1.3\" src=\"http:\/\/hol.fi\/wp-content\/uploads\/2013\/12\/Kev\u00e4tseminaari-1.3.bmp\" width=\"249\" height=\"349\"><\/a><\/h3>\n<p style=\"text-align: left;\">Kev\u00e4\u00e4n HOL-seminaari sukeltaa syv\u00e4lle alitajuntaan mielenterveyden tuolle puolen! Historian Opiskelijain Liiton kev\u00e4tseminaarissa tarkastellaan hulluuden esiintymist\u00e4 historiassa varhaismodernismista kolonialismin aikakauden kautta nykyp\u00e4iv\u00e4\u00e4n saakka. Alan tutkijoiden tarjoaman luento-osuuden lis\u00e4ksi teemaa k\u00e4sitell\u00e4\u00e4n my\u00f6s iltap\u00e4iv\u00e4n workshopeissa ennen seminaarin loppuyhteenvetoa.<\/p>\n<p style=\"text-align: left;\">P\u00e4iv\u00e4n seminaariosuus on kaikille avoin tilaisuus, eik\u00e4 siihen tarvitse ennakkoilmoittautua. Seminaarip\u00e4iv\u00e4n kruunaa iltaohjelma mielipuolisten sitsien (12\/10 \u20ac) ja saunomisen merkeiss\u00e4. Viimeisist\u00e4kin j\u00e4rjenhivenist\u00e4 p\u00e4\u00e4st\u00e4\u00e4n eroon mielett\u00f6mill\u00e4 jatkoilla, jotka j\u00e4rjestet\u00e4\u00e4n legendaarisessa kampusravintola Ilokivess\u00e4. Ulkopaikkakuntalaisille on tarjolla majoitusmahdollisuus keskustan Omenahotellissa (Vapaudenkatu 57). Majoitustukien m\u00e4\u00e4r\u00e4 selvi\u00e4\u00e4 ilmoittautumisen j\u00e4lkeen.<\/p>\n<p style=\"text-align: left;\"><strong><a href=\"https:\/\/www.facebook.com\/events\/255090638000619\/\">Tapahtuman Facebook-sivuille<\/a><\/strong><\/p>\n<h3 style=\"text-align: left;\"><span style=\"color: #990000;\">Lauantaina 1.3.2014<\/span><\/h3>\n<p style=\"text-align: left;\">Jyv\u00e4skyl\u00e4n yliopiston Seminaarinm\u00e4ell\u00e4 sijaitsevassa<br \/>\nHistorian ja etnologian laitoksella (H-rakennus) salissa H320.<\/p>\n<p style=\"text-align: left;\">12.00-12.10 <strong>Seminaarin avaussanat<\/strong><\/p>\n<p style=\"text-align: left;\">12.10-13.20 <strong>&#8221;Maniasta monomanioihin: Hulluuden nimet eri aikoina&#8221;<\/strong>, prof. Petteri Pietik\u00e4inen<\/p>\n<p style=\"text-align: left;\">13.20-14.15 <strong>Ruokailu,<\/strong> opiskelijaravintola Lozzissa yliopiston kirjaston tiloissa<\/p>\n<p style=\"text-align: left;\">14.15-15.00 <strong>&#8221;Hullun tunnistaminen ja k\u00e4sittely varhaismodernissa pienyhteis\u00f6ss\u00e4&#8221;,<\/strong> FT Jari Eilola<\/p>\n<p style=\"text-align: left;\">15.15-16.00 <strong>&#8221;Hulluus ja kolonialismi 1800- ja 1900-luvuilla&#8221;,<\/strong> FT Markku Hokkanen<\/p>\n<p style=\"text-align: left;\">16.15-17.00 <strong>Workshop<\/strong>-ty\u00f6skentely\u00e4 &amp; <strong>seminaarin p\u00e4\u00e4t\u00e4t\u00f6ssanat<\/strong> Historicalla<\/p>\n<p style=\"text-align: left;\">ILTAOHJELMA 18.00 &#8211;&gt;<\/p>\n<p style=\"text-align: left;\">18.30-22.00<strong>&nbsp;&#8221;Mielisairaala&#8221;<\/strong> &#8211; sitsit (Historica)<\/p>\n<p style=\"text-align: left;\">18.15-21.30 <strong>Saunomista,<\/strong> ylioppilaskyl\u00e4 Kortepohjan A-rakennus<\/p>\n<p style=\"text-align: left;\">22:00 alkaen <strong>Mielett\u00f6m\u00e4t jatkot<\/strong> seminaarinm\u00e4en ravintola Ilokivess\u00e4<\/p>\n<h3 style=\"text-align: left;\"><span style=\"color: #990000;\">Sunnuntaina 2.3.<\/span><\/h3>\n<p style=\"text-align: left;\">Jyv\u00e4skyl\u00e4n yliopiston Seminaarinm\u00e4ell\u00e4 sijaitsevassa<br \/>\nHistorian ja etnologian laitoksella (H-rakennus) salissa H306.<\/p>\n<p style=\"text-align: left;\">11.30 <strong>Liiton vuosikokous<\/strong>, jossa Jyv\u00e4skyl\u00e4n kausi p\u00e4\u00e4tet\u00e4\u00e4n ja uusi hallitus valitaan<\/p>\n<h4><span style=\"color: #990000;\">Seminaarin yhteisty\u00f6tahoina toimivat:<\/span><\/h4>\n<p style=\"text-align: left;\"><a href=\"http:\/\/jyy.fi\"><strong>Jyv\u00e4skyl\u00e4n Yliopiston ylioppilaskunta<\/strong><\/a><strong>, <\/strong><a href=\"https:\/\/www.facebook.com\/pages\/SPECIA-Asiantuntijat-ja-ylemm\u00e4t-toimihenkil\u00f6t-ry\/350297815035\"><strong>Specia,<\/strong><\/a> <a href=\"https:\/\/www.facebook.com\/Yhteiskuntaala\"><strong>Yhteiskunta-alan korkeakoulutetut,<\/strong><\/a> <strong><a href=\"https:\/\/www.facebook.com\/akavanerityisalat\">Akavan erityisalat<\/a><\/strong><a href=\"https:\/\/www.facebook.com\/akavanerityisalat\"> ja <\/a><strong><span style=\"color: #990000;\"><a href=\"http:\/\/www.hirsityoheikkila.fi\"><span style=\"color: #990000;\">Hirsity\u00f6 Heikkil\u00e4<\/span><\/a>&nbsp; <\/span><\/strong><\/p>\n<p style=\"text-align: left;\"><a href=\"http:\/\/hol.fi\/wp-content\/uploads\/2013\/12\/JYY.png\"><img loading=\"lazy\" decoding=\"async\" class=\"size-medium wp-image-1410 alignnone\" alt=\"JYY\" src=\"http:\/\/hol.fi\/wp-content\/uploads\/2013\/12\/JYY-254x300.png\" width=\"82\" height=\"94\"><\/a><a href=\"https:\/\/www.facebook.com\/Yhteiskuntaala\"><img loading=\"lazy\" decoding=\"async\" class=\"size-medium wp-image-1402\" alt=\"Y_logo_musta_oranssi_rgb_1000px\" src=\"http:\/\/hol.fi\/wp-content\/uploads\/2013\/12\/Y_logo_musta_oranssi_rgb_1000px-300x230.jpg\" width=\"110\" height=\"83\" srcset=\"https:\/\/hol.fi\/wp-content\/uploads\/2013\/12\/Y_logo_musta_oranssi_rgb_1000px-300x230.jpg 300w, https:\/\/hol.fi\/wp-content\/uploads\/2013\/12\/Y_logo_musta_oranssi_rgb_1000px.jpg 1000w\" sizes=\"(max-width: 110px) 100vw, 110px\" \/><\/a><a href=\"http:\/\/hol.fi\/wp-content\/uploads\/2013\/12\/Specia.png\"><img loading=\"lazy\" decoding=\"async\" class=\"size-medium wp-image-1408 alignleft\" alt=\"Specia\" src=\"http:\/\/hol.fi\/wp-content\/uploads\/2013\/12\/Specia-300x141.png\" width=\"133\" height=\"68\"><\/a><strong><a href=\"http:\/\/hol.fi\/wp-content\/uploads\/2013\/12\/Akavan-Erityisalat.jpg\"><img loading=\"lazy\" decoding=\"async\" class=\"alignnone\" alt=\"Akavan Erityisalat\" src=\"http:\/\/hol.fi\/wp-content\/uploads\/2013\/12\/Akavan-Erityisalat-300x129.jpg\" width=\"111\" height=\"46\"><\/a><\/strong><strong><a href=\"http:\/\/hol.fi\/wp-content\/uploads\/2013\/12\/Hirsity\u00f6-Heikkil\u00e4.png\"><img loading=\"lazy\" decoding=\"async\" class=\"size-medium wp-image-1411 alignnone\" alt=\"Hirsity\u00f6 Heikkil\u00e4\" src=\"http:\/\/hol.fi\/wp-content\/uploads\/2013\/12\/Hirsity\u00f6-Heikkil\u00e4-300x194.png\" width=\"96\" height=\"61\" srcset=\"https:\/\/hol.fi\/wp-content\/uploads\/2013\/12\/Hirsity\u00f6-Heikkil\u00e4-300x194.png 300w, https:\/\/hol.fi\/wp-content\/uploads\/2013\/12\/Hirsity\u00f6-Heikkil\u00e4.png 714w\" sizes=\"(max-width: 96px) 100vw, 96px\" \/><\/a><\/strong><\/p>\n<p style=\"text-align: left;\">\n","protected":false},"excerpt":{"rendered":"<p>Hulluuden Mielet\u00f6n Historia Kev\u00e4\u00e4n HOL-seminaari sukeltaa syv\u00e4lle alitajuntaan mielenterveyden tuolle puolen! Historian Opiskelijain Liiton kev\u00e4tseminaarissa tarkastellaan hulluuden esiintymist\u00e4 historiassa varhaismodernismista kolonialismin aikakauden kautta nykyp\u00e4iv\u00e4\u00e4n saakka. Alan tutkijoiden tarjoaman luento-osuuden lis\u00e4ksi teemaa k\u00e4sitell\u00e4\u00e4n my\u00f6s iltap\u00e4iv\u00e4n workshopeissa ennen seminaarin loppuyhteenvetoa. P\u00e4iv\u00e4n seminaariosuus on kaikille avoin tilaisuus, eik\u00e4 siihen tarvitse ennakkoilmoittautua. Seminaarip\u00e4iv\u00e4n kruunaa iltaohjelma mielipuolisten sitsien (12\/10 \u20ac) &hellip; <\/p>\n<p><a class=\"more-link btn\" href=\"https:\/\/hol.fi\/?page_id=1322\">Jatka lukemista<\/a><\/p>\n","protected":false},"author":2,"featured_media":0,"parent":3132,"menu_order":11,"comment_status":"open","ping_status":"closed","template":"","meta":{"footnotes":""},"_links":{"self":[{"href":"https:\/\/hol.fi\/index.php?rest_route=\/wp\/v2\/pages\/1322"}],"collection":[{"href":"https:\/\/hol.fi\/index.php?rest_route=\/wp\/v2\/pages"}],"about":[{"href":"https:\/\/hol.fi\/index.php?rest_route=\/wp\/v2\/types\/page"}],"author":[{"embeddable":true,"href":"https:\/\/hol.fi\/index.php?rest_route=\/wp\/v2\/users\/2"}],"replies":[{"embeddable":true,"href":"https:\/\/hol.fi\/index.php?rest_route=%2Fwp%2Fv2%2Fcomments&post=1322"}],"version-history":[{"count":22,"href":"https:\/\/hol.fi\/index.php?rest_route=\/wp\/v2\/pages\/1322\/revisions"}],"predecessor-version":[{"id":3220,"href":"https:\/\/hol.fi\/index.php?rest_route=\/wp\/v2\/pages\/1322\/revisions\/3220"}],"up":[{"embeddable":true,"href":"https:\/\/hol.fi\/index.php?rest_route=\/wp\/v2\/pages\/3132"}],"wp:attachment":[{"href":"https:\/\/hol.fi\/index.php?rest_route=%2Fwp%2Fv2%2Fmedia&parent=1322"}],"curies":[{"name":"wp","href":"https:\/\/api.w.org\/{rel}","templated":true}]}}