{"id":144,"date":"2013-04-15T20:01:11","date_gmt":"2013-04-15T17:01:11","guid":{"rendered":"http:\/\/historianopiskelijainliitto.com\/?page_id=144"},"modified":"2026-02-28T17:32:36","modified_gmt":"2026-02-28T15:32:36","slug":"aikaisemmat-hallitukset","status":"publish","type":"page","link":"https:\/\/hol.fi\/?page_id=144","title":{"rendered":"Menneet hallitukset"},"content":{"rendered":"<h2><span style=\"color: #993300;\">Jyv\u00e4skyl\u00e4 2025<\/span><\/h2>\n<ul>\n<li>Puheenjohtaja: Elli Kivivuori (Tosine ry)<\/li>\n<li>Varapuheenjohtaja: Pauliina Jaakola (Tiima ey)<\/li>\n<li>Sihteeri, yritysyhteisty\u00f6vastaava, tiedottaja ja edustaja Historian yst\u00e4v\u00e4in liitossa: Roope King (Tosine ry)<\/li>\n<li>Taloudenhoitaja: Malla Rahko (Tosine ry)<\/li>\n<li>Blogivastaava: Jenna Salminen (Tosine ry)<\/li>\n<li>Nettisivuvastaava: Eikka Melakari (Kritiikki ry)<\/li>\n<li>Historioitsijat ilman rajoja -vastaava: Mohamed Abdi (Kronos ry)<\/li>\n<li>Edunvalvontavastaava Lauri M\u00e4kel\u00e4 (P-klubi ry)<\/li>\n<li>Yhdenvertaisuusvastaava: Eikka Melakari (Kritiikki ry)<\/li>\n<li>Hallituksen j\u00e4sen: Anni Tahvanainen (Patina ry)<\/li>\n<li>Hallituksen j\u00e4sen: Luka Ristola (Varnitsa ry)<\/li>\n<li>hallituksen j\u00e4sen: Alma Ruonamo (Kleio rf)<\/li>\n<li>hallituksen j\u00e4sen: Samuel Brander (Historicus rf)<\/li>\n<\/ul>\n<h2><span style=\"color: #993300;\">Turku 2024<\/span><\/h2>\n<ul>\n<li>Puheenjohtaja: Mikko L\u00e4hdesm\u00e4ki (Kritiikki ry)<\/li>\n<li>Varapuheenjohtaja, yhdenvertaisuusvastaava ja Hol-edustaja: Elli Kivivuori (Tosine ry)<\/li>\n<li>Sihteeri: Vili-Matti Pulli (Kritiikki ry)<\/li>\n<li>Taloudenhoitaja: Aleksis Natunen (Kritiikki ry)<\/li>\n<li>Blogivastaava ja Hol-edustaja: Lauri Taipale (Varnitsa ry)<\/li>\n<li>Yritysyhteisty\u00f6vastaava ja Hol-edustaja: Valtteri Haapaniemi (P-Klubi ry)<\/li>\n<li>Nettisivuvastaava ja Hol-edustaja: Leon Miller (Kritiikki ry)<\/li>\n<li>Historian yst\u00e4v\u00e4in liitto -vastaava ja Hol-edustaja: Riina Korteneva (Patina ry)<\/li>\n<li>Historioitsijat ilman rajoja -vastaava ja Hol-edustaja: Emil Eklund (Historicus rf)<\/li>\n<li>Hol-edustaja: Pauli Sir\u00e9n (Kronos ry)<\/li>\n<li>Hol-edustaja: Vilma Sippola (Tiima ry)<\/li>\n<li>Hol-edustaja: Andreas Nykvist (Kleio rf)<\/li>\n<\/ul>\n<h2><span style=\"color: #993300;\">Tampere 2023<\/span><\/h2>\n<ul>\n<li>Puheenjohtaja: Riina Korteneva (Patina ry)<\/li>\n<li>Varapuheenjohtaja: Vili Pulli (Kritiikki ry)<\/li>\n<li>Sihteeri ja nettisivuvastaava: Jaakko Leinonen (Patina ry)<\/li>\n<li>Taloudenhoitaja: Waltteri Nummelin (Patina ry)<\/li>\n<li>Blogivastaava: Justiina Eskelinen (Tiima ry)<\/li>\n<li>Tiedottaja: Anki Ollikainen (P-Klubi ry)<\/li>\n<li>Yritysyhteisty\u00f6vastaava: Anki Ollikainen (P-Klubi ry)<\/li>\n<li>Yhdenvertaisuusvastaava: Elsi Kummu (Patina ry)<\/li>\n<li>Hallituksen j\u00e4sen: Aaron Haapa-aho (Varnitsa ry)<\/li>\n<li>Hallituksen j\u00e4sen: Juho Kari (Tosine ry)<\/li>\n<li>Hallituksen j\u00e4sen: Linnea Laustiola (Kleio ry)<\/li>\n<li>Hallituksen j\u00e4sen: Sander K\u00f6\u00f6bi (Kronos ry)<\/li>\n<li>Hallituksen j\u00e4sen: Samuel Brander (Historicus rf)<\/li>\n<\/ul>\n<h2><span style=\"color: #993300;\">Joensuu 2022<\/span><\/h2>\n<ul>\n<li>Puheenjohtaja: Hanna Valtonen, Varnitsa ry<\/li>\n<li>Varapuheenjohtaja: Jaakko Leinonen, Patina ry<\/li>\n<li>Sihteeri &amp; tiedottaja: Salla Peltonen, Varnitsa ry<\/li>\n<li>Taloudenhoitaja: Merja Holappa, Varnitsa ry<\/li>\n<li>Blogivastaava: Justiina Eskelinen, Tiima ry<\/li>\n<li>Yritysyhteisty\u00f6vastaava: Miitrei Misukka, Kritiikki ry<\/li>\n<li>Yhdenvertaisuusvastaava: Sara Pitk\u00e4nen, Varnitsa ry<\/li>\n<li>Hallituksen j\u00e4sen: Santeri Helakallio, Tosine ry<\/li>\n<li>Hallituksen j\u00e4sen: Annele Salokannel, P-Klubi ry<\/li>\n<li>Hallituksen j\u00e4sen: Jonas Berg, Historicus<\/li>\n<li>Hallituksen j\u00e4sen: Markus Paldanius, Kleio ry<\/li>\n<\/ul>\n<h2><span style=\"color: #993300;\">Oulu 2021<\/span><\/h2>\n<ul>\n<li>Puheenjohtaja: Maaria Haikola, Tiima ry<\/li>\n<li>Varapuheenjohtaja: Salla Peltonen, Varnitsa ry<\/li>\n<li>Sihteeri: Inka Talus, Tiima ry<\/li>\n<li>Taloudenhoitaja: Markus Niskanen, Tiima ry<\/li>\n<li>Blogivastaava: Anna Per\u00e4l\u00e4, Polho ry<\/li>\n<li>Tiedottaja: Outi Niemi, Tiima ry<\/li>\n<li>Yritysyhteisty\u00f6vastaava: Karoliina Nurmio, Kritiikki ry<\/li>\n<li>Hallituksen j\u00e4sen: Maisa Marttila, Taso ry<\/li>\n<li>Hallituksen j\u00e4sen: Rony Sakkara, Patina ry<\/li>\n<li>Hallituksen j\u00e4sen: Riikka Kytt\u00e4, Tosine ry<\/li>\n<li>Hallituksen j\u00e4sen: Jere T\u00f6rr\u00f6nen, P-klubi ry<\/li>\n<li>Hallituksen j\u00e4sen: Juuso J\u00e4\u00e4skel\u00e4inen, Kronos ry<\/li>\n<\/ul>\n<h2><span style=\"color: #993300;\">Helsinki 2020<\/span><\/h2>\n<ul>\n<li>Puheenjohtaja: Sander K\u00f6\u00f6bi, Kronos ry<\/li>\n<li>Varapuheenjohtaja ja yritysyhteisty\u00f6vastaava: Antti Tornberg, Tiima ry<\/li>\n<li>Sihteeri ja tiedottaja: Aino Himanka, Kronos ry<\/li>\n<li>Taloudenhoitaja: Juuso J\u00e4\u00e4skel\u00e4inen, Kronos ry<\/li>\n<li>Hallituksen j\u00e4sen ja yhdenvertaisuusvastaava: Elisa Pirinen, Kritiikki ry<\/li>\n<li>Hallituksen j\u00e4sen: Rony Sakkara, Patina ry<\/li>\n<li>Hallituksen j\u00e4sen: Miro Leporanta, Polho ry<\/li>\n<li>Hallituksen j\u00e4sen: Maria Mahlam\u00e4ki, Varnitsa ry<\/li>\n<li>Hallituksen j\u00e4sen: Annika Belov, Taso ry<\/li>\n<li>Hallituksen j\u00e4sen: Veera K\u00e4rkk\u00e4inen, P-Klubi ry<\/li>\n<li>Hallituksen j\u00e4sen: Atte Koreneff, Kronos ry<\/li>\n<li>Hallituksen j\u00e4sen: Eetu Aalto, Tosine ry<\/li>\n<\/ul>\n<h2><span style=\"color: #993300;\">Jyv\u00e4skyl\u00e4 2019<\/span><\/h2>\n<ul>\n<li><strong>Puheenjohtaja:<\/strong> Hanna Juhola, Tosine ry<\/li>\n<li><strong>Varapuheenjohtaja:<\/strong> Sander K\u00f6\u00f6bi, Kronos ry<\/li>\n<li><strong>Sihteeri ja tiedottaja:<\/strong> Henna Harju, Tosine ry<\/li>\n<li><strong>Taloudenhoitaja:<\/strong> Topi Taipale, Tosine ry<\/li>\n<li><strong>Yritysyhteisty\u00f6vastaava: <\/strong>Juho Kankare, Kritiikki ry<\/li>\n<li><strong>Blogivastaava:<\/strong> Marie von Bell, Taso ry<\/li>\n<li><strong>Hallituksen j\u00e4sen:<\/strong> Tapio Aropaltio, Patina ry<\/li>\n<li><strong>Hallituksen j\u00e4sen:<\/strong> Minna Simola, Varnitsa ry<\/li>\n<li><strong>Hallituksen j\u00e4sen:<\/strong> Aino Ik\u00e4valko, Polho ry<\/li>\n<li><strong>Hallituksen j\u00e4sen:<\/strong> Henrik Tornberg, Tosine ry<\/li>\n<li><strong>Hallituksen j\u00e4sen:<\/strong> Emmi Bildjuschkin, P-klubi<\/li>\n<li><strong>Hallituksen j\u00e4sen:<\/strong> Sanni Yli-Ojanper\u00e4, Tiima ry<\/li>\n<\/ul>\n<h2><span style=\"color: #993300;\">Turku 2018<\/span><\/h2>\n<ul>\n<li><strong>Puheenjohtaja:<\/strong> Tanja Laimi, Kritiikki ry<\/li>\n<li><strong>Varapuheenjohtaja:<\/strong> Hanna Juhola, Tosine ry<\/li>\n<li><strong>Sihteeri:<\/strong> Marjaana Tuominen, Kritiikki ry<\/li>\n<li><strong>Taloudenhoitaja ja tiedottaja:<\/strong> Juho Kankare, Kritiikki ry<\/li>\n<li><strong>Varainhankintavastaava:<\/strong> Tuomas Suihkonen, Polho ry<\/li>\n<li><strong>Varainhankintavastaava:<\/strong> Henrik H\u00e4m\u00e4l\u00e4inen, Taso ry<\/li>\n<li><strong>Ty\u00f6el\u00e4m\u00e4vastaava:<\/strong> Mikko J\u00e4rvi, P-Klubi ry<\/li>\n<li><strong>J\u00e4senetuvastaava:<\/strong> Anniina Yli-Kahila, Kritiikki ry<\/li>\n<li><strong>Hallituksen j\u00e4sen:<\/strong> Pauliina Koskim\u00e4ki, Varnitsa ry<\/li>\n<li><strong>Hallituksen j\u00e4sen:<\/strong> Henrik J\u00e4rvinen, Patina ry<\/li>\n<li><strong>Hallituksen j\u00e4sen:<\/strong> Sanni Yli-Ojanper\u00e4, Tiima ry<\/li>\n<li><strong>Hallituksen j\u00e4sen:<\/strong> Jutta Riepula, Kronos ry<\/li>\n<\/ul>\n<h2><span style=\"color: #993300;\">Tampere 2017<\/span><\/h2>\n<ul>\n<li><span style=\"color: #000000;\"><strong>Puheenjohtaja<\/strong>: Arttu Huoviala, Patina ry<\/span><\/li>\n<li><span style=\"color: #000000;\"><strong>Varapuheenjohtaja<\/strong>: Marjaana Tuominen, Kritiikki ry,\u00a0<\/span><\/li>\n<li><span style=\"color: #000000;\"><strong>Sihteeri<\/strong>: Juho Aarikka, Patina ry<\/span><\/li>\n<li><span style=\"color: #000000;\"><strong>Taloudenhoitaja<\/strong>: Tapio Aropaltio, Patina ry<\/span><\/li>\n<li><span style=\"color: #000000;\"><strong>Tiedottaja<\/strong>: Taneli Puputti, Tosine ry<\/span><\/li>\n<li><strong style=\"color: #000000;\">Ty\u00f6el\u00e4m\u00e4vastaava<\/strong><span style=\"color: #000000;\">: Saana Koivisto, Patina ry<\/span><\/li>\n<li><strong style=\"color: #000000;\">P\u00e4\u00e4toimittaja<\/strong><span style=\"color: #000000;\">: Susanna Koivistoinen, Varnitsa ry<\/span><\/li>\n<li><span style=\"color: #000000;\"><strong>Varainhankintavastaava<\/strong>: Jarno Aho, P-Klubi ry<\/span><\/li>\n<li><span style=\"color: #000000;\"><strong>Hallituksen j\u00e4sen<\/strong>: Katri Pyy, Tiima ry<\/span><\/li>\n<li><span style=\"color: #000000;\"><strong>Hallituksen j\u00e4sen<\/strong>: Roosa Mantila, Polho ry<\/span><\/li>\n<li><span style=\"color: #000000;\"><strong>Hallituksen j\u00e4sen<\/strong>: Minna Majaniemi, Taso ry<\/span><\/li>\n<li><span style=\"color: #000000;\"><strong>Hallituksen j\u00e4sen<\/strong>: Heikki Aarva, Kronos ry<\/span><\/li>\n<\/ul>\n<h2><strong><span style=\"color: #993300;\">Joensuu 2016<\/span><\/strong><\/h2>\n<ul>\n<li><strong>Puheenjohtaja:<\/strong> Matias Saastamoinen<\/li>\n<li><strong>Sihteeri:<\/strong> Aleksis Honkanen<\/li>\n<li><strong>Taloudenhoitaja:<\/strong> Antti K\u00e4m\u00e4r\u00e4inen<\/li>\n<li><strong>Varapuheenjohtaja:<\/strong> Essi Turvala, Patina ry.<\/li>\n<li><strong>Tiedottaja:<\/strong> Miia Ilom\u00e4ki, Kronos ry.<\/li>\n<li><strong>J\u00e4senetuvastaava:<\/strong> Heidi Turunen, Varnitsa ry.<\/li>\n<li><strong>Varainhankintavastaava:<\/strong> Iida Knaappila, Tosine ry \/ Taneli Puputti, Tosine ry.<\/li>\n<li><strong>Ty\u00f6el\u00e4m\u00e4vastaava:<\/strong> Roosa P\u00f6yh\u00f6nen, Polho ry.<\/li>\n<li><strong>Ty\u00f6el\u00e4m\u00e4vastaava:<\/strong> Kimmo M\u00e4kel\u00e4, Tiima ry.<\/li>\n<li><strong>Kritiikki ry:<\/strong> Jere Markkanen.<\/li>\n<li><strong>P-Klubi ry:<\/strong> Petri Nystr\u00f6m.<\/li>\n<\/ul>\n<h2><strong><span style=\"color: #993300;\">Oulu 2015-2016<\/span><\/strong><\/h2>\n<ul>\n<li><strong>Puheenjohtaja:<\/strong> Olli-Matti Hiltula<\/li>\n<li><strong>Sihteeri:<\/strong> Elina Honkanen<\/li>\n<li><strong>Taloudenhoitaja:<\/strong> Anton Kurttila<\/li>\n<li><strong>Varapuheenjohtaja:<\/strong> Matias Saastamoinen, Varnitsa ry. Varaedustaja Pekka Pohjola.<\/li>\n<li><strong>Tiedottaja:<\/strong> Noora Alatainio, Tiima ry. Varaedustaja Jenni Per\u00e4l\u00e4.<\/li>\n<li><strong>J\u00e4senetuvastaava:<\/strong> Inka Kukkonen, Tosine ry. Varaedustaja Anniina V\u00e4is\u00e4nen.<\/li>\n<li><strong>Varainhankintavastaava:<\/strong> Karoliina Kariluoma, P-klubi ry. Varaedustaja Venla Ellil\u00e4.<\/li>\n<li><strong>Kronos ry:<\/strong> Karoliina Sipovaara. Varaedustaja Atte Sallamo.<\/li>\n<li><strong>Kritiikki ry:<\/strong> Juho Malka. Varaedustaja Osmo Laaksonharju.<\/li>\n<li><strong>Taso ry:<\/strong> Onni Szeto. Varaedustaja Ville Puumala.<\/li>\n<li><strong>Patina ry:<\/strong> Jyri Tuokko. Varaedustaja Matti J\u00e4rvinen.<\/li>\n<li><strong>Polho ry:<\/strong> Mikko Helenius. Varaedustaja Teemu Perhi\u00f6.<\/li>\n<\/ul>\n<h2><strong><span style=\"color: #990000;\">Helsinki 2014-2015<\/span><\/strong><\/h2>\n<ul>\n<li><strong>Puheenjohtaja:<\/strong> Karoliina Sipovaara.<\/li>\n<li><strong>Sihteeri ja varainhankintavastaava:<\/strong> Ville Puumala.<\/li>\n<li><strong>Taloudenhoitaja:<\/strong> Henri Pienimaa.<\/li>\n<li><strong>Varapuheenjohtaja:<\/strong>\u00a0Tiima ry: Olli-Matti Hiltula. Varaedustaja Miika Tapaninen.<\/li>\n<li><strong>Tiedottaja:<\/strong> P-klubi ry: Ella Kein\u00e4nen. Varaedustaja Aurora Manninen.<\/li>\n<li><strong>J\u00e4senetuvastaava:<\/strong>\u00a0Patina ry: Matti J\u00e4rvinen. Varaedustaja Oskari Jokinen.<\/li>\n<li><strong>Opiskelijoiden edunvalvontavastaava:<\/strong>\u00a0Varnitsa ry: Pekka Pohjola. Varaedustaja Tomi Parkkonen.<\/li>\n<li><strong>Kleio r.f.:<\/strong> Filippa Olenius. Varaedustaja Kajsa Varjonen.<\/li>\n<li><strong>Kritiikki ry:<\/strong> Tanja Laimi. Varaedustaja Sanna Oksanen.<\/li>\n<li><strong>Kronos ry:<\/strong> Mikko Soikkeli. Varaedustaja Iisa Aaltonen.<\/li>\n<li><strong>Polho ry:<\/strong> Teemu Perhi\u00f6. Varaedustaja Maija Yrj\u00e4.<\/li>\n<li><strong>Taso ry:<\/strong> Kasperi Lavikainen. Varaedustaja Roosa Kokkonen.<\/li>\n<li><strong>Tosine ry:<\/strong> Pekka Pietil\u00e4. Varaedustaja Taneli Tenhu.<\/li>\n<\/ul>\n<h2><\/h2>\n<h2><strong><span style=\"color: #990000;\">Jyv\u00e4skyl\u00e4 2013-2014<\/span><\/strong><\/h2>\n<ul>\n<li><span style=\"line-height: 16px;\"><strong>Puheenjohtaja:<\/strong> Rene Ranka.<\/span><\/li>\n<li><strong>Sihteeri ja j\u00e4senetuvastaava:<\/strong> Mika Vehmas.<\/li>\n<li><strong>Taloudenhoitaja:<\/strong> Laura Haussalo.<\/li>\n<li><strong>Varapuheenjohtaja:<\/strong>\u00a0Kronos ry: Jouni Lautiainen. Varaedustaja Linda Taylor.<\/li>\n<li><strong>Tiedottaja:<\/strong> Varnitsa ry: Eeva Pekkala. Varaedustaja Susanna Elenius.<\/li>\n<li><strong>Varainhankintavastaava:<\/strong>\u00a0Tosine ry: Pekka Pietil\u00e4. Varaedustaja Pikka Kilpel\u00e4inen.<\/li>\n<li><strong>Historicus r.f.:<\/strong> Oskar Dikert. Varaedustaja Svante Thilman.<\/li>\n<li><strong>Kleio r.f.:<\/strong> Katarina Weckman. Varaedustaja \u00a0Erik Palm.<\/li>\n<li><strong>Kritiikki ry:<\/strong> Emmi Saari. Varaedustaja Risto Huomo.<\/li>\n<li><strong>P-klubi ry:<\/strong> Jasse Rajam\u00e4ki. Varaedustaja Petri Ruohio.<\/li>\n<li><strong>Patina ry:<\/strong> Iina Salminen. Varaedustaja Kalle Matsinen.<\/li>\n<li><strong>Polho ry:<\/strong> Maija Yrj\u00e4. Varaedustaja Teemu Perhi\u00f6.<\/li>\n<li><strong>Taso ry:<\/strong> Roosa Kokkonen. Varaedustaja Kasperi Lavikainen.<\/li>\n<li><strong>Tiima ry:<\/strong> Joonas Kivioja. Varaedustaja Siiri Nousiainen.<\/li>\n<\/ul>\n<h2><\/h2>\n<h2><strong><span style=\"color: #990000;\">Turku 2012-2013<\/span><\/strong><\/h2>\n<ul>\n<li><strong>Puheenjohtaja:<\/strong> Tuomas Pulsa.<\/li>\n<li><strong>Sihteeri:<\/strong> Magdalena M\u00f6ls\u00e4.<\/li>\n<li><strong>Taloudenhoitaja:<\/strong> Tatu Virta.<\/li>\n<li><strong>Varapuheenjohtaja:<\/strong>\u00a0Tosine ry: Rene Ranka. Varaedustaja Sara Iili\u00e4inen.<\/li>\n<li><strong>P-klubi ry ja WWW-vastaava:<\/strong> Eero L\u00f6yt\u00f6m\u00e4ki. Varaedustaja Siiri Mertakorpi.<\/li>\n<li><strong>Patina ry:<\/strong> Jaakko Rantala. Varaedustaja Heikki Mikkonen.<\/li>\n<li><strong>Kleio r.f.:<\/strong> Kajsa Varjonen. Varaedustaja Oskar Dikert.<\/li>\n<li><strong>Kronos ry:<\/strong> Tiia Niemel\u00e4. Varaedustaja Henri Rantanen.<\/li>\n<li><strong>Historicus r.f.:<\/strong> Svante Thilman. Varaedustaja Tomi Rautoma.<\/li>\n<li><strong>Kritiikki ry:<\/strong> Emmi Saari. Varaedustaja Aino Mykr\u00e4.<\/li>\n<li><strong>Taso ry:<\/strong> Kasperi Lavikainen. Varaedustaja Miran Hamidulla.<\/li>\n<li><strong>Polho ry:<\/strong> Teemu Perhi\u00f6. Varaedustaja Anna Niemi.<\/li>\n<li><strong>Tiima ry:<\/strong> Joonas Kivioja. Varaedustaja Erik Oja.<\/li>\n<li><strong>Varnitsa ry:<\/strong> Iina Avila, varaedustaja Lotta Tykkyl\u00e4inen.<\/li>\n<\/ul>\n<h2><\/h2>\n<h2><strong><span style=\"color: #990000;\">Tampere 2011-2012<\/span><\/strong><\/h2>\n<ul>\n<li><strong>Puheenjohtaja:<\/strong> Maiju H\u00e4m\u00e4l\u00e4inen.<\/li>\n<li><strong>Sihteeri:<\/strong> Jukka Vieri.<\/li>\n<li><strong>Taloudenhoitaja:<\/strong> Emmi Peltonen.<\/li>\n<li><strong>Varapuheenjohtaja, P-klubi ry:<\/strong> Tuomas Pulsa. Varaedustaja Justus Koski.<\/li>\n<li><strong>Patina ry:<\/strong> Tuuli Krekel\u00e4. Varaedustaja Jukka Sappinen.<\/li>\n<li><strong>Patina ry:<\/strong> Sanni Pietil\u00e4. Varaedustaja Olli Nordling.<\/li>\n<li><strong>Kleio r.f.:<\/strong> Johan Enkvist. Varaedustaja Patrik Hettula.<\/li>\n<li><strong>Tosine ry:<\/strong> Johannes Heikkil\u00e4. Varaedustaja Kaisu Ven\u00e4l\u00e4inen.<\/li>\n<li><strong>Kritiikki ry:<\/strong> Heikki Laurila. Varaedustaja Juuso Suutari.<\/li>\n<li><strong>Kritiikki ry:<\/strong> Leena Lepp\u00e4nen. Varaedustaja Anna Lemberg.<\/li>\n<li><strong>Taso ry:<\/strong> Emma Ekdahl. Varaedustaja Risto Tuomainen.<\/li>\n<li><strong>Polho ry:<\/strong> Anna Niemi. Varaedustaja Hanna Marjoranta.<\/li>\n<li><strong>Tiima ry:<\/strong> Essi Jouhki. Varaedustaja Ella Kauppinen.<\/li>\n<li><strong>Varnitsa ry:<\/strong> Anne Dahl 1.9. asti, jonka j\u00e4lkeen varaedustaja Saara Huttu jatkoi kauden loppuun varsinaisena.<\/li>\n<\/ul>\n<h2><\/h2>\n<h2><strong><span style=\"color: #990000;\">Joensuu 2010-2011 <\/span><\/strong><\/h2>\n<ul>\n<li><strong>Puheenjohtaja:<\/strong> Jyrki Puikko.<\/li>\n<li><strong>Sihteeri:<\/strong> Tiina V\u00e4is\u00e4nen.<\/li>\n<li><strong>Taloudenhoitaja:<\/strong> Eveliina K\u00e4mi.<\/li>\n<li><strong>Varapuheenjohtaja:<\/strong>\u00a0Patina ry: Jukka Vieri. Varaedustaja Maiju H\u00e4m\u00e4l\u00e4inen.<\/li>\n<li><strong>Kleio r.f.:<\/strong> Bodil Lindberg. Varaedustaja Johan Enkvist.<\/li>\n<li><strong>Kronos ry:<\/strong> Aino Kuhmonen. Varaedustaja Anni Lindholm.<\/li>\n<li><strong>Tosine ry:<\/strong> Rene Ranka. Varaedustaja Ville Suomalainen.<\/li>\n<li><strong>Kritiikki ry:<\/strong> Johannes Juva. Varaedustaja Heikki Isotalo.<\/li>\n<li><strong>P-klubi ry:<\/strong> Mikko Pousi. Varaedustaja Joni Kajander.<\/li>\n<li><strong>Taso ry:<\/strong> Risto Tuomainen. Varaedustaja Noora L\u00e4hde.<\/li>\n<li><strong>Polho ry:<\/strong> Johanna Sorsa. Varaedustaja Mikko Virta.<\/li>\n<li><strong>Tiima ry:<\/strong> Timo Kaustinen. Varaedustaja Tuomas K\u00e4\u00e4ri\u00e4inen.<\/li>\n<li><strong>Varnitsa ry:<\/strong> Saara Huttu. Varaedustaja Juha Kontturi.<\/li>\n<\/ul>\n<h2><\/h2>\n<h2><strong><span style=\"color: #990000;\">Menneiden kausien puheenjohtajia<\/span><\/strong><\/h2>\n<ul>\n<li><strong>2009 Oulu<\/strong>, Heidi Karjalainen<\/li>\n<li><strong>2008 Helsinki<\/strong>, Maria Tomminen<\/li>\n<li><strong>2007 Jyv\u00e4skyl\u00e4<\/strong>, Anna-Kaisa Leivo<\/li>\n<li><strong>2006 Turku<\/strong>, Hanne Piekkola<\/li>\n<li><strong>2005 Tampere<\/strong>, Peter Allenius<\/li>\n<li><strong>2004 Joensuu<\/strong>, Henna Relander<\/li>\n<li><strong>2003 Oulu<\/strong>, Jukka Raustia<\/li>\n<li><strong>2002 Helsinki<\/strong>, Aleksi Henttonen<\/li>\n<li><strong>2001 Jyv\u00e4skyl\u00e4<\/strong>, Antti Vesala<\/li>\n<li><strong>2000 Turku<\/strong>, Lasse Miettinen<\/li>\n<li><strong>1999 Tampere<\/strong>, Maria Salmela-Mattila<\/li>\n<li><strong>1998 Joensuu<\/strong>, Sirpa Tikkanen<\/li>\n<li><strong>1997 Oulu<\/strong>, Niina Harjunp\u00e4\u00e4<\/li>\n<li><strong>1996 Helsinki<\/strong>, Juha Kallio<\/li>\n<li><strong>1995 Jyv\u00e4skyl\u00e4<\/strong>, Rolf Lander<\/li>\n<li><strong>1994 Turku<\/strong>, Petri Lajunen<\/li>\n<li><strong>1993 Tampere<\/strong>, Petri Luukkonen<\/li>\n<li><strong>1992 Joensuu<\/strong>, Anne Laatikainen<\/li>\n<li>. . .<\/li>\n<li><strong>1966 Jyv\u00e4skyl\u00e4<\/strong>, Reino Rantanen<\/li>\n<\/ul>\n","protected":false},"excerpt":{"rendered":"<p>Jyv\u00e4skyl\u00e4 2025 Puheenjohtaja: Elli Kivivuori (Tosine ry) Varapuheenjohtaja: Pauliina Jaakola (Tiima ey) Sihteeri, yritysyhteisty\u00f6vastaava, tiedottaja ja edustaja Historian yst\u00e4v\u00e4in liitossa: Roope King (Tosine ry) Taloudenhoitaja: Malla Rahko (Tosine ry) Blogivastaava: Jenna Salminen (Tosine ry) Nettisivuvastaava: Eikka Melakari (Kritiikki ry) Historioitsijat ilman rajoja -vastaava: Mohamed Abdi (Kronos ry) Edunvalvontavastaava Lauri M\u00e4kel\u00e4 (P-klubi ry) Yhdenvertaisuusvastaava: Eikka Melakari &hellip; <\/p>\n<p><a class=\"more-link btn\" href=\"https:\/\/hol.fi\/?page_id=144\">Jatka lukemista<\/a><\/p>\n","protected":false},"author":1,"featured_media":0,"parent":59,"menu_order":2,"comment_status":"closed","ping_status":"closed","template":"","meta":{"footnotes":""},"_links":{"self":[{"href":"https:\/\/hol.fi\/index.php?rest_route=\/wp\/v2\/pages\/144"}],"collection":[{"href":"https:\/\/hol.fi\/index.php?rest_route=\/wp\/v2\/pages"}],"about":[{"href":"https:\/\/hol.fi\/index.php?rest_route=\/wp\/v2\/types\/page"}],"author":[{"embeddable":true,"href":"https:\/\/hol.fi\/index.php?rest_route=\/wp\/v2\/users\/1"}],"replies":[{"embeddable":true,"href":"https:\/\/hol.fi\/index.php?rest_route=%2Fwp%2Fv2%2Fcomments&post=144"}],"version-history":[{"count":31,"href":"https:\/\/hol.fi\/index.php?rest_route=\/wp\/v2\/pages\/144\/revisions"}],"predecessor-version":[{"id":44726,"href":"https:\/\/hol.fi\/index.php?rest_route=\/wp\/v2\/pages\/144\/revisions\/44726"}],"up":[{"embeddable":true,"href":"https:\/\/hol.fi\/index.php?rest_route=\/wp\/v2\/pages\/59"}],"wp:attachment":[{"href":"https:\/\/hol.fi\/index.php?rest_route=%2Fwp%2Fv2%2Fmedia&parent=144"}],"curies":[{"name":"wp","href":"https:\/\/api.w.org\/{rel}","templated":true}]}}