{"id":1504,"date":"2014-04-21T03:23:10","date_gmt":"2014-04-21T00:23:10","guid":{"rendered":"http:\/\/hol.fi\/?page_id=1504"},"modified":"2019-10-11T12:36:15","modified_gmt":"2019-10-11T09:36:15","slug":"syysseminaari-oulussa-2014","status":"publish","type":"page","link":"https:\/\/hol.fi\/?page_id=1504","title":{"rendered":"Syysseminaari Oulussa 8.11.2014"},"content":{"rendered":"<div><span style=\"font-size: small;\">&#8221;It was a bright cold day in April, and the clocks were striking thirteen&#8230;&#8221;<\/span><span style=\"font-size: small;\"><a style=\"color: #ff4b33; line-height: 18px; font-size: 12px;\" href=\"http:\/\/hol.fi\/wp-content\/uploads\/2014\/04\/Syysseminaari-2014.jpg\"><img loading=\"lazy\" decoding=\"async\" class=\" wp-image-1595 alignright\" alt=\"Syysseminaari 2014\" src=\"http:\/\/hol.fi\/wp-content\/uploads\/2014\/04\/Syysseminaari-2014.jpg\" width=\"223\" height=\"320\"><\/a><\/span><\/div>\n<div><\/div>\n<div><span style=\"font-size: small;\">Toivon ja pelon utopiat k\u00e4yv\u00e4t toteen, kun&nbsp;<\/span><span style=\"font-size: small;\">Historian Opiskelijain&nbsp;<\/span><span style=\"font-size: small;\">Liiton syysseminaari rantautuu marraskuussa Ouluun. Lauantaina 8.11. j\u00e4rjestett\u00e4v\u00e4 Toivon ja pelon utopiat -nimell\u00e4 kulkeva seminaari k\u00e4sittelee utopia- ja dystopia-ajattelua kolmen seminaaripuhujan, FT Erkki Urpilaisen, Professori Tiina Kinnusen ja FT Markku Mattilan esitelmien kautta. Seminaariluennot kuullaan Arkkitehtuurisen tiedekunnan tiloissa Oulun keskustassa (Aleksanterinkatu 6).<\/span><\/div>\n<div><em id=\"__mceDel\"><span style=\"font-size: small;\"><br \/>\n<\/span><\/em><span style=\"font-size: small;\">Seminaariin ilmoittautuminen tapahtuu l\u00e4hett\u00e4m\u00e4ll\u00e4 s\u00e4hk\u00f6postia oman yliopistosi HOL-vastaavalle (lista hallitusj\u00e4senist\u00e4 l\u00f6ytyy HOL:n nettisivuilta). Seminaariin osallistumisen yhteydess\u00e4 voit ilmoittautua my\u00f6s illalla j\u00e4rjestett\u00e4ville Uljas Uusi maailma -sitseille (<\/span><a href=\"https:\/\/mail.utu.fi\/owa\/redir.aspx?C=Rj2YSHgxMU6nv71wre9CmdkP9hEdu9EIGp6abiad17OhaViQE6-m3iqazXfanvsom3ceQXWuz3w.&amp;URL=https%3a%2f%2fwww.facebook.com%2fevents%2f360482387451678%2f%3ffref%3dts\" target=\"_blank\" rel=\"noopener noreferrer\"><span style=\"font-size: small;\">https:\/\/www.facebook.com\/events\/360482387451678\/?fref=ts<\/span><\/a><span style=\"font-size: small;\">) ja varata itsellesi majoituksen Omenahotellissa. Ilmoittautuminen alkaa t\u00e4n\u00e4\u00e4n, ja ilmoittautumisaikaa on aina perjantaihin 24.10 asti. Maksuohjeet tulevat s\u00e4hk\u00f6postitse ilmoittautumisajan umpeuduttua.<\/span><span style=\"font-size: small;\"><br \/>\n<\/span><span style=\"font-size: small;\"><br \/>\nMajoituksen ja sitsit sis\u00e4lt\u00e4v\u00e4 hinta osallistujaa kohden on 35 euroa, alkoholittomilla sitseill\u00e4 33 euroa. Mik\u00e4li et tarvitse majoitusta, mainitse se ilmoittautumisen yhteydess\u00e4, jolloin maksat vain sitseist\u00e4 (15 euroa tai alkoholittomana 13 euroa). Jos taas haluat j\u00e4tt\u00e4\u00e4 sitsit v\u00e4liin, pelk\u00e4n majoituksen hinta on 20 euroa. Huoneet Omenahotellista (Uusikatu 26) varataan yhdeksi y\u00f6ksi (la-su), mutta tarvittaessa voit varata majoituksen my\u00f6s seminaaria edelt\u00e4v\u00e4ksi y\u00f6ksi. T\u00e4ll\u00f6in majoituksen hinta luonnollisesti nousee, kahden y\u00f6n lopullinen hinta varmistuu my\u00f6hemmin.&nbsp;<\/span><span style=\"font-size: small;\"><br \/>\n<\/span><span style=\"font-size: small;\"><br \/>\nMainitse sitseille ilmoittautumisen yhteydess\u00e4 haluatko punaviini\u00e4 vai valkoviini\u00e4, ja valitsetko miedommaksi juomaksi kaljaa, siideri\u00e4 vai lonkeroa. Kerrothan my\u00f6s mahdolliset ruoka-aineallergiasi ja muut erikoisruokavaliosi.&nbsp;<\/span><span style=\"font-size: small;\"><br \/>\n<\/span><span style=\"font-size: small;\"><br \/>\n<\/span><span style=\"font-size: small;\"><br \/>\nSeminaarissa kuullaan:<\/span><span style=\"font-size: small;\"><br \/>\n<\/span><span style=\"font-size: small;\"><br \/>\n<\/span><span style=\"font-size: small;\"><b>FT Erkki Urpilainen:<\/b><\/span><span style=\"font-size: small;\"><br \/>\n<\/span><span style=\"font-size: small;\"><b>Lopun ajan utopioita ja dystopioita<\/b><\/span><span style=\"font-size: small;\"><br \/>\nEsitelm\u00e4ss\u00e4 k\u00e4yd\u00e4\u00e4n l\u00e4pi, millaisia haave- ja uhkakuvia on esitetty Suomessa julkaistussa uskonnollisessa kirjallisuudessa.<\/span><span style=\"font-size: small;\"><br \/>\n<\/span><span style=\"font-size: small;\"><br \/>\n<\/span><span style=\"font-size: small;\"><b>Professori Tiina Kinnunen:<\/b><\/span><span style=\"font-size: small;\"><br \/>\n<\/span><span style=\"font-size: small;\"><b>Feministisi\u00e4 utopioita<\/b><\/span><span style=\"font-size: small;\"><br \/>\nEsitelm\u00e4 k\u00e4sittelee 1900-luvun alun l\u00e4nsimaisten feministien visioita tasa-arvoisesta ihanneyhteiskunnasta; erityisesti esiin nostetaan<\/span><span style=\"font-size: small;\"><br \/>\nruotsalainen Ellen Key (1849-1926).<\/span><span style=\"font-size: small;\"><br \/>\n<\/span><span style=\"font-size: small;\"><br \/>\n<\/span><span style=\"font-size: small;\"><b>FT Markku Mattila: Ali-ihmisten uhka &#8211; ja keinot torjua s<\/b><\/span><span style=\"font-size: small;\"><b>e:<\/b><\/span><span style=\"font-size: small;\"><br \/>\nEsitelm\u00e4 k\u00e4sittelee rotuhygieenisen\/eugeenisen ajattelun juuria ja synty\u00e4, ja ilmi\u00f6n kukoistuksen sek\u00e4 sen maineen menetyst\u00e4 ennen kaikkea Natsi-Saksan toimien takia. Lis\u00e4ksi k\u00e4yd\u00e4\u00e4n l\u00e4pi ilmi\u00f6n jatkuvuutta muualla maailmassa. K\u00e4yt\u00e4nn\u00f6n esimerkkein\u00e4 ovat l\u00e4hinn\u00e4 Iso-Britannia, Yhdysvallat, Saksa ja Pohjoismaat,erityisesti Suomi.<\/span><span style=\"font-size: small;\"><br \/>\n<\/span><span style=\"font-size: small;\"><br \/>\n<\/span><span style=\"font-size: small;\"><br \/>\n<\/span><span style=\"font-size: small;\"><b>Seminaarin alustava aikataulu:<\/b><\/span><span style=\"font-size: small;\"><br \/>\n12.00-12.10&nbsp;<\/span><span style=\"font-size: small;\"><b>Seminaarin avaussana<\/b><\/span><span style=\"font-size: small;\">t, Professori Petteri Pietik\u00e4inen<\/span><span style=\"font-size: small;\"><br \/>\n12.10-13.20&nbsp;<\/span><span style=\"font-size: small;\"><b>Lopun ajan utopioita ja dystopioita<\/b><\/span><span style=\"font-size: small;\">, FT Erkki Urpilainen<\/span><span style=\"font-size: small;\"><br \/>\n13.20-14.15&nbsp;<\/span><span style=\"font-size: small;\"><b>Ruokailu<\/b><\/span><span style=\"font-size: small;\">, opiskelijaravintola Mintussa (Hallituskatu 7)<\/span><span style=\"font-size: small;\"><br \/>\n14.15-15.00&nbsp;<\/span><span style=\"font-size: small;\"><b>Feministisi\u00e4 utopioita<\/b><\/span><span style=\"font-size: small;\">, Prof. Tiina Kinnunen<\/span><span style=\"font-size: small;\"><br \/>\n15.15-16.00&nbsp;<\/span><span style=\"font-size: small;\"><b>Ali-ihmisten uhka &#8211; ja keinot torjua se<\/b><\/span><span style=\"font-size: small;\">, FT Markku Mattila<\/span><span style=\"font-size: small;\"><br \/>\n16.00&nbsp;<\/span><span style=\"font-size: small;\"><b>Seminaarin loppusanat<\/b><\/span><span style=\"font-size: small;\"><br \/>\n<\/span><span style=\"font-size: small;\"><br \/>\n<\/span><span style=\"font-size: small;\"><b>Iltaohjema 18.00 alkaen<\/b><\/span><span style=\"font-size: small;\"><br \/>\n18.00-23.00&nbsp;<\/span><span style=\"font-size: small;\"><b>Uljas uusi maailma \u2013 sitsit<\/b><\/span><span style=\"font-size: small;\">&nbsp;(Tetra, M\u00e4kelininkatu 31)<\/span><span style=\"font-size: small;\"><br \/>\n18.00-01.00 Saunomista (Tetra, M\u00e4kelininkatu 31)<\/span><span style=\"font-size: small;\"><br \/>\n01.00 alkaen Utopistiset jatkot ravintola Kaarlenholvissa<\/span><span style=\"font-size: small;\"><b>\u200b<\/b><\/span><\/div>\n<div><span style=\"font-size: small;\">Seminaari l\u00f6ytyy my\u00f6s Facebookista:&nbsp;<\/span><a href=\"https:\/\/mail.utu.fi\/owa\/redir.aspx?C=Rj2YSHgxMU6nv71wre9CmdkP9hEdu9EIGp6abiad17OhaViQE6-m3iqazXfanvsom3ceQXWuz3w.&amp;URL=https%3a%2f%2fwww.facebook.com%2fevents%2f550305281771023%2f%3ffref%3dts\" target=\"_blank\" rel=\"noopener noreferrer\"><span style=\"font-size: small;\">https:\/\/www.facebook.com\/events\/550305281771023\/?fref=ts<\/span><\/a><span style=\"font-size: small;\">\u200b<\/span><\/div>\n","protected":false},"excerpt":{"rendered":"<p>&#8221;It was a bright cold day in April, and the clocks were striking thirteen&#8230;&#8221; Toivon ja pelon utopiat k\u00e4yv\u00e4t toteen, kun&nbsp;Historian Opiskelijain&nbsp;Liiton syysseminaari rantautuu marraskuussa Ouluun. Lauantaina 8.11. j\u00e4rjestett\u00e4v\u00e4 Toivon ja pelon utopiat -nimell\u00e4 kulkeva seminaari k\u00e4sittelee utopia- ja dystopia-ajattelua kolmen seminaaripuhujan, FT Erkki Urpilaisen, Professori Tiina Kinnusen ja FT Markku Mattilan esitelmien kautta. Seminaariluennot &hellip; <\/p>\n<p><a class=\"more-link btn\" href=\"https:\/\/hol.fi\/?page_id=1504\">Jatka lukemista<\/a><\/p>\n","protected":false},"author":1,"featured_media":0,"parent":3132,"menu_order":10,"comment_status":"closed","ping_status":"closed","template":"","meta":{"footnotes":""},"_links":{"self":[{"href":"https:\/\/hol.fi\/index.php?rest_route=\/wp\/v2\/pages\/1504"}],"collection":[{"href":"https:\/\/hol.fi\/index.php?rest_route=\/wp\/v2\/pages"}],"about":[{"href":"https:\/\/hol.fi\/index.php?rest_route=\/wp\/v2\/types\/page"}],"author":[{"embeddable":true,"href":"https:\/\/hol.fi\/index.php?rest_route=\/wp\/v2\/users\/1"}],"replies":[{"embeddable":true,"href":"https:\/\/hol.fi\/index.php?rest_route=%2Fwp%2Fv2%2Fcomments&post=1504"}],"version-history":[{"count":9,"href":"https:\/\/hol.fi\/index.php?rest_route=\/wp\/v2\/pages\/1504\/revisions"}],"predecessor-version":[{"id":3189,"href":"https:\/\/hol.fi\/index.php?rest_route=\/wp\/v2\/pages\/1504\/revisions\/3189"}],"up":[{"embeddable":true,"href":"https:\/\/hol.fi\/index.php?rest_route=\/wp\/v2\/pages\/3132"}],"wp:attachment":[{"href":"https:\/\/hol.fi\/index.php?rest_route=%2Fwp%2Fv2%2Fmedia&parent=1504"}],"curies":[{"name":"wp","href":"https:\/\/api.w.org\/{rel}","templated":true}]}}

<div><span style="font-size: small;">&#8221;It was a bright cold day in April, and the clocks were striking thirteen&#8230;&#8221;</span><span style="font-size: small;"><a style="color: #ff4b33; line-height: 18px; font-size: 12px;" href="http://hol.fi/wp-content/uploads/2014/04/Syysseminaari-2014.jpg"><img loading="lazy" decoding="async" class=" wp-image-1595 alignright" alt="Syysseminaari 2014" src="http://hol.fi/wp-content/uploads/2014/04/Syysseminaari-2014.jpg" width="223" height="320"></a></span></div>
<div></div>
<div><span style="font-size: small;">Toivon ja pelon utopiat käyvät toteen, kun&nbsp;</span><span style="font-size: small;">Historian Opiskelijain&nbsp;</span><span style="font-size: small;">Liiton syysseminaari rantautuu marraskuussa Ouluun. Lauantaina 8.11. järjestettävä Toivon ja pelon utopiat -nimellä kulkeva seminaari käsittelee utopia- ja dystopia-ajattelua kolmen seminaaripuhujan, FT Erkki Urpilaisen, Professori Tiina Kinnusen ja FT Markku Mattilan esitelmien kautta. Seminaariluennot kuullaan Arkkitehtuurisen tiedekunnan tiloissa Oulun keskustassa (Aleksanterinkatu 6).</span></div>
<div><em id="__mceDel"><span style="font-size: small;"><br />
</span></em><span style="font-size: small;">Seminaariin ilmoittautuminen tapahtuu lähettämällä sähköpostia oman yliopistosi HOL-vastaavalle (lista hallitusjäsenistä löytyy HOL:n nettisivuilta). Seminaariin osallistumisen yhteydessä voit ilmoittautua myös illalla järjestettäville Uljas Uusi maailma -sitseille (</span><a href="https://mail.utu.fi/owa/redir.aspx?C=Rj2YSHgxMU6nv71wre9CmdkP9hEdu9EIGp6abiad17OhaViQE6-m3iqazXfanvsom3ceQXWuz3w.&amp;URL=https%3a%2f%2fwww.facebook.com%2fevents%2f360482387451678%2f%3ffref%3dts" target="_blank" rel="noopener noreferrer"><span style="font-size: small;">https://www.facebook.com/events/360482387451678/?fref=ts</span></a><span style="font-size: small;">) ja varata itsellesi majoituksen Omenahotellissa. Ilmoittautuminen alkaa tänään, ja ilmoittautumisaikaa on aina perjantaihin 24.10 asti. Maksuohjeet tulevat sähköpostitse ilmoittautumisajan umpeuduttua.</span><span style="font-size: small;"><br />
</span><span style="font-size: small;"><br />
Majoituksen ja sitsit sisältävä hinta osallistujaa kohden on 35 euroa, alkoholittomilla sitseillä 33 euroa. Mikäli et tarvitse majoitusta, mainitse se ilmoittautumisen yhteydessä, jolloin maksat vain sitseistä (15 euroa tai alkoholittomana 13 euroa). Jos taas haluat jättää sitsit väliin, pelkän majoituksen hinta on 20 euroa. Huoneet Omenahotellista (Uusikatu 26) varataan yhdeksi yöksi (la-su), mutta tarvittaessa voit varata majoituksen myös seminaaria edeltäväksi yöksi. Tällöin majoituksen hinta luonnollisesti nousee, kahden yön lopullinen hinta varmistuu myöhemmin.&nbsp;</span><span style="font-size: small;"><br />
</span><span style="font-size: small;"><br />
Mainitse sitseille ilmoittautumisen yhteydessä haluatko punaviiniä vai valkoviiniä, ja valitsetko miedommaksi juomaksi kaljaa, siideriä vai lonkeroa. Kerrothan myös mahdolliset ruoka-aineallergiasi ja muut erikoisruokavaliosi.&nbsp;</span><span style="font-size: small;"><br />
</span><span style="font-size: small;"><br />
</span><span style="font-size: small;"><br />
Seminaarissa kuullaan:</span><span style="font-size: small;"><br />
</span><span style="font-size: small;"><br />
</span><span style="font-size: small;"><b>FT Erkki Urpilainen:</b></span><span style="font-size: small;"><br />
</span><span style="font-size: small;"><b>Lopun ajan utopioita ja dystopioita</b></span><span style="font-size: small;"><br />
Esitelmässä käydään läpi, millaisia haave- ja uhkakuvia on esitetty Suomessa julkaistussa uskonnollisessa kirjallisuudessa.</span><span style="font-size: small;"><br />
</span><span style="font-size: small;"><br />
</span><span style="font-size: small;"><b>Professori Tiina Kinnunen:</b></span><span style="font-size: small;"><br />
</span><span style="font-size: small;"><b>Feministisiä utopioita</b></span><span style="font-size: small;"><br />
Esitelmä käsittelee 1900-luvun alun länsimaisten feministien visioita tasa-arvoisesta ihanneyhteiskunnasta; erityisesti esiin nostetaan</span><span style="font-size: small;"><br />
ruotsalainen Ellen Key (1849-1926).</span><span style="font-size: small;"><br />
</span><span style="font-size: small;"><br />
</span><span style="font-size: small;"><b>FT Markku Mattila: Ali-ihmisten uhka &#8211; ja keinot torjua s</b></span><span style="font-size: small;"><b>e:</b></span><span style="font-size: small;"><br />
Esitelmä käsittelee rotuhygieenisen/eugeenisen ajattelun juuria ja syntyä, ja ilmiön kukoistuksen sekä sen maineen menetystä ennen kaikkea Natsi-Saksan toimien takia. Lisäksi käydään läpi ilmiön jatkuvuutta muualla maailmassa. Käytännön esimerkkeinä ovat lähinnä Iso-Britannia, Yhdysvallat, Saksa ja Pohjoismaat,erityisesti Suomi.</span><span style="font-size: small;"><br />
</span><span style="font-size: small;"><br />
</span><span style="font-size: small;"><br />
</span><span style="font-size: small;"><b>Seminaarin alustava aikataulu:</b></span><span style="font-size: small;"><br />
12.00-12.10&nbsp;</span><span style="font-size: small;"><b>Seminaarin avaussana</b></span><span style="font-size: small;">t, Professori Petteri Pietikäinen</span><span style="font-size: small;"><br />
12.10-13.20&nbsp;</span><span style="font-size: small;"><b>Lopun ajan utopioita ja dystopioita</b></span><span style="font-size: small;">, FT Erkki Urpilainen</span><span style="font-size: small;"><br />
13.20-14.15&nbsp;</span><span style="font-size: small;"><b>Ruokailu</b></span><span style="font-size: small;">, opiskelijaravintola Mintussa (Hallituskatu 7)</span><span style="font-size: small;"><br />
14.15-15.00&nbsp;</span><span style="font-size: small;"><b>Feministisiä utopioita</b></span><span style="font-size: small;">, Prof. Tiina Kinnunen</span><span style="font-size: small;"><br />
15.15-16.00&nbsp;</span><span style="font-size: small;"><b>Ali-ihmisten uhka &#8211; ja keinot torjua se</b></span><span style="font-size: small;">, FT Markku Mattila</span><span style="font-size: small;"><br />
16.00&nbsp;</span><span style="font-size: small;"><b>Seminaarin loppusanat</b></span><span style="font-size: small;"><br />
</span><span style="font-size: small;"><br />
</span><span style="font-size: small;"><b>Iltaohjema 18.00 alkaen</b></span><span style="font-size: small;"><br />
18.00-23.00&nbsp;</span><span style="font-size: small;"><b>Uljas uusi maailma – sitsit</b></span><span style="font-size: small;">&nbsp;(Tetra, Mäkelininkatu 31)</span><span style="font-size: small;"><br />
18.00-01.00 Saunomista (Tetra, Mäkelininkatu 31)</span><span style="font-size: small;"><br />
01.00 alkaen Utopistiset jatkot ravintola Kaarlenholvissa</span><span style="font-size: small;"><b>​</b></span></div>
<div><span style="font-size: small;">Seminaari löytyy myös Facebookista:&nbsp;</span><a href="https://mail.utu.fi/owa/redir.aspx?C=Rj2YSHgxMU6nv71wre9CmdkP9hEdu9EIGp6abiad17OhaViQE6-m3iqazXfanvsom3ceQXWuz3w.&amp;URL=https%3a%2f%2fwww.facebook.com%2fevents%2f550305281771023%2f%3ffref%3dts" target="_blank" rel="noopener noreferrer"><span style="font-size: small;">https://www.facebook.com/events/550305281771023/?fref=ts</span></a><span style="font-size: small;">​</span></div>

<p>&#8221;It was a bright cold day in April, and the clocks were striking thirteen&#8230;&#8221; Toivon ja pelon utopiat käyvät toteen, kun&nbsp;Historian Opiskelijain&nbsp;Liiton syysseminaari rantautuu marraskuussa Ouluun. Lauantaina 8.11. järjestettävä Toivon ja pelon utopiat -nimellä kulkeva seminaari käsittelee utopia- ja dystopia-ajattelua kolmen seminaaripuhujan, FT Erkki Urpilaisen, Professori Tiina Kinnusen ja FT Markku Mattilan esitelmien kautta. Seminaariluennot &hellip; </p>
<p><a class="more-link btn" href="https://hol.fi/?page_id=1504">Jatka lukemista</a></p>
