{"id":198,"date":"2013-04-15T20:26:48","date_gmt":"2013-04-15T17:26:48","guid":{"rendered":"http:\/\/historianopiskelijainliitto.com\/?page_id=198"},"modified":"2024-11-27T12:49:04","modified_gmt":"2024-11-27T10:49:04","slug":"edut-hol-tarralla","status":"publish","type":"page","link":"https:\/\/hol.fi\/?page_id=198","title":{"rendered":"J\u00e4senedut Hol-tarralla tarjoavat museot"},"content":{"rendered":"<p style=\"text-align: left;\">Historian Opiskelijain Liiton tarjoamiin j\u00e4senetuihin kuuluu ilmainen sis\u00e4\u00e4np\u00e4\u00e4sy tai alennus moniin yhteisty\u00f6museoihin ymp\u00e4ri Suomea.\u00a0N\u00e4m\u00e4 liiton tarjoamat edut saat k\u00e4ytt\u00f6\u00f6si automaattisesti oman ainej\u00e4rjest\u00f6si j\u00e4senyyden my\u00f6t\u00e4 ja oikeutesi niihin voit osoittaa opiskelijakorttiisi lis\u00e4tt\u00e4v\u00e4ll\u00e4 Holin j\u00e4sentarralla, jonka voit pyyt\u00e4\u00e4 oman ainej\u00e4rjest\u00f6si <strong><a href=\"http:\/\/hol.fi\/?page_id=132\">Hol-vastaavalta<\/a><\/strong>. T\u00e4ll\u00f6in opiskelijakorttiasi vilauttamalla saat ilmaisen tai alennetun sis\u00e4\u00e4np\u00e4\u00e4syn yhteisty\u00f6museoihimme, jotka l\u00f6ytyv\u00e4t listattanu sivun alaosasta.<\/p>\n<h4 style=\"text-align: center;\"><strong>Ilmaisen sis\u00e4\u00e4np\u00e4\u00e4syn tarjoavat museot:\u00a0<\/strong><\/h4>\n<p>Alla olevat museot tarjoavat ilmaisen tai alennetun sis\u00e4\u00e4np\u00e4\u00e4syn Historian Opiskelijain Liiton j\u00e4senille Hol-tarralla. Kannattaa tutustua viel\u00e4 museoihin niiden omilla nettisivuilla, sill\u00e4 sielt\u00e4 l\u00f6yt\u00e4\u00e4 tietoa museoiden aukioloajoista, sek\u00e4 ajankohtaisista n\u00e4yttelyist\u00e4!<\/p>\n<p>Hol-tarran lis\u00e4ksi tulee esitt\u00e4\u00e4 voimassa oleva opiskelijakortti.<\/p>\n<h4>Yhteisty\u00f6museot listattuna paikkakunnittain:<\/h4>\n<p><strong>Helsinki<\/strong><br \/>Tekniikan museo &#8211; ilmainen sis\u00e4\u00e4np\u00e4\u00e4sy Hol-tarralla<br \/>Urheilun ja liikunnan kulttuurikeskus Tahto &#8211; Hol-tarralla sis\u00e4\u00e4np\u00e4\u00e4sy 6,5\u20ac (normaali opiskelijahinta\u00a011\u20ac)<\/p>\n<p><strong>H\u00e4meenlinna<\/strong><br \/>Sotahistoriamuseo Militaria &#8211; ilmainen sis\u00e4\u00e4np\u00e4\u00e4sy Hol-tarralla<\/p>\n<p><strong>Kangasala<\/strong><br \/>Tieliikenteen valtakunnallinen erikoismuseo Mobilia &#8211; Hol-tarralla kaksi henkil\u00f6\u00e4 sis\u00e4\u00e4n yhden hinnalla, toisen ei tarvitse olla opiskelija<\/p>\n<p><strong>Kuopio<\/strong><br \/>Kuopion museo &#8211; ilmainen sis\u00e4\u00e4np\u00e4\u00e4sy Hol-tarralla<br \/>Kuopion korttelimuseo &#8211; ilmainen sis\u00e4\u00e4np\u00e4\u00e4sy Hol-tarralla<\/p>\n<p><strong>Lappeenranta\u00a0<\/strong>\u00a0 \u00a0 \u00a0 \u00a0 \u00a0 \u00a0 \u00a0 \u00a0 \u00a0 \u00a0 \u00a0 \u00a0 \u00a0 \u00a0 \u00a0 \u00a0 \u00a0 \u00a0 \u00a0 \u00a0 \u00a0 \u00a0 \u00a0 \u00a0 \u00a0 \u00a0 \u00a0 \u00a0 \u00a0 \u00a0 \u00a0 \u00a0 \u00a0 \u00a0 \u00a0 \u00a0 \u00a0 \u00a0 \u00a0 \u00a0 \u00a0 \u00a0 \u00a0 \u00a0 \u00a0 \u00a0 \u00a0 \u00a0 \u00a0 \u00a0 \u00a0 \u00a0 \u00a0 \u00a0 \u00a0 \u00a0 \u00a0 \u00a0 \u00a0 \u00a0 \u00a0 \u00a0 \u00a0 \u00a0 \u00a0 \u00a0 \u00a0 \u00a0 \u00a0 \u00a0 \u00a0 \u00a0 \u00a0 \u00a0 \u00a0 \u00a0 \u00a0 \u00a0 \u00a0 \u00a0 \u00a0 \u00a0 \u00a0 \u00a0 \u00a0 \u00a0 \u00a0 \u00a0 \u00a0 \u00a0 \u00a0 \u00a0 \u00a0 \u00a0 \u00a0 \u00a0 \u00a0 \u00a0 \u00a0 \u00a0 \u00a0 \u00a0 \u00a0 \u00a0 \u00a0 Etel\u00e4-Karjalan museo &#8211; ilmainen sis\u00e4\u00e4np\u00e4\u00e4sy Hol-tarralla\u00a0 \u00a0 \u00a0 \u00a0 \u00a0 \u00a0 \u00a0 \u00a0 \u00a0 \u00a0 \u00a0 \u00a0 \u00a0 \u00a0 \u00a0 \u00a0 \u00a0 \u00a0 \u00a0 \u00a0 \u00a0 \u00a0 \u00a0 \u00a0 \u00a0 \u00a0 \u00a0 \u00a0 \u00a0 \u00a0 \u00a0 \u00a0 \u00a0 \u00a0 \u00a0 \u00a0 \u00a0 \u00a0 \u00a0 \u00a0 \u00a0 Lappeenrannan taidemuseo &#8211; ilmainen sis\u00e4\u00e4np\u00e4\u00e4sy Hol-tarralla\u00a0 \u00a0 \u00a0 \u00a0 \u00a0 \u00a0 \u00a0 \u00a0 \u00a0 \u00a0 \u00a0 \u00a0 \u00a0 \u00a0 \u00a0 \u00a0 \u00a0 \u00a0 \u00a0 \u00a0 \u00a0 \u00a0 \u00a0 \u00a0 \u00a0 \u00a0 \u00a0 \u00a0 \u00a0 \u00a0 \u00a0 \u00a0 \u00a0 Ratsuv\u00e4kimuseo &#8211; ilmainen sis\u00e4\u00e4np\u00e4\u00e4sy Hol-tarralla\u00a0 \u00a0 \u00a0 \u00a0 \u00a0 \u00a0 \u00a0 \u00a0 \u00a0 \u00a0 \u00a0 \u00a0 \u00a0 \u00a0 \u00a0 \u00a0 \u00a0 \u00a0 \u00a0 \u00a0 \u00a0 \u00a0 \u00a0 \u00a0 \u00a0 \u00a0 \u00a0 \u00a0 \u00a0 \u00a0 \u00a0 \u00a0 \u00a0 \u00a0 \u00a0 \u00a0 \u00a0 \u00a0 \u00a0 \u00a0 \u00a0 \u00a0 \u00a0 \u00a0 \u00a0 \u00a0 \u00a0 \u00a0 \u00a0 \u00a0 \u00a0 \u00a0 \u00a0 Wolkoffin talomuseo &#8211; ilmainen sis\u00e4\u00e4np\u00e4\u00e4sy Hol-tarralla\u00a0 \u00a0 \u00a0 \u00a0 \u00a0 \u00a0 \u00a0 \u00a0 \u00a0 \u00a0 \u00a0 \u00a0 \u00a0 \u00a0 \u00a0 \u00a0 \u00a0 \u00a0 \u00a0 \u00a0 \u00a0 \u00a0 \u00a0 \u00a0 \u00a0 \u00a0 \u00a0 \u00a0 \u00a0 \u00a0 \u00a0 \u00a0 \u00a0 \u00a0 \u00a0 \u00a0 \u00a0 \u00a0 \u00a0 \u00a0 \u00a0 \u00a0 \u00a0 \u00a0 \u00a0 \u00a0 \u00a0 \u00a0 \u00a0 \u00a0 \u00a0 \u00a0 \u00a0 \u00a0 \u00a0 \u00a0 \u00a0 \u00a0\u00a0<\/p>\n<p><strong>Loimaa<\/strong><br \/>Suomen maatalousmuseo Sarka &#8211; ilmainen sis\u00e4\u00e4np\u00e4\u00e4sy Hol-tarralla<\/p>\n<p><strong>Mikkeli\u00a0<\/strong>\u00a0 \u00a0 \u00a0 \u00a0 \u00a0 \u00a0 \u00a0 \u00a0 \u00a0 \u00a0 \u00a0 \u00a0 \u00a0 \u00a0 \u00a0 \u00a0 \u00a0 \u00a0 \u00a0 \u00a0 \u00a0 \u00a0 \u00a0 \u00a0 \u00a0 \u00a0 \u00a0 \u00a0 \u00a0 \u00a0 \u00a0 \u00a0 \u00a0 \u00a0 \u00a0 \u00a0 \u00a0 \u00a0 \u00a0 \u00a0 \u00a0 \u00a0 \u00a0 \u00a0 \u00a0 \u00a0 \u00a0 \u00a0 \u00a0 \u00a0 \u00a0 \u00a0 \u00a0 \u00a0 \u00a0 \u00a0 \u00a0 \u00a0 \u00a0 \u00a0 \u00a0 \u00a0 \u00a0 \u00a0 \u00a0 \u00a0 \u00a0 \u00a0 \u00a0 \u00a0 \u00a0 \u00a0 \u00a0 \u00a0 \u00a0 \u00a0 \u00a0 \u00a0 \u00a0 \u00a0 \u00a0 \u00a0 \u00a0 \u00a0 \u00a0 \u00a0 \u00a0 \u00a0 \u00a0 \u00a0 \u00a0 \u00a0 \u00a0 \u00a0 \u00a0 \u00a0 \u00a0 \u00a0 \u00a0 \u00a0 \u00a0 \u00a0 \u00a0 \u00a0 \u00a0 \u00a0 \u00a0 \u00a0 \u00a0 \u00a0 \u00a0 \u00a0 Sodan ja rauhan keskus Muisti &#8211; ilmainen sis\u00e4\u00e4np\u00e4\u00e4sy Hol-tarralla (museon puolesta toivottaisiin, ett\u00e4 etua hy\u00f6dynt\u00e4v\u00e4t opiskelijat mainitsisivat vierailustaan somessa, esimerkiksi IG Stories, k\u00e4ytt\u00e4en hashtageja #muistimme #mikkeli, <em>t\u00e4m\u00e4 ei kuitenkaan ole pakollista edun k\u00e4ytt\u00e4miseksi)<\/em><\/p>\n<p><strong>Sein\u00e4joki<\/strong><br \/>Etel\u00e4-Pohjanmaan museo &#8211; ilmainen sis\u00e4\u00e4np\u00e4\u00e4sy Hol-tarralla<br \/>Suojeluskunta- ja lottamuseo &#8211; ilmainen sis\u00e4\u00e4np\u00e4\u00e4sy Hol-tarralla<\/p>\n<p><strong>Tampere<\/strong><br \/>Vuoden kev\u00e4\u00e4ll\u00e4 2025 aukeavaan Id\u00e4nsuhteiden museo Noottiin &#8211; ilmainen sis\u00e4\u00e4np\u00e4\u00e4sy Hol-tarralla<\/p>\n<p><strong>Turku<\/strong><br \/>Turun museokeskuksen museoista Turun linna, Luostarinm\u00e4ki, Aboa Vetus Ars Nova, ja Apteekkimuseo ja Qwenselin talo &#8211; ilmainen sis\u00e4\u00e4np\u00e4\u00e4sy Hol-tarralla<br \/>Sibelius-museo &#8211; sis\u00e4\u00e4np\u00e4\u00e4symaksu Hol-tarralla 2,5 \u20ac, normaali opiskelijahinta 5 \u20ac<\/p>\n<p><strong>Uusikaupunki<\/strong><br \/>Wahlbergin museotalo &#8211; ilmainen sis\u00e4\u00e4np\u00e4\u00e4sy Hol-tarralla<\/p>\n<p><strong>Vaasa<\/strong><br \/>Pohjanmaan museo &#8211; ilmainen sis\u00e4\u00e4np\u00e4\u00e4sy Hol-tarralla<\/p>\n<p><strong>Valkeakoski<\/strong><br \/>Kauppilanm\u00e4en museo &#8211; ilmainen sis\u00e4\u00e4np\u00e4\u00e4sy Hol-tarralla<\/p>\n<p><strong>Vantaa<\/strong><br \/>Suomen ilmailumuseo &#8211; sis\u00e4\u00e4np\u00e4\u00e4symaksu Hol-tarralla 5 \u20ac. Lis\u00e4ksi vuoden 2024 loppuun asti -10 % museokaupan ja kahvilan tuotteista, pl. postimerkit ja alkoholi.<\/p>\n<p><strong>\u00c4\u00e4nekoski<\/strong><br \/>\u00c4\u00e4nekosken taidemuseo &#8211; ilmainen sis\u00e4\u00e4np\u00e4\u00e4sy Hol-tarralla<\/p>\n<p><strong>Riihim\u00e4ki<\/strong><br \/>Suomen mets\u00e4stysmuseo &#8211; ilmainen sis\u00e4\u00e4np\u00e4\u00e4sy Hol-tarralla<\/p>\n<p><strong>Hattula (Parola)<\/strong><br \/>Panssarimuseo &#8211; ilmainen sis\u00e4\u00e4np\u00e4\u00e4sy Hol-tarralla. Museolta pyydet\u00e4\u00e4n, ett\u00e4 etua hy\u00f6dynt\u00e4v\u00e4t opiskelijat mainitsisivat vierailustaan somessa, esimerkiksi IG (stories tai julkaisu), Facebook, TikTok, k\u00e4ytt\u00e4en hashtagia #panssarimuseo. T\u00e4m\u00e4 ei kuitenkaan ole pakollista edun k\u00e4ytt\u00e4miseksi<\/p>\n<p>\u00a0<\/p>\n<p style=\"text-align: left;\">Yleisesti Holin hallitus toivoisi, ett\u00e4 ihmiset museoissa k\u00e4ydess\u00e4\u00e4n mainitsisivat siit\u00e4 l\u00e4hipiirilleen tai esimerkiksi sosiaalisessa mediassa. N\u00e4in saisimme yll\u00e4pidetty\u00e4 Suomen museokulttuuria ja mahdollistettua eri museoille uusia k\u00e4vij\u00f6it\u00e4!<\/p>\n<p><a href=\"https:\/\/museot.fi\/museohaku\/\"><img loading=\"lazy\" decoding=\"async\" class=\"size-full wp-image-2665 aligncenter\" src=\"http:\/\/hol.fi\/wp-content\/uploads\/2018\/09\/museokortti-kesa2018-2.jpg\" alt=\"\" width=\"936\" height=\"527\" srcset=\"https:\/\/hol.fi\/wp-content\/uploads\/2018\/09\/museokortti-kesa2018-2.jpg 936w, https:\/\/hol.fi\/wp-content\/uploads\/2018\/09\/museokortti-kesa2018-2-300x169.jpg 300w, https:\/\/hol.fi\/wp-content\/uploads\/2018\/09\/museokortti-kesa2018-2-768x432.jpg 768w\" sizes=\"(max-width: 936px) 100vw, 936px\" \/><\/a><\/p>\n<p style=\"text-align: center;\"><em>Tutustu my\u00f6s <a href=\"https:\/\/museot.fi\/museokortti\">Museot.fi<\/a> sivujen kautta muihin Suomen museoihin, joista suurin osa tarjoaa opiskelijoille alennuksia palveluistaan\u00a0<\/em><\/p>\n\n\n<p><\/p>\n\n\n\n<p><\/p>\n","protected":false},"excerpt":{"rendered":"<p>Historian Opiskelijain Liiton tarjoamiin j\u00e4senetuihin kuuluu ilmainen sis\u00e4\u00e4np\u00e4\u00e4sy tai alennus moniin yhteisty\u00f6museoihin ymp\u00e4ri Suomea.\u00a0N\u00e4m\u00e4 liiton tarjoamat edut saat k\u00e4ytt\u00f6\u00f6si automaattisesti oman ainej\u00e4rjest\u00f6si j\u00e4senyyden my\u00f6t\u00e4 ja oikeutesi niihin voit osoittaa opiskelijakorttiisi lis\u00e4tt\u00e4v\u00e4ll\u00e4 Holin j\u00e4sentarralla, jonka voit pyyt\u00e4\u00e4 oman ainej\u00e4rjest\u00f6si Hol-vastaavalta. T\u00e4ll\u00f6in opiskelijakorttiasi vilauttamalla saat ilmaisen tai alennetun sis\u00e4\u00e4np\u00e4\u00e4syn yhteisty\u00f6museoihimme, jotka l\u00f6ytyv\u00e4t listattanu sivun alaosasta. Ilmaisen sis\u00e4\u00e4np\u00e4\u00e4syn &hellip; <\/p>\n<p><a class=\"more-link btn\" href=\"https:\/\/hol.fi\/?page_id=198\">Jatka lukemista<\/a><\/p>\n","protected":false},"author":1,"featured_media":0,"parent":68,"menu_order":0,"comment_status":"closed","ping_status":"closed","template":"","meta":{"footnotes":""},"_links":{"self":[{"href":"https:\/\/hol.fi\/index.php?rest_route=\/wp\/v2\/pages\/198"}],"collection":[{"href":"https:\/\/hol.fi\/index.php?rest_route=\/wp\/v2\/pages"}],"about":[{"href":"https:\/\/hol.fi\/index.php?rest_route=\/wp\/v2\/types\/page"}],"author":[{"embeddable":true,"href":"https:\/\/hol.fi\/index.php?rest_route=\/wp\/v2\/users\/1"}],"replies":[{"embeddable":true,"href":"https:\/\/hol.fi\/index.php?rest_route=%2Fwp%2Fv2%2Fcomments&post=198"}],"version-history":[{"count":137,"href":"https:\/\/hol.fi\/index.php?rest_route=\/wp\/v2\/pages\/198\/revisions"}],"predecessor-version":[{"id":44666,"href":"https:\/\/hol.fi\/index.php?rest_route=\/wp\/v2\/pages\/198\/revisions\/44666"}],"up":[{"embeddable":true,"href":"https:\/\/hol.fi\/index.php?rest_route=\/wp\/v2\/pages\/68"}],"wp:attachment":[{"href":"https:\/\/hol.fi\/index.php?rest_route=%2Fwp%2Fv2%2Fmedia&parent=198"}],"curies":[{"name":"wp","href":"https:\/\/api.w.org\/{rel}","templated":true}]}}