{"id":211,"date":"2013-04-16T14:24:18","date_gmt":"2013-04-16T11:24:18","guid":{"rendered":"http:\/\/historianopiskelijainliitto.com\/?page_id=211"},"modified":"2013-04-21T13:44:06","modified_gmt":"2013-04-21T10:44:06","slug":"toissa-kelalla","status":"publish","type":"page","link":"https:\/\/hol.fi\/?page_id=211","title":{"rendered":"Kela"},"content":{"rendered":"<p align=\"JUSTIFY\"><span style=\"color: #000000;\">Olen k\u00e4ynyt sangen mielenkiintoisen uramatkan historian opinnot suorittaneesta humanistista Kelan suunnittelijaksi. Tunnustan, ett\u00e4 opintojeni alussa en varmastikaan miettinyt nykyist\u00e4 ty\u00f6paikkaani potentiaalisena vaihtoehtona. Nyt olen kuitenkin ainoastaan tyytyv\u00e4inen urakehitykseni vaiheeseen. Valmistuin vuonna 1999 Humanististen tieteiden kandidaatiksi ja vuonna 2008 sek\u00e4 historian tutkijaksi ett\u00e4 historian ja yhteiskuntaopin opettajaksi Turun yliopistosta. Opiskeluaikanani vahvistin historian- ja opettajan pedagogisia opintojani valtio-opilla, sosiologialla, oikeustieteell\u00e4, taloustieteell\u00e4 ja viestinn\u00e4ll\u00e4. Opintokokonaisuuteni tarjosikin sangen kattavan katsauksen menneisyyden ohella nykyp\u00e4iv\u00e4n maailmaamme sek\u00e4 tulevaisuuteen historian opintoihin kuuluvan tulevaisuuden tutkimuksen kautta.. Valmistumiseni j\u00e4lkeen olen p\u00e4ivitt\u00e4nyt edelleen osaamistani suorittamalla Turun Kauppakorkeakoulun ja Turun yliopiston yhdess\u00e4 suunnitteleman Projektijohtamisen kurssin. N\u00e4in j\u00e4lkik\u00e4teen mietittyn\u00e4, voin vain onnitella itse\u00e4ni onnistuneista kurssi- ja kokonaisuusvalinnoista.<\/span><\/p>\n<p align=\"JUSTIFY\"><span style=\"color: #000000;\">Jo opiskeluaikanani olin hyvin urasuuntautunut. HuK-tutkinnon j\u00e4lkeen ty\u00f6skentelin Turun yliopiston humanistisessa tiedekunnassa opinto-ohjaajana. Ohjattavien kirjo tarjosi kattavan l\u00e4pileikkauksen moderniin suomalaiseen, hyvin heterogeeniseen yhteiskuntaan. Nautin ty\u00f6skentelyst\u00e4 monipuolisessa ja ihmisl\u00e4heisiss\u00e4 ty\u00f6teht\u00e4viss\u00e4. Opinto-ohjaajan pestini ohjasikin vahvasti valmistumisen j\u00e4lkeist\u00e4 ty\u00f6uraani. Opintojeni j\u00e4lkeen olen edennyt jatkuvasti yh\u00e4 haasteellisempiin teht\u00e4viin. Opinto-ohjaajan ty\u00f6n j\u00e4lkeen vietin pari vuotta ulkomailla mieheni ty\u00f6komennuksen vuoksi. Suomeen palattuamme ty\u00f6skentelin projektisihteerin\u00e4 MS-liiton hallinnoimassa <i>10 kirjaa ja papukaijamerkki<\/i> -projektissa. Projektin tavoitteena oli lis\u00e4t\u00e4 suvaitsevaisuutta ja toiseuden ymm\u00e4rryst\u00e4 alaluokkalaisten keskuudessa.<\/span><\/p>\n<p align=\"JUSTIFY\"><span style=\"color: #000000;\">Olen huomannut, ett\u00e4 keskeist\u00e4 ty\u00f6uran kehittymiselle on jatkuva tietotaitojen p\u00e4ivitt\u00e4minen kouluttautumalla. Ty\u00f6urani kakkosvaiheessa osaamisalueekseni muodostui aikuisik\u00e4\u00e4n ehtineiden vammaisten ty\u00f6llist\u00e4minen ja ty\u00f6yhteis\u00f6jen monimuotoisuuden ja -arvoisuuden lis\u00e4\u00e4minen. Yhteiskuntamme haastavimmille j\u00e4senille suunnatut <i>Sis\u00e4\u00e4nheitto ty\u00f6el\u00e4m\u00e4\u00e4n<\/i> ja <i>V\u00e4h\u00e4n mutta v\u00e4ltt\u00e4m\u00e4tt\u00e4<\/i> -projektit vahvistivat ja p\u00e4ivittiv\u00e4t henkil\u00f6kohtaisen\/r\u00e4\u00e4t\u00e4l\u00f6idyn ohjauksen osaamistani. Toimin molemmissa projekteissa esimiesteht\u00e4viss\u00e4. Ko. projektit ovat koulineet taitojani arvioida kohderyhmiin kuuluvien henkil\u00f6iden tieto-taitotasoja, l\u00e4ht\u00f6tasoja sek\u00e4 heid\u00e4n vahvuuksia ja heikkouksia. Projektip\u00e4\u00e4llikk\u00f6n\u00e4 Asumispalvelus\u00e4\u00e4ti\u00f6n (ASPA) <i>V\u00e4h\u00e4n mutta v\u00e4ltt\u00e4m\u00e4tt\u00e4 <\/i>-projektissa p\u00e4ivitin osaamistani tuotekehitt\u00e4j\u00e4n erikoisammattitutkinto -opinnoilla.<\/span><\/p>\n<p align=\"JUSTIFY\"><span style=\"color: #000000;\">Kev\u00e4\u00e4ll\u00e4 2010 siirryin j\u00e4rjest\u00f6- ja s\u00e4\u00e4ti\u00f6teht\u00e4vist\u00e4 sosiaalivakuutussektorille. T\u00e4ll\u00e4 hetkell\u00e4 ty\u00f6skentelen Kelan keskushallinnossa Terveysosaston kuntoutusryhm\u00e4ss\u00e4 suunnittelijana. Toimisektorinani on kuntoutus ja teht\u00e4v\u00e4n\u00e4ni on vaikeavammaisten l\u00e4\u00e4kinn\u00e4llisen kuntoutuksen suunnittelu ja kehitt\u00e4minen VAKE-hankkeessa. Lis\u00e4ksi minut valittiin juuri KYKY2-hankkeen ohjausryhm\u00e4\u00e4n ja toiseen alaryhm\u00e4\u00e4n suunnittelijaksi. Nykyisess\u00e4 ty\u00f6ss\u00e4ni pystyn hy\u00f6dynt\u00e4m\u00e4\u00e4n peruskoulutukseni (FM) tarjoamia oppeja. Esimerkiksi opettajakoulutustaustani on antanut hyv\u00e4t ev\u00e4\u00e4t esiintymiseen ja kouluttamiseen. Joudun p\u00e4ivitt\u00e4in miettim\u00e4\u00e4n asioita lains\u00e4\u00e4d\u00e4nn\u00f6n kannalta. Teen my\u00f6s erilaisia kehitt\u00e4mishanke- ja tutkimussopimuksia sek\u00e4 budjetteja. Suunnittelen Kelan omien tutkijoiden ja ulkopuolisten tutkijoiden kanssa kehitt\u00e4mishankkeisiin liittyvien tutkimusten sis\u00e4lt\u00f6\u00e4 ja aikatauluja. Tuloksista kirjoitetaan yhteisty\u00f6ss\u00e4 julkaisuja. Lis\u00e4ksi teen laajaa sidosryhm\u00e4yhteisty\u00f6t\u00e4 ja huolehdin sek\u00e4 sis\u00e4isest\u00e4 ett\u00e4 ulkoisesta viestinn\u00e4st\u00e4.<\/span><\/p>\n<p align=\"JUSTIFY\"><span style=\"color: #000000;\">Koen aikaisemmasta j\u00e4rjest\u00f6taustastani olevan paljon hy\u00f6ty\u00e4 nykyisess\u00e4 ty\u00f6ss\u00e4ni. Olen ollut Turun yliopiston ylioppilaskunnan edustajistossa ja sen ty\u00f6ryhmiss\u00e4, Turun historian opiskelijoiden Kritiikki ry:ss\u00e4 sek\u00e4 vammaisj\u00e4rjest\u00f6jen hallituksissa ja toimikunnissa. Kuitenkin, kuten aikaisemmissakin teht\u00e4viss\u00e4ni, ty\u00f6 edellytt\u00e4\u00e4 tekij\u00e4lt\u00e4\u00e4n jatkuvaa tietojen ja taitojen p\u00e4ivitt\u00e4mist\u00e4. Nautin monipuolisesta ja palkitsevasta ty\u00f6paikastani, jossa on mahdollisuus edet\u00e4 uralla eteenp\u00e4in.<\/span><\/p>\n","protected":false},"excerpt":{"rendered":"<p>Olen k\u00e4ynyt sangen mielenkiintoisen uramatkan historian opinnot suorittaneesta humanistista Kelan suunnittelijaksi. Tunnustan, ett\u00e4 opintojeni alussa en varmastikaan miettinyt nykyist\u00e4 ty\u00f6paikkaani potentiaalisena vaihtoehtona. Nyt olen kuitenkin ainoastaan tyytyv\u00e4inen urakehitykseni vaiheeseen. Valmistuin vuonna 1999 Humanististen tieteiden kandidaatiksi ja vuonna 2008 sek\u00e4 historian tutkijaksi ett\u00e4 historian ja yhteiskuntaopin opettajaksi Turun yliopistosta. Opiskeluaikanani vahvistin historian- ja opettajan pedagogisia opintojani &hellip; <\/p>\n<p><a class=\"more-link btn\" href=\"https:\/\/hol.fi\/?page_id=211\">Jatka lukemista<\/a><\/p>\n","protected":false},"author":1,"featured_media":0,"parent":192,"menu_order":0,"comment_status":"closed","ping_status":"closed","template":"","meta":{"footnotes":""},"_links":{"self":[{"href":"https:\/\/hol.fi\/index.php?rest_route=\/wp\/v2\/pages\/211"}],"collection":[{"href":"https:\/\/hol.fi\/index.php?rest_route=\/wp\/v2\/pages"}],"about":[{"href":"https:\/\/hol.fi\/index.php?rest_route=\/wp\/v2\/types\/page"}],"author":[{"embeddable":true,"href":"https:\/\/hol.fi\/index.php?rest_route=\/wp\/v2\/users\/1"}],"replies":[{"embeddable":true,"href":"https:\/\/hol.fi\/index.php?rest_route=%2Fwp%2Fv2%2Fcomments&post=211"}],"version-history":[{"count":5,"href":"https:\/\/hol.fi\/index.php?rest_route=\/wp\/v2\/pages\/211\/revisions"}],"predecessor-version":[{"id":584,"href":"https:\/\/hol.fi\/index.php?rest_route=\/wp\/v2\/pages\/211\/revisions\/584"}],"up":[{"embeddable":true,"href":"https:\/\/hol.fi\/index.php?rest_route=\/wp\/v2\/pages\/192"}],"wp:attachment":[{"href":"https:\/\/hol.fi\/index.php?rest_route=%2Fwp%2Fv2%2Fmedia&parent=211"}],"curies":[{"name":"wp","href":"https:\/\/api.w.org\/{rel}","templated":true}]}}