{"id":220,"date":"2013-04-16T14:29:15","date_gmt":"2013-04-16T11:29:15","guid":{"rendered":"http:\/\/historianopiskelijainliitto.com\/?page_id=220"},"modified":"2013-04-21T13:44:17","modified_gmt":"2013-04-21T10:44:17","slug":"ulkoministerio","status":"publish","type":"page","link":"https:\/\/hol.fi\/?page_id=220","title":{"rendered":"Ulkoministeri\u00f6"},"content":{"rendered":"<p align=\"JUSTIFY\"><span style=\"color: #000000;\">Ty\u00f6skentelen ulkoasiainministeri\u00f6ss\u00e4 neuvonantajana kehityspoliittisella osastolla. Erikoisalani on hankinta- ja hankehallinto, eli k\u00e4yt\u00e4nn\u00f6ss\u00e4 ohjeistan, koulutan ja neuvon kehitysyhteisty\u00f6varoin teht\u00e4viss\u00e4 julkisissa hankinnoissa, jotka liittyv\u00e4t asiantuntijapalveluiden hankintaprosesseihin. Esimerkiksi vuonna 2009 kehitysyhteisty\u00f6varoin tehtiin palveluhankintoja noin 62 miljoonalla eurolla, joilla on ostettu asiantuntijapalveluita kehitysyhteisty\u00f6hankkeisiin.<\/span><\/p>\n<p align=\"JUSTIFY\"><span style=\"color: #000000;\">Monesti minulta kysell\u00e4\u00e4n, ett\u00e4 mink\u00e4lainen taustakoulutus minulla t\u00e4h\u00e4n sangen monialaiseen teht\u00e4v\u00e4kentt\u00e4\u00e4n on ja p\u00e4\u00e4s\u00e4\u00e4nt\u00f6isesti kysyj\u00e4t yll\u00e4ttyv\u00e4t, kun kerron p\u00e4\u00e4aineeni olleen Suomen historia ja sivuaineina minulla on ollut yleinen historia, kirjallisuus, museologia ja valtio-oppi. My\u00f6s usein yll\u00e4tt\u00e4\u00e4, kun kerron, ett\u00e4 en ole k\u00e4ynyt lainkaan lukiota, vaikka minulla on ylempi korkeakoulututkinto.<\/span><\/p>\n<p align=\"JUSTIFY\"><span style=\"color: #000000;\">Olen syntynyt vuonna 1971, mutta uratarinani l\u00e4htee k\u00e4yt\u00e4nn\u00f6ss\u00e4 jo peruskoulun j\u00e4lkeen, kun lukion sijasta l\u00e4hdin kauppaoppilaitokseen, jossa kolmen vuoden opintojen j\u00e4lkeen valmistuin laskentatoimen merkonomiksi. Kauppaoppilaitoksen j\u00e4lkeen olin vuoden ty\u00f6el\u00e4m\u00e4ss\u00e4, jonka aikana k\u00e4vin kirjoittamassa itseni ylioppilaaksi iltalukiosta. Opistotasoisen tutkinnon my\u00f6t\u00e4, ylioppilaskirjoituksiin on mahdollista osallistua. Osallistuin iltalukion viimeisiin kursseihin ja kirjoituksiin ja kirjoitin ylioppilaaksi vuonna 1991 ja olin samalla t\u00f6iss\u00e4 ensin pelinhoitajana eli ruletin py\u00f6ritt\u00e4j\u00e4n\u00e4 ravintoloissa ja suurimman osan aikaa toimistoty\u00f6ntekij\u00e4n\u00e4 Hollolan kunnalla. Kaikenkaikkiaan varsinkin 90-luvun alussa ammatillisen tutkinnon ja lukion samanaikaisia suorittajia oli eritt\u00e4in v\u00e4h\u00e4n.<\/span><\/p>\n<p align=\"JUSTIFY\"><span style=\"color: #000000;\">Varusmiespalveluksen suoritin vuosina 1991-1992, sis\u00e4lt\u00e4en reserviupseerikurssin. Varusmiespalveluksen j\u00e4lkeen olin vuoden verran puolustusvoimien v\u00e4liaikaisessa virassa Helsingiss\u00e4. T\u00e4m\u00e4n j\u00e4lkeen alkoi puolitoista vuotta pitk\u00e4 ty\u00f6tt\u00f6myyskausi, joka p\u00e4\u00e4ttyi kouluavustajateht\u00e4v\u00e4\u00e4n Hollolan kunnassa. Totesin lamavuosien my\u00f6t\u00e4, ett\u00e4 ty\u00f6llistyminen ammatillisella tutkinnolla on eritt\u00e4in vaikeaa, joten pyrin ensimm\u00e4isen kerran aloittamaan yliopisto-opinnot 23-vuotiaana vuonna 1994, mutta vasta toinen yritys johti tulokseen ja aloitin yliopisto-opinnot 24-vuotiaana vuonna 1995 Jyv\u00e4skyl\u00e4n yliopiston historian laitoksella.<\/span><\/p>\n<p align=\"JUSTIFY\"><span style=\"color: #000000;\">Opintoihin liittyv\u00e4t kes\u00e4t ty\u00f6skentelin kirkko-oppaana, mutta vuonna 1998 hakeuduin rauhanturvateht\u00e4viin UNIFIL-operaatioon, joka minun osaltani kesti puolitoista vuotta ja kotiuduin kapteenin palvelusarvossa. Ty\u00f6skentelin UNIFIL:n operaatiokeskuksessa oman ty\u00f6paikkani ainoana suomalaisena ja kyseess\u00e4 oli er\u00e4\u00e4nlainen alueh\u00e4lytyskeskus, josta johdettiin YK-sotilasoperaatioita Libanonissa ja suoritettiin p\u00e4ivitt\u00e4inen raportointi New Yorkiin.<\/span><\/p>\n<p align=\"JUSTIFY\"><span style=\"color: #000000;\">Palasin Suomeen rauhanturvateht\u00e4vist\u00e4 ja saatoin maisterin opintoni p\u00e4\u00e4t\u00f6kseen vuonna 2001. Valmistumisen j\u00e4lkeisen ty\u00f6tt\u00f6myyskauden j\u00e4lkeen l\u00e4hdin uudelleen kapteenin palvelusarvossa Kosovon KFOR-operaatioon rauhanturvaamisteht\u00e4viin, t\u00e4ll\u00e4 kertaa teht\u00e4v\u00e4ni oli l\u00e4hinn\u00e4 turvallisuuspolitiikan tutkijana. T\u00e4m\u00e4 teht\u00e4v\u00e4 keskeytyi v\u00e4h\u00e4n ennen t\u00e4yden vuoden t\u00e4yttymist\u00e4, sill\u00e4 olin huomannut Helsingin Sanomissa ilmoituksen erikoistutkijan virkasuhteesta puolustusministeri\u00f6ss\u00e4, jonka teht\u00e4v\u00e4n saamisen perusteena oli l\u00e4hinn\u00e4 hyvin suoritettu k\u00e4yt\u00e4nn\u00f6n ty\u00f6kokemus puolustushallinnon erilaisissa kansainv\u00e4lisiss\u00e4 teht\u00e4viss\u00e4.<\/span><\/p>\n<p align=\"JUSTIFY\"><span style=\"color: #000000;\">Ty\u00f6skentelin noin vuoden erikoistutkijana puolustusministeri\u00f6ss\u00e4, jossa tutkittiin tilaaja-tuottajamalleja, sek\u00e4 mahdollisuuksia edet\u00e4 toimintamallissa, jossa puolustusvoimat muutettaisiin tukipalvelujen tuottajasta (eli korjaamo ja muonitushuoltopalvelut) palvelujen tilaajaksi. Puolustusministeri\u00f6ss\u00e4 teht\u00e4v\u00e4ni oli m\u00e4\u00e4r\u00e4aikainen, jonka j\u00e4lkeen olin j\u00e4lleen ty\u00f6tt\u00f6m\u00e4n\u00e4, t\u00e4ll\u00f6in opiskelin, koska ty\u00f6voimaviranomaiset sallivat approbatur-tasoiset opinnot, niin suoritin Aikuiskasvatuksen ja kasvatustieteen perusopinnot.<\/span><\/p>\n<p align=\"JUSTIFY\"><span style=\"color: #000000;\">Jatkoin aktiivista ty\u00f6nhakua ja sain lopulta vakinaisen viran puolustusvoimista ja teht\u00e4v\u00e4 oli kaupallinen sihteeri Puolustusvoimien Materiaalilaitoksen Esikunnassa Tampereella. Kaupallisena sihteerin\u00e4 olin vastuussa tarjouskilpailujen toimeenpanosta puolustusvoimien suojeluun ja liikkuvuuteen, sek\u00e4 tietotekniikkaan liittyviss\u00e4 hankkeissa. K\u00e4yt\u00e4nn\u00f6ss\u00e4 teht\u00e4v\u00e4 edellytti perehtymist\u00e4 syv\u00e4llisesti julkisia hankintoja m\u00e4\u00e4rittelev\u00e4\u00e4n lains\u00e4\u00e4d\u00e4nt\u00f6\u00f6n ja oikeusk\u00e4yt\u00e4nt\u00f6\u00f6n.<\/span><\/p>\n<p align=\"JUSTIFY\"><span style=\"color: #000000;\">Ty\u00f6skennelty\u00e4ni muutaman vuoden puolustusvoimissa, huomasin Helsingin Sanomissa ilmoituksen, ett\u00e4 ulkoasiainministeri\u00f6 etsii neuvonantajan kolmivuotiseen m\u00e4\u00e4r\u00e4aikaiseen teht\u00e4v\u00e4\u00e4n henkil\u00f6\u00e4, joka on perehtynyt julkisiin hankintoihin. Pohdin tovin, ett\u00e4 kannattaako vakinaisesta virasta irtisanoutua kolmivuotisen m\u00e4\u00e4r\u00e4aikaisuuden takia, mutta ajattelin ottaa riskin ja irtisanouduin puolustusvoimista saatuani kolmivuotisen m\u00e4\u00e4r\u00e4aikaisuuden ulkoasiainministeri\u00f6st\u00e4 vuonna 2005 marraskuussa.<\/span><\/p>\n<p align=\"JUSTIFY\"><span style=\"color: #000000;\">Ulkoasiainministeri\u00f6ss\u00e4 minut vakinaistettiin puolentoista vuoden j\u00e4lkeen ja olen nyt ty\u00f6skennellyt useita vuosia julkisten hankintojen parissa, painottuen nimenomaan kehitysyhteisty\u00f6h\u00f6n liittyvien asiantuntijapalveluiden hankintaan. Teht\u00e4v\u00e4 on eritt\u00e4in kansainv\u00e4linen ja edellytt\u00e4\u00e4 s\u00e4\u00e4nn\u00f6llist\u00e4 matkustamista kehitysmaakohteisiin Afrikkaan, Latinalaiseen Amerikkaan ja Aasiaan niin kansainv\u00e4lisen yhteisty\u00f6n, kuin ulkoasiainhallinnon henkil\u00f6st\u00f6n kouluttamisen osalta. Nykyisess\u00e4 teht\u00e4v\u00e4ss\u00e4 ollessani olen avioitunut ja saanut tytt\u00e4ren, varsinkin tytt\u00e4ren osalta olen syntym\u00e4n aikaan v\u00e4ltt\u00e4nyt matkustamista sek\u00e4 olen pit\u00e4nyt t\u00e4ysim\u00e4\u00e4r\u00e4isen\u00e4 niin isyyslomani kuin tulen pit\u00e4m\u00e4\u00e4n kuusiviikkoisen is\u00e4kuukauden.<\/span><\/p>\n<p align=\"JUSTIFY\"><span style=\"color: #000000;\">Oleellinen tekij\u00e4 oman urakehitykseni kannalta on ollut, ett\u00e4 olen yhdist\u00e4nyt selke\u00e4\u00e4 mielenkiinnon kohdettani (opiskelujen osalta historia ja urakysymysten osalta kansainv\u00e4liset teht\u00e4v\u00e4t), mutta en ole halveksinut ty\u00f6teht\u00e4vien osalta v\u00e4hempiarvoisempiakaan vaihtoehtojen ollessa v\u00e4hiss\u00e4. Samoin en ole tehnyt liian tiukkoja alueellisia rajoituksia ty\u00f6nhaun kohteelle, vaan olen aidosti hakenut ty\u00f6t\u00e4 hyvin monesta kohteesta eri puolilta Suomea. Hakemuksia on tullut tehty\u00e4 paljon ja joskus olen p\u00e4\u00e4ssyt ty\u00f6haastatteluunkin, mutta lopulta se sinnikkyys on hy\u00f6dyksi ja jostain v\u00e4list\u00e4 on saanut ty\u00f6paikankin. Ja vuosien edetess\u00e4, jos jokin urasuunnitelma tai hakemukset johonkin suuntaan eiv\u00e4t johda tulokseen, niin olen my\u00f6s lopettanut turhan yrityksen ja pyrkinyt opiskelulla ja realistisin tilanteenarvioin menem\u00e4\u00e4n eteenp\u00e4in sitten johonkin t\u00e4ysin uusiin tavoitteisiin.<\/span><\/p>\n<p><span style=\"color: #000000;\">\u00a0<\/span><\/p>\n","protected":false},"excerpt":{"rendered":"<p>Ty\u00f6skentelen ulkoasiainministeri\u00f6ss\u00e4 neuvonantajana kehityspoliittisella osastolla. Erikoisalani on hankinta- ja hankehallinto, eli k\u00e4yt\u00e4nn\u00f6ss\u00e4 ohjeistan, koulutan ja neuvon kehitysyhteisty\u00f6varoin teht\u00e4viss\u00e4 julkisissa hankinnoissa, jotka liittyv\u00e4t asiantuntijapalveluiden hankintaprosesseihin. Esimerkiksi vuonna 2009 kehitysyhteisty\u00f6varoin tehtiin palveluhankintoja noin 62 miljoonalla eurolla, joilla on ostettu asiantuntijapalveluita kehitysyhteisty\u00f6hankkeisiin. Monesti minulta kysell\u00e4\u00e4n, ett\u00e4 mink\u00e4lainen taustakoulutus minulla t\u00e4h\u00e4n sangen monialaiseen teht\u00e4v\u00e4kentt\u00e4\u00e4n on ja p\u00e4\u00e4s\u00e4\u00e4nt\u00f6isesti kysyj\u00e4t yll\u00e4ttyv\u00e4t, &hellip; <\/p>\n<p><a class=\"more-link btn\" href=\"https:\/\/hol.fi\/?page_id=220\">Jatka lukemista<\/a><\/p>\n","protected":false},"author":1,"featured_media":0,"parent":192,"menu_order":0,"comment_status":"closed","ping_status":"closed","template":"","meta":{"footnotes":""},"_links":{"self":[{"href":"https:\/\/hol.fi\/index.php?rest_route=\/wp\/v2\/pages\/220"}],"collection":[{"href":"https:\/\/hol.fi\/index.php?rest_route=\/wp\/v2\/pages"}],"about":[{"href":"https:\/\/hol.fi\/index.php?rest_route=\/wp\/v2\/types\/page"}],"author":[{"embeddable":true,"href":"https:\/\/hol.fi\/index.php?rest_route=\/wp\/v2\/users\/1"}],"replies":[{"embeddable":true,"href":"https:\/\/hol.fi\/index.php?rest_route=%2Fwp%2Fv2%2Fcomments&post=220"}],"version-history":[{"count":2,"href":"https:\/\/hol.fi\/index.php?rest_route=\/wp\/v2\/pages\/220\/revisions"}],"predecessor-version":[{"id":586,"href":"https:\/\/hol.fi\/index.php?rest_route=\/wp\/v2\/pages\/220\/revisions\/586"}],"up":[{"embeddable":true,"href":"https:\/\/hol.fi\/index.php?rest_route=\/wp\/v2\/pages\/192"}],"wp:attachment":[{"href":"https:\/\/hol.fi\/index.php?rest_route=%2Fwp%2Fv2%2Fmedia&parent=220"}],"curies":[{"name":"wp","href":"https:\/\/api.w.org\/{rel}","templated":true}]}}