{"id":2344,"date":"2018-01-20T12:57:16","date_gmt":"2018-01-20T10:57:16","guid":{"rendered":"http:\/\/hol.fi\/?page_id=2344"},"modified":"2025-10-20T19:15:43","modified_gmt":"2025-10-20T16:15:43","slug":"holkki-lehti","status":"publish","type":"page","link":"https:\/\/hol.fi\/?page_id=2344","title":{"rendered":"Holkki"},"content":{"rendered":"<p><img loading=\"lazy\" decoding=\"async\" class=\"wp-image-2556 alignleft\" src=\"http:\/\/hol.fi\/wp-content\/uploads\/2018\/03\/kamera-300x214.jpg\" alt=\"\" width=\"327\" height=\"233\" srcset=\"https:\/\/hol.fi\/wp-content\/uploads\/2018\/03\/kamera-300x214.jpg 300w, https:\/\/hol.fi\/wp-content\/uploads\/2018\/03\/kamera.jpg 750w\" sizes=\"(max-width: 327px) 100vw, 327px\" \/><\/p>\n<p style=\"text-align: center;\">Historian Opiskelijain Liitto julkaisee omaa j\u00e4senlehte\u00e4\u00e4n nimelt\u00e4 <em>Holkki.\u00a0<\/em>Julkaisu sis\u00e4lt\u00e4\u00e4 aina erilaisia artikkeleita kirjoittajilta ymp\u00e4ri Suomen maata koskien historian opiskelua ,tutkimista ja ty\u00f6el\u00e4m\u00e4\u00e4 niin koti- ja ulkomailla.<\/p>\n<p style=\"text-align: center;\">\u00a0Lehti ilmestyy joka vuosi kaksi kertaa. Suurin osa yhdistyksen historian varrella tehdyist\u00e4 julkaisuista on paperillisessa muodossa l\u00f6ydett\u00e4viss\u00e4 <em>Helsingin yliopiston ylioppilaskunnan <\/em>eli HYYn\u00a0arkistossa, jossa sijaitsee my\u00f6s yhdistyksen muut kirjalliset asiakirjat vuosikymmenten varrelta.<\/p>\n<p style=\"text-align: center;\">Vuodesta 2018 alkaen vuoteen 2022 kaikki uudet lehdet ovat luettavissa yhdistyksen digitaalisen julkaisualusta <em>Issuun<\/em> kautta,<span style=\"color: #0000ff;\"><span style=\"color: #000000;\"><strong><a href=\"https:\/\/issuu.com\/historianopiskelijainliitto\">\u00a0t\u00e4\u00e4lt\u00e4!<\/a><\/strong><\/span><\/span><\/p>\n<p>Vuodesta 2023 l\u00e4htien Holkit julkaistaan suoraan t\u00e4ll\u00e4 sivulla. Uusimpaan Holkkiin p\u00e4\u00e4set k\u00e4siksi alla olevan upotteen kautta, josta voit ladata lehden my\u00f6s omalle laitteellesi. Muut vuodesta 2023 alkaen julkaistut Holkit ovat upotteen alla. Hyperlinkki avaa lehdet uuteen v\u00e4lilehteen. Antoisia lukuhetki\u00e4!<\/p>\n<p>\u00a0<\/p>\n\n\n<div data-wp-interactive=\"\" class=\"wp-block-file\"><object data-wp-bind--hidden=\"!selectors.core.file.hasPdfPreview\" hidden class=\"wp-block-file__embed\" data=\"https:\/\/hol.fi\/wp-content\/uploads\/HOLKKI-NRO-16.pdf\" type=\"application\/pdf\" style=\"width:100%;height:600px\" aria-label=\"Tiedoston HOLKKI-NRO-16 upotus.\"><\/object><a id=\"wp-block-file--media-2bf2fe20-9f3c-49ae-9dfe-b8748803f5b8\" href=\"https:\/\/hol.fi\/wp-content\/uploads\/HOLKKI-NRO-16.pdf\" target=\"_blank\" rel=\"noreferrer noopener\">HOLKKI-NRO-16<\/a><a href=\"https:\/\/hol.fi\/wp-content\/uploads\/HOLKKI-NRO-16.pdf\" class=\"wp-block-file__button wp-element-button\" download aria-describedby=\"wp-block-file--media-2bf2fe20-9f3c-49ae-9dfe-b8748803f5b8\">Lataa<\/a><\/div>\n\n\n\n<div data-wp-interactive=\"\" class=\"wp-block-file\"><object data-wp-bind--hidden=\"!selectors.core.file.hasPdfPreview\" hidden class=\"wp-block-file__embed\" data=\"https:\/\/hol.fi\/wp-content\/uploads\/HOLKKI-NRO-15.pdf\" type=\"application\/pdf\" style=\"width:100%;height:600px\" aria-label=\"Tiedoston HOLKKI-NRO-15 upotus.\"><\/object><a id=\"wp-block-file--media-2bf2fe20-9f3c-49ae-9dfe-b8748803f5b8\" href=\"https:\/\/hol.fi\/wp-content\/uploads\/HOLKKI-NRO-15.pdf\" target=\"_blank\" rel=\"noreferrer noopener\">HOLKKI-NRO-15<\/a><a href=\"https:\/\/hol.fi\/wp-content\/uploads\/HOLKKI-NRO-15.pdf\" class=\"wp-block-file__button wp-element-button\" download aria-describedby=\"wp-block-file--media-2bf2fe20-9f3c-49ae-9dfe-b8748803f5b8\">Lataa<\/a><\/div>\n\n\n\n<div data-wp-interactive=\"\" class=\"wp-block-file\"><object data-wp-bind--hidden=\"!selectors.core.file.hasPdfPreview\" hidden class=\"wp-block-file__embed\" data=\"https:\/\/hol.fi\/wp-content\/uploads\/HOLKKI-NRO-14.pdf\" type=\"application\/pdf\" style=\"width:100%;height:600px\" aria-label=\"Tiedoston HOLKKI-NRO-14 upotus.\"><\/object><a id=\"wp-block-file--media-0a776d2e-8f1f-4bf7-a68c-5d673967ceb0\" href=\"https:\/\/hol.fi\/wp-content\/uploads\/HOLKKI-NRO-14.pdf\" target=\"_blank\" rel=\"noreferrer noopener\">HOLKKI-NRO-14<\/a><a href=\"https:\/\/hol.fi\/wp-content\/uploads\/HOLKKI-NRO-14.pdf\" class=\"wp-block-file__button wp-element-button\" download aria-describedby=\"wp-block-file--media-0a776d2e-8f1f-4bf7-a68c-5d673967ceb0\">Lataa<\/a><\/div>\n\n\n\n<div data-wp-interactive=\"\" class=\"wp-block-file\"><object data-wp-bind--hidden=\"!selectors.core.file.hasPdfPreview\" hidden class=\"wp-block-file__embed\" data=\"https:\/\/hol.fi\/wp-content\/uploads\/HOLKKI-NRO-13.pdf\" type=\"application\/pdf\" style=\"width:100%;height:600px\" aria-label=\"Tiedoston HOLKKI-NRO-13 upotus.\"><\/object><a id=\"wp-block-file--media-65c42f81-5653-4207-8922-16d909c6edde\" href=\"https:\/\/hol.fi\/wp-content\/uploads\/HOLKKI-NRO-13.pdf\" target=\"_blank\" rel=\"noreferrer noopener\">HOLKKI-NRO-13<\/a><a href=\"https:\/\/hol.fi\/wp-content\/uploads\/HOLKKI-NRO-13.pdf\" class=\"wp-block-file__button wp-element-button\" download aria-describedby=\"wp-block-file--media-65c42f81-5653-4207-8922-16d909c6edde\">Lataa<\/a><\/div>\n","protected":false},"excerpt":{"rendered":"<p>Historian Opiskelijain Liitto julkaisee omaa j\u00e4senlehte\u00e4\u00e4n nimelt\u00e4 Holkki.\u00a0Julkaisu sis\u00e4lt\u00e4\u00e4 aina erilaisia artikkeleita kirjoittajilta ymp\u00e4ri Suomen maata koskien historian opiskelua ,tutkimista ja ty\u00f6el\u00e4m\u00e4\u00e4 niin koti- ja ulkomailla. \u00a0Lehti ilmestyy joka vuosi kaksi kertaa. Suurin osa yhdistyksen historian varrella tehdyist\u00e4 julkaisuista on paperillisessa muodossa l\u00f6ydett\u00e4viss\u00e4 Helsingin yliopiston ylioppilaskunnan eli HYYn\u00a0arkistossa, jossa sijaitsee my\u00f6s yhdistyksen muut kirjalliset asiakirjat &hellip; <\/p>\n<p><a class=\"more-link btn\" href=\"https:\/\/hol.fi\/?page_id=2344\">Jatka lukemista<\/a><\/p>\n","protected":false},"author":2,"featured_media":0,"parent":2819,"menu_order":3,"comment_status":"closed","ping_status":"closed","template":"","meta":{"footnotes":""},"_links":{"self":[{"href":"https:\/\/hol.fi\/index.php?rest_route=\/wp\/v2\/pages\/2344"}],"collection":[{"href":"https:\/\/hol.fi\/index.php?rest_route=\/wp\/v2\/pages"}],"about":[{"href":"https:\/\/hol.fi\/index.php?rest_route=\/wp\/v2\/types\/page"}],"author":[{"embeddable":true,"href":"https:\/\/hol.fi\/index.php?rest_route=\/wp\/v2\/users\/2"}],"replies":[{"embeddable":true,"href":"https:\/\/hol.fi\/index.php?rest_route=%2Fwp%2Fv2%2Fcomments&post=2344"}],"version-history":[{"count":17,"href":"https:\/\/hol.fi\/index.php?rest_route=\/wp\/v2\/pages\/2344\/revisions"}],"predecessor-version":[{"id":44723,"href":"https:\/\/hol.fi\/index.php?rest_route=\/wp\/v2\/pages\/2344\/revisions\/44723"}],"up":[{"embeddable":true,"href":"https:\/\/hol.fi\/index.php?rest_route=\/wp\/v2\/pages\/2819"}],"wp:attachment":[{"href":"https:\/\/hol.fi\/index.php?rest_route=%2Fwp%2Fv2%2Fmedia&parent=2344"}],"curies":[{"name":"wp","href":"https:\/\/api.w.org\/{rel}","templated":true}]}}