{"id":2418,"date":"2018-02-21T18:52:44","date_gmt":"2018-02-21T16:52:44","guid":{"rendered":"http:\/\/hol.fi\/?page_id=2418"},"modified":"2018-02-21T18:52:44","modified_gmt":"2018-02-21T16:52:44","slug":"holkki-2","status":"publish","type":"page","link":"https:\/\/hol.fi\/?page_id=2418&lang=sv","title":{"rendered":"Holkki"},"content":{"rendered":"<p style=\"text-align: center;\"><em>Holkki<\/em> \u00e4r en f\u00f6rlagstidning som publicerar tv\u00e5 g\u00e5nger om \u00e5ret, inklusive artiklar om historia.\u00a0Publikationsspr\u00e5k f\u00f6r tidningen \u00e4r finska.\u00a0Alla tidskrifter \u00e4r l\u00e4sbara i digitalt format under den h\u00e4r l\u00e4nken!<\/p>\n<p style=\"text-align: center;\"><img loading=\"lazy\" decoding=\"async\" class=\"aligncenter size-medium wp-image-2414\" src=\"http:\/\/hol.fi\/wp-content\/uploads\/2018\/02\/newspapers-300x200.jpg\" alt=\"\" width=\"300\" height=\"200\" srcset=\"https:\/\/hol.fi\/wp-content\/uploads\/2018\/02\/newspapers-300x200.jpg 300w, https:\/\/hol.fi\/wp-content\/uploads\/2018\/02\/newspapers-768x512.jpg 768w, https:\/\/hol.fi\/wp-content\/uploads\/2018\/02\/newspapers.jpg 960w\" sizes=\"(max-width: 300px) 100vw, 300px\" \/><\/p>\n","protected":false},"excerpt":{"rendered":"<p>Holkki \u00e4r en f\u00f6rlagstidning som publicerar tv\u00e5 g\u00e5nger om \u00e5ret, inklusive artiklar om historia.\u00a0Publikationsspr\u00e5k f\u00f6r tidningen \u00e4r finska.\u00a0Alla tidskrifter \u00e4r l\u00e4sbara i digitalt format under den h\u00e4r l\u00e4nken!<\/p>\n","protected":false},"author":2,"featured_media":0,"parent":0,"menu_order":0,"comment_status":"closed","ping_status":"closed","template":"","meta":{"footnotes":""},"_links":{"self":[{"href":"https:\/\/hol.fi\/index.php?rest_route=\/wp\/v2\/pages\/2418"}],"collection":[{"href":"https:\/\/hol.fi\/index.php?rest_route=\/wp\/v2\/pages"}],"about":[{"href":"https:\/\/hol.fi\/index.php?rest_route=\/wp\/v2\/types\/page"}],"author":[{"embeddable":true,"href":"https:\/\/hol.fi\/index.php?rest_route=\/wp\/v2\/users\/2"}],"replies":[{"embeddable":true,"href":"https:\/\/hol.fi\/index.php?rest_route=%2Fwp%2Fv2%2Fcomments&post=2418"}],"version-history":[{"count":0,"href":"https:\/\/hol.fi\/index.php?rest_route=\/wp\/v2\/pages\/2418\/revisions"}],"wp:attachment":[{"href":"https:\/\/hol.fi\/index.php?rest_route=%2Fwp%2Fv2%2Fmedia&parent=2418"}],"curies":[{"name":"wp","href":"https:\/\/api.w.org\/{rel}","templated":true}]}}