{"id":2819,"date":"2018-10-08T01:29:40","date_gmt":"2018-10-07T22:29:40","guid":{"rendered":"http:\/\/hol.fi\/?page_id=2819"},"modified":"2023-12-14T01:12:26","modified_gmt":"2023-12-13T23:12:26","slug":"holin-mediat","status":"publish","type":"page","link":"https:\/\/hol.fi\/?page_id=2819","title":{"rendered":"Holin mediat"},"content":{"rendered":"<p style=\"text-align: center;\"><em>Historian Opiskelijain Liitton<\/em> t\u00e4rkeimpiin teht\u00e4viin valtakunnallisena etuj\u00e4rjest\u00f6n\u00e4 kuuluu tiedottaminen ja kantaa ottaminen yhteiskunnallisiin asioihin, jotka koskettavat historian opiskelijoita Suomessa. Samalla tiedottamisella Hol yll\u00e4pit\u00e4\u00e4 valtakunnallista tieteellist\u00e4 keskustelua\u00a0 historian alalla.<\/p>\n<p style=\"text-align: center;\">Tiedottamisessa t\u00e4rkeimpin\u00e4 apuv\u00e4linein\u00e4 toimivat Holin yll\u00e4pit\u00e4m\u00e4t erilaiset media-alustat. Niist\u00e4 kaikista pitk\u00e4aikaisin on Holin oma j\u00e4senlehti <em>Holkki<\/em><em>,<\/em>\u00a0joka paperiversiona ilmestyy kaksi kertaa vuodessa Holin seminaarien yhteydess\u00e4. Lehti on kuitenkin kokonaisuudessaan <a href=\"https:\/\/hol.fi\/?page_id=2344\"><strong>luettavissa verkossa<\/strong><\/a> ja osa sen artikkeleista julkaistaan seminaarien j\u00e4lkeen <strong><a href=\"http:\/\/hol.fi\/?page_id=2475\">Holin blogissa<\/a>.\u00a0<\/strong><\/p>\n<p><a href=\"https:\/\/issuu.com\/historianopiskelijainliitto\"><img loading=\"lazy\" decoding=\"async\" class=\"alignnone wp-image-2877\" src=\"http:\/\/hol.fi\/wp-content\/uploads\/2018\/10\/Issuu-hol.png\" alt=\"\" width=\"318\" height=\"200\" srcset=\"https:\/\/hol.fi\/wp-content\/uploads\/2018\/10\/Issuu-hol.png 1077w, https:\/\/hol.fi\/wp-content\/uploads\/2018\/10\/Issuu-hol-300x189.png 300w, https:\/\/hol.fi\/wp-content\/uploads\/2018\/10\/Issuu-hol-768x483.png 768w\" sizes=\"(max-width: 318px) 100vw, 318px\" \/><img loading=\"lazy\" decoding=\"async\" class=\"alignnone wp-image-2881\" src=\"http:\/\/hol.fi\/wp-content\/uploads\/2018\/10\/Holin-etusivu.png\" alt=\"\" width=\"381\" height=\"200\" srcset=\"https:\/\/hol.fi\/wp-content\/uploads\/2018\/10\/Holin-etusivu.png 1173w, https:\/\/hol.fi\/wp-content\/uploads\/2018\/10\/Holin-etusivu-300x157.png 300w, https:\/\/hol.fi\/wp-content\/uploads\/2018\/10\/Holin-etusivu-768x403.png 768w\" sizes=\"(max-width: 381px) 100vw, 381px\" \/><\/a><\/p>\n<p style=\"text-align: center;\"><em>Issuu-palvelun avulla tai viimeist\u00e4\u00e4n Holin blogissa p\u00e4\u00e4set tutustumaan liiton ja sen yhteisty\u00f6kumppaneiden mielenkiintoisiin kirjoituksiin\u00a0<\/em><\/p>\n<p style=\"text-align: center;\">2010-luvulla Holin blogista onkin tullut liiton t\u00e4rkein julkaisukanava. Lis\u00e4\u00e4 n\u00e4kyvyytt\u00e4 blogin tekstit saavat Holin somekanavien kautta, mihin t\u00e4ll\u00e4 hetkell\u00e4 kuuluvat\u00a0 liiton <a href=\"https:\/\/www.facebook.com\/Holry\/\"><strong>Facebook<\/strong><\/a>&#8211; ja <a href=\"https:\/\/www.instagram.com\/historianopiskelijainliitto\/\"><strong>Instagram<\/strong><\/a>-tilit.<\/p>\n<p style=\"text-align: center;\"><em>Holin Facebook- ja Instagram-tilej\u00e4 seuraamalla pysyy hyvin perill\u00e4 Holin toiminnasta ja yleisest\u00e4 keskustelusta<\/em><\/p>\n<p style=\"text-align: center;\">Uusimpana aluevaltauksena liitoln tiedotuksessa on vuonna 2018 avattu Holin oma <a href=\"https:\/\/www.youtube.com\/channel\/UCxPmWrlGAuEu7TVKVmgJ6Lw?view_as=subscriber\"><strong>Youtube<\/strong><\/a>-kanava, jonka kautta liitto julkaisee lyhyit\u00e4 videoita koskien Holin omaa toimintaa tai tuoden niiden kautta esille t\u00e4rkeit\u00e4 ajankohtaisia teemoja.<\/p>\n<p style=\"text-align: center;\"><a href=\"https:\/\/www.youtube.com\/channel\/UCxPmWrlGAuEu7TVKVmgJ6Lw?view_as=subscriber\"><img loading=\"lazy\" decoding=\"async\" class=\" wp-image-2889 aligncenter\" src=\"http:\/\/hol.fi\/wp-content\/uploads\/2018\/10\/Hol-youtube.png\" alt=\"\" width=\"569\" height=\"304\" srcset=\"https:\/\/hol.fi\/wp-content\/uploads\/2018\/10\/Hol-youtube.png 1109w, https:\/\/hol.fi\/wp-content\/uploads\/2018\/10\/Hol-youtube-300x160.png 300w, https:\/\/hol.fi\/wp-content\/uploads\/2018\/10\/Hol-youtube-768x411.png 768w, https:\/\/hol.fi\/wp-content\/uploads\/2018\/10\/Hol-youtube-750x400.png 750w\" sizes=\"(max-width: 569px) 100vw, 569px\" \/><\/a><\/p>\n<p style=\"text-align: center;\"><em>Kuvaa klikkaamalla p\u00e4\u00e4set tutstumaan Holin Youtube-kanavaan ja sen sis\u00e4lt\u00f6\u00f6n!\u00a0<\/em><\/p>\n<p style=\"text-align: center;\"><strong>Valitsee siis Holin medoista mieleisesi ja tutustu sit\u00e4 kautta liiton toimintaan! \ud83d\ude09<\/strong><\/p>\n","protected":false},"excerpt":{"rendered":"<p>Historian Opiskelijain Liitton t\u00e4rkeimpiin teht\u00e4viin valtakunnallisena etuj\u00e4rjest\u00f6n\u00e4 kuuluu tiedottaminen ja kantaa ottaminen yhteiskunnallisiin asioihin, jotka koskettavat historian opiskelijoita Suomessa. Samalla tiedottamisella Hol yll\u00e4pit\u00e4\u00e4 valtakunnallista tieteellist\u00e4 keskustelua\u00a0 historian alalla. Tiedottamisessa t\u00e4rkeimpin\u00e4 apuv\u00e4linein\u00e4 toimivat Holin yll\u00e4pit\u00e4m\u00e4t erilaiset media-alustat. Niist\u00e4 kaikista pitk\u00e4aikaisin on Holin oma j\u00e4senlehti Holkki,\u00a0joka paperiversiona ilmestyy kaksi kertaa vuodessa Holin seminaarien yhteydess\u00e4. Lehti on kuitenkin &hellip; <\/p>\n<p><a class=\"more-link btn\" href=\"https:\/\/hol.fi\/?page_id=2819\">Jatka lukemista<\/a><\/p>\n","protected":false},"author":1,"featured_media":2857,"parent":0,"menu_order":3,"comment_status":"closed","ping_status":"closed","template":"","meta":{"footnotes":""},"_links":{"self":[{"href":"https:\/\/hol.fi\/index.php?rest_route=\/wp\/v2\/pages\/2819"}],"collection":[{"href":"https:\/\/hol.fi\/index.php?rest_route=\/wp\/v2\/pages"}],"about":[{"href":"https:\/\/hol.fi\/index.php?rest_route=\/wp\/v2\/types\/page"}],"author":[{"embeddable":true,"href":"https:\/\/hol.fi\/index.php?rest_route=\/wp\/v2\/users\/1"}],"replies":[{"embeddable":true,"href":"https:\/\/hol.fi\/index.php?rest_route=%2Fwp%2Fv2%2Fcomments&post=2819"}],"version-history":[{"count":14,"href":"https:\/\/hol.fi\/index.php?rest_route=\/wp\/v2\/pages\/2819\/revisions"}],"predecessor-version":[{"id":44493,"href":"https:\/\/hol.fi\/index.php?rest_route=\/wp\/v2\/pages\/2819\/revisions\/44493"}],"wp:featuredmedia":[{"embeddable":true,"href":"https:\/\/hol.fi\/index.php?rest_route=\/wp\/v2\/media\/2857"}],"wp:attachment":[{"href":"https:\/\/hol.fi\/index.php?rest_route=%2Fwp%2Fv2%2Fmedia&parent=2819"}],"curies":[{"name":"wp","href":"https:\/\/api.w.org\/{rel}","templated":true}]}}