{"id":314,"date":"2013-04-17T17:55:21","date_gmt":"2013-04-17T14:55:21","guid":{"rendered":"http:\/\/historianopiskelijainliitto.com\/?page_id=314"},"modified":"2019-05-06T14:35:12","modified_gmt":"2019-05-06T11:35:12","slug":"kevatseminaari-joensuussa-2011","status":"publish","type":"page","link":"https:\/\/hol.fi\/?page_id=314","title":{"rendered":"Kev\u00e4tseminaari Joensuussa 2011"},"content":{"rendered":"<h2><strong>&#8221;Historioitsijat ty\u00f6el\u00e4m\u00e4ss\u00e4&#8221;<\/strong><\/h2>\n<h2><strong>HOL-seminaari Joensuussa 12.3.2011<\/strong><\/h2>\n<h4>Mihin olet matkalla? Mille alalle aiot ty\u00f6llisty\u00e4? Kaipaatko uusia ideoita opintoihisi?<br \/>\nHaluatko tutustua muihin historian opiskelijoihin?<\/h4>\n<p>It\u00e4-Suomen yliopiston Joensuun kampuksen Metria-rakennuksen luentosali M101, Yliopistokatu 7.<br \/>\nMajoitus Kaislakatu 10, Skarppi.<\/p>\n<p>Kello 11 <strong>seminaarin avaus<\/strong> ja Historian Opiskelijain Liiton puheenjohtajan Jyrki Puikon tervetulopuhe.<\/p>\n<p><strong>Arto Nevala<\/strong> (It\u00e4-Suomen yliopiston historia- ja maantieteiden laitoksen lehtori)<\/p>\n<p><strong>Salla Remes-Yl\u00f6nen<\/strong> (toimittaja)<\/p>\n<p><strong>Jukka Partanen<\/strong> (kaupallinen tutkija)<\/p>\n<p><strong>Pekka Kauppinen<\/strong> (arkistoala)<\/p>\n<p>Kahvitauko<\/p>\n<p><strong>Keimo Lehtiniemi<\/strong> (mediayritt\u00e4j\u00e4)<\/p>\n<p><strong>Mikko Meril\u00e4inen<\/strong> (kirjastoala)<\/p>\n<p><strong>Jussi Virratvuori<\/strong> (graafinen yritt\u00e4j\u00e4)<\/p>\n<p><strong>Katja Hintikainen<\/strong> (j\u00e4rjest\u00f6)<\/p>\n<p><strong>Mikko Lehtonen<\/strong> (Specian ja Akavan Erityisalojen puheenvuoro)<\/p>\n<p>Seminaarin p\u00e4\u00e4t\u00f6s noin kello 15.00<\/p>\n<p style=\"text-align: center;\"><a href=\"http:\/\/historianopiskelijainliitto.com\/wp-content\/uploads\/2013\/04\/HOL-mainosValmis-424-x-600.jpg\"><img loading=\"lazy\" decoding=\"async\" class=\"aligncenter  wp-image-315\" alt=\"HOL-mainos(Valmis) (424 x 600)\" src=\"http:\/\/historianopiskelijainliitto.com\/wp-content\/uploads\/2013\/04\/HOL-mainosValmis-424-x-600.jpg\" width=\"297\" height=\"420\" \/><\/a><br \/>\n<label for=\"al2fb_image_315\"><\/label><\/p>\n","protected":false},"excerpt":{"rendered":"<p>&#8221;Historioitsijat ty\u00f6el\u00e4m\u00e4ss\u00e4&#8221; HOL-seminaari Joensuussa 12.3.2011 Mihin olet matkalla? Mille alalle aiot ty\u00f6llisty\u00e4? Kaipaatko uusia ideoita opintoihisi? Haluatko tutustua muihin historian opiskelijoihin? It\u00e4-Suomen yliopiston Joensuun kampuksen Metria-rakennuksen luentosali M101, Yliopistokatu 7. Majoitus Kaislakatu 10, Skarppi. Kello 11 seminaarin avaus ja Historian Opiskelijain Liiton puheenjohtajan Jyrki Puikon tervetulopuhe. Arto Nevala (It\u00e4-Suomen yliopiston historia- ja maantieteiden laitoksen lehtori) &hellip; <\/p>\n<p><a class=\"more-link btn\" href=\"https:\/\/hol.fi\/?page_id=314\">Jatka lukemista<\/a><\/p>\n","protected":false},"author":1,"featured_media":0,"parent":3132,"menu_order":16,"comment_status":"open","ping_status":"closed","template":"","meta":{"footnotes":""},"_links":{"self":[{"href":"https:\/\/hol.fi\/index.php?rest_route=\/wp\/v2\/pages\/314"}],"collection":[{"href":"https:\/\/hol.fi\/index.php?rest_route=\/wp\/v2\/pages"}],"about":[{"href":"https:\/\/hol.fi\/index.php?rest_route=\/wp\/v2\/types\/page"}],"author":[{"embeddable":true,"href":"https:\/\/hol.fi\/index.php?rest_route=\/wp\/v2\/users\/1"}],"replies":[{"embeddable":true,"href":"https:\/\/hol.fi\/index.php?rest_route=%2Fwp%2Fv2%2Fcomments&post=314"}],"version-history":[{"count":9,"href":"https:\/\/hol.fi\/index.php?rest_route=\/wp\/v2\/pages\/314\/revisions"}],"predecessor-version":[{"id":319,"href":"https:\/\/hol.fi\/index.php?rest_route=\/wp\/v2\/pages\/314\/revisions\/319"}],"up":[{"embeddable":true,"href":"https:\/\/hol.fi\/index.php?rest_route=\/wp\/v2\/pages\/3132"}],"wp:attachment":[{"href":"https:\/\/hol.fi\/index.php?rest_route=%2Fwp%2Fv2%2Fmedia&parent=314"}],"curies":[{"name":"wp","href":"https:\/\/api.w.org\/{rel}","templated":true}]}}