{"id":3211,"date":"2019-10-11T12:30:11","date_gmt":"2019-10-11T09:30:11","guid":{"rendered":"http:\/\/hol.fi\/?page_id=3211"},"modified":"2019-11-18T12:31:52","modified_gmt":"2019-11-18T10:31:52","slug":"syysseminaari-helsingissa-15-17-11","status":"publish","type":"page","link":"https:\/\/hol.fi\/?page_id=3211","title":{"rendered":"Syysseminaari Helsingiss\u00e4 15. &#8211; 17.11.2019"},"content":{"rendered":"\n<div class=\"wp-block-image\"><figure class=\"alignright is-resized\"><img loading=\"lazy\" decoding=\"async\" src=\"http:\/\/hol.fi\/wp-content\/uploads\/2019\/05\/syysseminaari2019_std.jpg\" alt=\"\" class=\"wp-image-3139\" width=\"351\" height=\"234\" srcset=\"https:\/\/hol.fi\/wp-content\/uploads\/2019\/05\/syysseminaari2019_std.jpg 1440w, https:\/\/hol.fi\/wp-content\/uploads\/2019\/05\/syysseminaari2019_std-300x200.jpg 300w, https:\/\/hol.fi\/wp-content\/uploads\/2019\/05\/syysseminaari2019_std-768x512.jpg 768w\" sizes=\"(max-width: 351px) 100vw, 351px\" \/><\/figure><\/div>\n\n\n\n<p>Kun politiikan tutkimus kansallisella tasolla on edellisen seminaarin my\u00f6t\u00e4 k\u00e4sitelty, on aika siirty\u00e4 tarkastelemaan historian roolia kansainv\u00e4lisess\u00e4 politiikassa. T\u00e4m\u00e4n vuoden diplomatiateemaiseen seminaariin tulee korkean profiilin puhujia, ja my\u00f6s hieman tavallista laajempi ty\u00f6el\u00e4m\u00e4osio. Mik\u00e4 on historian ja sen opiskelijoiden rooli kansainv\u00e4listyv\u00e4ss\u00e4 maailmassa?<br> <br><strong> Aikataulu:<\/strong><br> <br><strong> PERJANTAI 15.11.<br><\/strong> <br>Ensimm\u00e4isen\u00e4 iltana ohjelmassa on Helsingin yliopiston historian opiskelijoiden rakastaman lehtori Risto Marjomaan ohjaama peli-ilta, jossa p\u00e4\u00e4st\u00e4\u00e4n el\u00e4ytym\u00e4\u00e4n ensimm\u00e4isen maailmansodan syttymiseen johtaneisiin tapahtumiin. Pystyv\u00e4tk\u00f6 Holin j\u00e4senet v\u00e4ltt\u00e4m\u00e4\u00e4n samanlaisen diplomaattisen katastrofin kuin mit\u00e4 historian sivuille on kirjattu?<br> <br>Itse tapahtuma j\u00e4rjestet\u00e4\u00e4n kello 17 alkaen Kaupunkikirjasto Oodin Brygga-tilassa ja on siksi alkoholiton. Noin kello 21 siirryt\u00e4\u00e4n jatkoille kohteeseen, joka julkistetaan l\u00e4hemp\u00e4n\u00e4. <br> <br><strong> LAUANTAI 16.11.<br><\/strong> <br> Lauantai on tuttuun tapaan seminaarin p\u00e4\u00e4p\u00e4iv\u00e4. Luennoitsijoista kerrotaan lis\u00e4\u00e4 28.10. alkaen.<br> <br> klo 10-12 luennot<br> klo 12-13 lounastauko<br> klo 13-15.30 alumnipaneeli<\/p>\n\n\n\n<p>Alumnipaneelin j\u00e4lkeen samoissa tiloissa ehtii viel\u00e4 keskustella alumnien kanssa ja nauttia erilaisista tarjoiluista.<br> <\/p>\n\n\n\n<p><strong>Sitsit<\/strong> alkavat kello 18.30 cocktail-tilaisuudella. P\u00f6ytiin siirryt\u00e4\u00e4n 19.00.  Sitsipaikkana toimii Helsingin Uuden Ylioppilastalon Alina-sali. Sitsit p\u00e4\u00e4ttyv\u00e4t noin kello 23.00, jonka j\u00e4lkeen samassa tilassa siirryt\u00e4\u00e4n jatkoille. <strong>Ilmoitautuminen sitseille <\/strong>alkaa 1.11.2019 klo 12. Paikkoja on rajatusti, joten ole nopea! Lis\u00e4tietoja sitsien omassa <a href=\"https:\/\/www.facebook.com\/events\/1166088863779595\/\">Facebook-tapahtumassa<\/a>.<br> <br><strong> SUNNUNTAI 17.11.<br><\/strong> <br> Klo 11 j\u00e4rjestet\u00e4\u00e4n hallituksen kokous l\u00e4hemp\u00e4n\u00e4 p\u00e4\u00e4tett\u00e4v\u00e4ss\u00e4 paikassa.<br> <\/p>\n\n\n\n<p><strong>Majoitus:<\/strong><br>Muun muassa Helsingin korkeamman hintatason takia yhteismajoitusta ei t\u00e4ll\u00e4 kertaa saatu j\u00e4rjestetty\u00e4. <a href=\"https:\/\/www.facebook.com\/events\/411532772825975\/\">Facebook-tapahtuman<\/a> keskusteluosiosta l\u00f6ytyy kuitenkin linkkej\u00e4 hotelleihin, joista voi itse varata huoneita. Lis\u00e4ksi ilmaisesta majoituksesta voi neuvotella keskusteluosioissa paikallisten opiskelijoiden kanssa.<br> <br>Seminaariin ei tarvitse erikseen ilmoittautua, mutta itsens\u00e4 merkitseminen osallistuvaksi Facebook-tapahtumassa olisi hy\u00f6dyllist\u00e4 &#8211; n\u00e4in saamme edes jonkinlaisen arvion osallisujam\u00e4\u00e4r\u00e4st\u00e4.  <\/p>\n","protected":false},"excerpt":{"rendered":"<p>Kun politiikan tutkimus kansallisella tasolla on edellisen seminaarin my\u00f6t\u00e4 k\u00e4sitelty, on aika siirty\u00e4 tarkastelemaan historian roolia kansainv\u00e4lisess\u00e4 politiikassa. T\u00e4m\u00e4n vuoden diplomatiateemaiseen seminaariin tulee korkean profiilin puhujia, ja my\u00f6s hieman tavallista laajempi ty\u00f6el\u00e4m\u00e4osio. Mik\u00e4 on historian ja sen opiskelijoiden rooli kansainv\u00e4listyv\u00e4ss\u00e4 maailmassa? Aikataulu: PERJANTAI 15.11. Ensimm\u00e4isen\u00e4 iltana ohjelmassa on Helsingin yliopiston historian opiskelijoiden rakastaman lehtori Risto &hellip; <\/p>\n<p><a class=\"more-link btn\" href=\"https:\/\/hol.fi\/?page_id=3211\">Jatka lukemista<\/a><\/p>\n","protected":false},"author":2,"featured_media":0,"parent":3132,"menu_order":0,"comment_status":"closed","ping_status":"closed","template":"","meta":{"footnotes":""},"_links":{"self":[{"href":"https:\/\/hol.fi\/index.php?rest_route=\/wp\/v2\/pages\/3211"}],"collection":[{"href":"https:\/\/hol.fi\/index.php?rest_route=\/wp\/v2\/pages"}],"about":[{"href":"https:\/\/hol.fi\/index.php?rest_route=\/wp\/v2\/types\/page"}],"author":[{"embeddable":true,"href":"https:\/\/hol.fi\/index.php?rest_route=\/wp\/v2\/users\/2"}],"replies":[{"embeddable":true,"href":"https:\/\/hol.fi\/index.php?rest_route=%2Fwp%2Fv2%2Fcomments&post=3211"}],"version-history":[{"count":5,"href":"https:\/\/hol.fi\/index.php?rest_route=\/wp\/v2\/pages\/3211\/revisions"}],"predecessor-version":[{"id":3247,"href":"https:\/\/hol.fi\/index.php?rest_route=\/wp\/v2\/pages\/3211\/revisions\/3247"}],"up":[{"embeddable":true,"href":"https:\/\/hol.fi\/index.php?rest_route=\/wp\/v2\/pages\/3132"}],"wp:attachment":[{"href":"https:\/\/hol.fi\/index.php?rest_route=%2Fwp%2Fv2%2Fmedia&parent=3211"}],"curies":[{"name":"wp","href":"https:\/\/api.w.org\/{rel}","templated":true}]}}

Syysseminaari Helsingissä 15. &#8211; 17.11.2019

<div class="wp-block-image"><figure class="alignright is-resized"><img loading="lazy" decoding="async" src="http://hol.fi/wp-content/uploads/2019/05/syysseminaari2019_std.jpg" alt="" class="wp-image-3139" width="351" height="234" srcset="https://hol.fi/wp-content/uploads/2019/05/syysseminaari2019_std.jpg 1440w, https://hol.fi/wp-content/uploads/2019/05/syysseminaari2019_std-300x200.jpg 300w, https://hol.fi/wp-content/uploads/2019/05/syysseminaari2019_std-768x512.jpg 768w" sizes="(max-width: 351px) 100vw, 351px" /></figure></div>



<p>Kun politiikan tutkimus kansallisella tasolla on edellisen seminaarin myötä käsitelty, on aika siirtyä tarkastelemaan historian roolia kansainvälisessä politiikassa. Tämän vuoden diplomatiateemaiseen seminaariin tulee korkean profiilin puhujia, ja myös hieman tavallista laajempi työelämäosio. Mikä on historian ja sen opiskelijoiden rooli kansainvälistyvässä maailmassa?<br> <br><strong> Aikataulu:</strong><br> <br><strong> PERJANTAI 15.11.<br></strong> <br>Ensimmäisenä iltana ohjelmassa on Helsingin yliopiston historian opiskelijoiden rakastaman lehtori Risto Marjomaan ohjaama peli-ilta, jossa päästään eläytymään ensimmäisen maailmansodan syttymiseen johtaneisiin tapahtumiin. Pystyvätkö Holin jäsenet välttämään samanlaisen diplomaattisen katastrofin kuin mitä historian sivuille on kirjattu?<br> <br>Itse tapahtuma järjestetään kello 17 alkaen Kaupunkikirjasto Oodin Brygga-tilassa ja on siksi alkoholiton. Noin kello 21 siirrytään jatkoille kohteeseen, joka julkistetaan lähempänä. <br> <br><strong> LAUANTAI 16.11.<br></strong> <br> Lauantai on tuttuun tapaan seminaarin pääpäivä. Luennoitsijoista kerrotaan lisää 28.10. alkaen.<br> <br> klo 10-12 luennot<br> klo 12-13 lounastauko<br> klo 13-15.30 alumnipaneeli</p>



<p>Alumnipaneelin jälkeen samoissa tiloissa ehtii vielä keskustella alumnien kanssa ja nauttia erilaisista tarjoiluista.<br> </p>



<p><strong>Sitsit</strong> alkavat kello 18.30 cocktail-tilaisuudella. Pöytiin siirrytään 19.00.  Sitsipaikkana toimii Helsingin Uuden Ylioppilastalon Alina-sali. Sitsit päättyvät noin kello 23.00, jonka jälkeen samassa tilassa siirrytään jatkoille. <strong>Ilmoitautuminen sitseille </strong>alkaa 1.11.2019 klo 12. Paikkoja on rajatusti, joten ole nopea! Lisätietoja sitsien omassa <a href="https://www.facebook.com/events/1166088863779595/">Facebook-tapahtumassa</a>.<br> <br><strong> SUNNUNTAI 17.11.<br></strong> <br> Klo 11 järjestetään hallituksen kokous lähempänä päätettävässä paikassa.<br> </p>



<p><strong>Majoitus:</strong><br>Muun muassa Helsingin korkeamman hintatason takia yhteismajoitusta ei tällä kertaa saatu järjestettyä. <a href="https://www.facebook.com/events/411532772825975/">Facebook-tapahtuman</a> keskusteluosiosta löytyy kuitenkin linkkejä hotelleihin, joista voi itse varata huoneita. Lisäksi ilmaisesta majoituksesta voi neuvotella keskusteluosioissa paikallisten opiskelijoiden kanssa.<br> <br>Seminaariin ei tarvitse erikseen ilmoittautua, mutta itsensä merkitseminen osallistuvaksi Facebook-tapahtumassa olisi hyödyllistä &#8211; näin saamme edes jonkinlaisen arvion osallisujamäärästä.  </p>

<p>Kun politiikan tutkimus kansallisella tasolla on edellisen seminaarin myötä käsitelty, on aika siirtyä tarkastelemaan historian roolia kansainvälisessä politiikassa. Tämän vuoden diplomatiateemaiseen seminaariin tulee korkean profiilin puhujia, ja myös hieman tavallista laajempi työelämäosio. Mikä on historian ja sen opiskelijoiden rooli kansainvälistyvässä maailmassa? Aikataulu: PERJANTAI 15.11. Ensimmäisenä iltana ohjelmassa on Helsingin yliopiston historian opiskelijoiden rakastaman lehtori Risto &hellip; </p>
<p><a class="more-link btn" href="https://hol.fi/?page_id=3211">Jatka lukemista</a></p>
