{"id":354,"date":"2013-04-18T13:37:49","date_gmt":"2013-04-18T10:37:49","guid":{"rendered":"http:\/\/historianopiskelijainliitto.com\/?page_id=354"},"modified":"2019-05-06T14:36:13","modified_gmt":"2019-05-06T11:36:13","slug":"kevatseminaari-jyvaskylassa-2008","status":"publish","type":"page","link":"https:\/\/hol.fi\/?page_id=354","title":{"rendered":"Kev\u00e4tseminaari Jyv\u00e4skyl\u00e4ss\u00e4 2008"},"content":{"rendered":"<p><a href=\"http:\/\/historianopiskelijainliitto.com\/wp-content\/uploads\/2013\/04\/Kev\u00e4tseminaari-Jyv\u00e4skyl\u00e4ss\u00e4-1.jpg\"><img loading=\"lazy\" decoding=\"async\" class=\"alignnone size-medium wp-image-355\" alt=\"Kev\u00e4tseminaari Jyv\u00e4skyl\u00e4ss\u00e4 1\" src=\"http:\/\/historianopiskelijainliitto.com\/wp-content\/uploads\/2013\/04\/Kev\u00e4tseminaari-Jyv\u00e4skyl\u00e4ss\u00e4-1-300x225.jpg\" width=\"300\" height=\"225\" srcset=\"https:\/\/hol.fi\/wp-content\/uploads\/2013\/04\/Kev\u00e4tseminaari-Jyv\u00e4skyl\u00e4ss\u00e4-1-300x225.jpg 300w, https:\/\/hol.fi\/wp-content\/uploads\/2013\/04\/Kev\u00e4tseminaari-Jyv\u00e4skyl\u00e4ss\u00e4-1.jpg 640w\" sizes=\"(max-width: 300px) 100vw, 300px\" \/><\/a> <a href=\"http:\/\/historianopiskelijainliitto.com\/wp-content\/uploads\/2013\/04\/Kev\u00e4tseminaari-Jyv\u00e4skyl\u00e4ss\u00e4-2.jpg\"><img loading=\"lazy\" decoding=\"async\" class=\"alignnone size-medium wp-image-356\" alt=\"Kev\u00e4tseminaari Jyv\u00e4skyl\u00e4ss\u00e4 2\" src=\"http:\/\/historianopiskelijainliitto.com\/wp-content\/uploads\/2013\/04\/Kev\u00e4tseminaari-Jyv\u00e4skyl\u00e4ss\u00e4-2-300x225.jpg\" width=\"300\" height=\"225\" srcset=\"https:\/\/hol.fi\/wp-content\/uploads\/2013\/04\/Kev\u00e4tseminaari-Jyv\u00e4skyl\u00e4ss\u00e4-2-300x225.jpg 300w, https:\/\/hol.fi\/wp-content\/uploads\/2013\/04\/Kev\u00e4tseminaari-Jyv\u00e4skyl\u00e4ss\u00e4-2.jpg 640w\" sizes=\"(max-width: 300px) 100vw, 300px\" \/><\/a><\/p>\n","protected":false},"excerpt":{"rendered":"","protected":false},"author":1,"featured_media":0,"parent":3132,"menu_order":22,"comment_status":"open","ping_status":"closed","template":"","meta":{"footnotes":""},"_links":{"self":[{"href":"https:\/\/hol.fi\/index.php?rest_route=\/wp\/v2\/pages\/354"}],"collection":[{"href":"https:\/\/hol.fi\/index.php?rest_route=\/wp\/v2\/pages"}],"about":[{"href":"https:\/\/hol.fi\/index.php?rest_route=\/wp\/v2\/types\/page"}],"author":[{"embeddable":true,"href":"https:\/\/hol.fi\/index.php?rest_route=\/wp\/v2\/users\/1"}],"replies":[{"embeddable":true,"href":"https:\/\/hol.fi\/index.php?rest_route=%2Fwp%2Fv2%2Fcomments&post=354"}],"version-history":[{"count":2,"href":"https:\/\/hol.fi\/index.php?rest_route=\/wp\/v2\/pages\/354\/revisions"}],"predecessor-version":[{"id":1775,"href":"https:\/\/hol.fi\/index.php?rest_route=\/wp\/v2\/pages\/354\/revisions\/1775"}],"up":[{"embeddable":true,"href":"https:\/\/hol.fi\/index.php?rest_route=\/wp\/v2\/pages\/3132"}],"wp:attachment":[{"href":"https:\/\/hol.fi\/index.php?rest_route=%2Fwp%2Fv2%2Fmedia&parent=354"}],"curies":[{"name":"wp","href":"https:\/\/api.w.org\/{rel}","templated":true}]}}