{"id":366,"date":"2013-04-18T13:54:32","date_gmt":"2013-04-18T10:54:32","guid":{"rendered":"http:\/\/historianopiskelijainliitto.com\/?page_id=366"},"modified":"2019-05-06T14:36:44","modified_gmt":"2019-05-06T11:36:44","slug":"kevatseminaari-turussa-2007","status":"publish","type":"page","link":"https:\/\/hol.fi\/?page_id=366","title":{"rendered":"Kev\u00e4tseminaari Turussa 2007"},"content":{"rendered":"<h2><strong>HISTORIAN MUSTAT AUKOT<\/strong><\/h2>\n<h2><strong>HOL- seminaari <strong>Turussa<\/strong> 24.-25.2.2007\u00a0<\/strong><\/h2>\n<p>Lauantai 24.2.<br \/>\nTurku-sali, YO-talo A:n toisessa kerroksessa (Rehtoripellonkatu 4).<br \/>\nMajoitus Sotku, Kaivokatu.<\/p>\n<p>10.00: <strong>Tervetuliaissanat<\/strong> ja k\u00e4yt\u00e4nn\u00f6n ohjeita<\/p>\n<p>10.15: Markku Jokisipil\u00e4: <strong>Mit\u00e4 tapahtuu kun todellisuus ei sovi ihannekuviin?<\/strong> Historia, nationalismi ja kansallinen identiteetti<\/p>\n<p>11.00: Anu Lahtinen: <strong>&#8221;Tulkoon valkeus! Keskiajan puolustus.&#8221;<\/p>\n<p><\/strong><\/p>\n<p>11.45: <strong>Kahvia ja pannukakkua,<\/strong> y\u00f6pymismaksujen ker\u00e4\u00e4minen<\/p>\n<p>12.00: <strong>Akavan erityisalat<\/strong> esitt\u00e4ytyv\u00e4t<\/p>\n<p>12.15: Bruce Johnson: <strong>Sound, Power and Modernity<\/strong><\/p>\n<p>13.00: <strong>Workshopit<\/strong> kokoontuvat P-klubin ja Kritiikin toimistoilla sek\u00e4 Proffan kellarissa. Workshoppeja on 3, joissa kukin l\u00e4hestyy historian mustia aukkoja, harmaita \u00e4\u00e4rialueita alustusten ja alustajien artikkeleiden pohjalta.<\/p>\n<p>Siirtyminen majoitukseen Sotkulle.<\/p>\n<p>18.00: <strong>Illanviettoa<\/strong> TYYn saunalla: Workshopien purkua, kossuviesti\u00e4, pelailua.<br \/>\nSauna, my\u00f6hemmin tutustuminen Turun y\u00f6el\u00e4m\u00e4\u00e4n.<\/p>\n<p>Sunnuntai 25.2.<\/p>\n<p>9.00: <strong>Aamiainen<\/strong> Sotkulla<br \/>\n10.30: L\u00e4ht\u00f6 Sotkulta<\/p>\n<p>11.00: <strong>Historia-sightseeing:<\/strong> jokiranta<\/p>\n<p>Turku-sali<br \/>\n12.00:<strong> Vanhan hallituksen kokous<\/strong><\/p>\n<p>12.30: <strong>HOL ry:n vuosikokous<\/strong><\/p>\n<p>13.30: <strong>Uuden hallituksen kokous<\/strong><\/p>\n","protected":false},"excerpt":{"rendered":"<p>HISTORIAN MUSTAT AUKOT HOL- seminaari Turussa 24.-25.2.2007\u00a0 Lauantai 24.2. Turku-sali, YO-talo A:n toisessa kerroksessa (Rehtoripellonkatu 4). Majoitus Sotku, Kaivokatu. 10.00: Tervetuliaissanat ja k\u00e4yt\u00e4nn\u00f6n ohjeita 10.15: Markku Jokisipil\u00e4: Mit\u00e4 tapahtuu kun todellisuus ei sovi ihannekuviin? Historia, nationalismi ja kansallinen identiteetti 11.00: Anu Lahtinen: &#8221;Tulkoon valkeus! Keskiajan puolustus.&#8221; 11.45: Kahvia ja pannukakkua, y\u00f6pymismaksujen ker\u00e4\u00e4minen 12.00: Akavan erityisalat &hellip; <\/p>\n<p><a class=\"more-link btn\" href=\"https:\/\/hol.fi\/?page_id=366\">Jatka lukemista<\/a><\/p>\n","protected":false},"author":1,"featured_media":0,"parent":3132,"menu_order":24,"comment_status":"open","ping_status":"closed","template":"","meta":{"footnotes":""},"_links":{"self":[{"href":"https:\/\/hol.fi\/index.php?rest_route=\/wp\/v2\/pages\/366"}],"collection":[{"href":"https:\/\/hol.fi\/index.php?rest_route=\/wp\/v2\/pages"}],"about":[{"href":"https:\/\/hol.fi\/index.php?rest_route=\/wp\/v2\/types\/page"}],"author":[{"embeddable":true,"href":"https:\/\/hol.fi\/index.php?rest_route=\/wp\/v2\/users\/1"}],"replies":[{"embeddable":true,"href":"https:\/\/hol.fi\/index.php?rest_route=%2Fwp%2Fv2%2Fcomments&post=366"}],"version-history":[{"count":7,"href":"https:\/\/hol.fi\/index.php?rest_route=\/wp\/v2\/pages\/366\/revisions"}],"predecessor-version":[{"id":1777,"href":"https:\/\/hol.fi\/index.php?rest_route=\/wp\/v2\/pages\/366\/revisions\/1777"}],"up":[{"embeddable":true,"href":"https:\/\/hol.fi\/index.php?rest_route=\/wp\/v2\/pages\/3132"}],"wp:attachment":[{"href":"https:\/\/hol.fi\/index.php?rest_route=%2Fwp%2Fv2%2Fmedia&parent=366"}],"curies":[{"name":"wp","href":"https:\/\/api.w.org\/{rel}","templated":true}]}}