{"id":54,"date":"2013-04-13T18:36:35","date_gmt":"2013-04-13T15:36:35","guid":{"rendered":"http:\/\/historianopiskelijainliitto.com\/?page_id=54"},"modified":"2025-02-18T17:04:18","modified_gmt":"2025-02-18T15:04:18","slug":"tietoa-liitosta","status":"publish","type":"page","link":"https:\/\/hol.fi\/?page_id=54","title":{"rendered":"Tietoa liitosta"},"content":{"rendered":"<div class=\"embed-container\"><iframe loading=\"lazy\" title=\"Mik\u00e4 on Hol? Nelj\u00e4 kysymyst\u00e4 ja vastausta Historian Opiskelijain Liitosta.\" width=\"750\" height=\"422\" src=\"https:\/\/www.youtube.com\/embed\/n0t-qvQ039c?feature=oembed\" frameborder=\"0\" allow=\"accelerometer; autoplay; clipboard-write; encrypted-media; gyroscope; picture-in-picture; web-share\" referrerpolicy=\"strict-origin-when-cross-origin\" allowfullscreen><\/iframe><\/div>\n<p style=\"text-align: center;\">Vuonna 1966 perustettu <em>Historian Opiskelijain Liitto <\/em>(Hol) on valtakunnallinen historian opiskelijoiden edunvalvontaan keskittynyt j\u00e4rjest\u00f6. Liittoon kuuluu 9 historia-alan ainej\u00e4rjest\u00f6\u00e4 kuudesta eri yliopistosta. Hol toimii kaikkien Suomessa historiaa opiskelevien kattoj\u00e4rjest\u00f6n\u00e4, joka valvoo ja ajaa historian opiskelijoiden etua. Sen tavoitteena on edist\u00e4\u00e4 ainej\u00e4rjest\u00f6jen v\u00e4list\u00e4 yhteisty\u00f6t\u00e4 ja tiedonv\u00e4lityst\u00e4 sek\u00e4 tarjota mahdollisuus ajatustenvaihtoon alan opiskelijoiden kesken.<a href=\"http:\/\/hol.fi\/wp-content\/uploads\/2013\/05\/ryhm\u00e4kuva.jpg\"><img loading=\"lazy\" decoding=\"async\" class=\"size-full wp-image-963 aligncenter\" src=\"http:\/\/hol.fi\/wp-content\/uploads\/2013\/05\/ryhm\u00e4kuva.jpg\" alt=\"ryhm\u00e4kuva\" width=\"945\" height=\"447\" srcset=\"https:\/\/hol.fi\/wp-content\/uploads\/2013\/05\/ryhm\u00e4kuva.jpg 945w, https:\/\/hol.fi\/wp-content\/uploads\/2013\/05\/ryhm\u00e4kuva-300x141.jpg 300w\" sizes=\"(max-width: 945px) 100vw, 945px\" \/><\/a><\/p>\n<p style=\"text-align: center;\">Liiton n\u00e4kyvimm\u00e4n osan muodostavat vuosittain j\u00e4rjestett\u00e4v\u00e4t <a href=\"http:\/\/hol.fi\/?page_id=66\"><strong>syys- ja kev\u00e4tseminaarit<\/strong><\/a>. Seminaarit rakentuvat ennalta m\u00e4\u00e4r\u00e4tyn teeman ymp\u00e4rille ja sis\u00e4lt\u00e4v\u00e4t akateemisen osan lis\u00e4ksi rentoa tutustumista sek\u00e4 seminaarikaupunkiin ett\u00e4 toisiin historian opiskelijoihin. Kaikki nykyiset ja entiset historian opiskelijat sek\u00e4 historiatieteen harrastajat ovat tervetulleita seminaareihin.<\/p>\n<p style=\"text-align: center;\">Joulukuussa pidet\u00e4\u00e4n aina liiton vaalikokous, jossa valitaan tulevalle kaudelle uusi <a href=\"http:\/\/hol.fi\/?page_id=59\"><strong>hallitus<\/strong><\/a>. Se koostuu liiton puheenjohtajasta, sihteerist\u00e4 ja taloudenhoitajasta sek\u00e4 jokaisen j\u00e4senj\u00e4rjest\u00f6n edustajasta.<\/p>\n<p style=\"text-align: center;\">Seminaarien lis\u00e4ksi Hol julkaisee my\u00f6s omia lehte\u00e4\u00e4n <strong><a href=\"http:\/\/hol.fi\/?page_id=2344\">Holkki<\/a><\/strong> ja <a href=\"http:\/\/hol.fi\/?page_id=2475\"><strong>Hol-blogiaan<\/strong><\/a>, ja tarjoaa historian opiskelijoille yhteisen tiedotuskanavan Facebook-sivuillaan. Liitto tarjoaa my\u00f6s <a href=\"http:\/\/hol.fi\/?page_id=68\"><strong>etuja<\/strong><\/a>, jotka saa osakseen opiskelijakortin j\u00e4sentarralla. Holin tarjoamat edut saat k\u00e4ytt\u00f6\u00f6n automaattisesti oman ainej\u00e4rjest\u00f6si j\u00e4senyyden my\u00f6t\u00e4. J\u00e4sentarraa n\u00e4ytt\u00e4m\u00e4ll\u00e4 p\u00e4\u00e4set <a href=\"http:\/\/hol.fi\/?page_id=198\"><strong>yhteisty\u00f6museoihin<\/strong><\/a> ilmaiseksi tai alennettuun hintaan.<\/p>\n<h5 style=\"text-align: center;\">Holin tulevat puheenjohtajakaupungit<\/h5>\n<p style=\"text-align: center;\">Oulu &#8211; 2026<br \/>\nHelsinki &#8211; 2027<br \/>\nJoensuu &#8211; 2028<\/p>\n","protected":false},"excerpt":{"rendered":"<p>Vuonna 1966 perustettu Historian Opiskelijain Liitto (Hol) on valtakunnallinen historian opiskelijoiden edunvalvontaan keskittynyt j\u00e4rjest\u00f6. Liittoon kuuluu 9 historia-alan ainej\u00e4rjest\u00f6\u00e4 kuudesta eri yliopistosta. Hol toimii kaikkien Suomessa historiaa opiskelevien kattoj\u00e4rjest\u00f6n\u00e4, joka valvoo ja ajaa historian opiskelijoiden etua. Sen tavoitteena on edist\u00e4\u00e4 ainej\u00e4rjest\u00f6jen v\u00e4list\u00e4 yhteisty\u00f6t\u00e4 ja tiedonv\u00e4lityst\u00e4 sek\u00e4 tarjota mahdollisuus ajatustenvaihtoon alan opiskelijoiden kesken. Liiton n\u00e4kyvimm\u00e4n osan &hellip; <\/p>\n<p><a class=\"more-link btn\" href=\"https:\/\/hol.fi\/?page_id=54\">Jatka lukemista<\/a><\/p>\n","protected":false},"author":1,"featured_media":2853,"parent":0,"menu_order":1,"comment_status":"closed","ping_status":"closed","template":"","meta":{"footnotes":""},"_links":{"self":[{"href":"https:\/\/hol.fi\/index.php?rest_route=\/wp\/v2\/pages\/54"}],"collection":[{"href":"https:\/\/hol.fi\/index.php?rest_route=\/wp\/v2\/pages"}],"about":[{"href":"https:\/\/hol.fi\/index.php?rest_route=\/wp\/v2\/types\/page"}],"author":[{"embeddable":true,"href":"https:\/\/hol.fi\/index.php?rest_route=\/wp\/v2\/users\/1"}],"replies":[{"embeddable":true,"href":"https:\/\/hol.fi\/index.php?rest_route=%2Fwp%2Fv2%2Fcomments&post=54"}],"version-history":[{"count":59,"href":"https:\/\/hol.fi\/index.php?rest_route=\/wp\/v2\/pages\/54\/revisions"}],"predecessor-version":[{"id":44701,"href":"https:\/\/hol.fi\/index.php?rest_route=\/wp\/v2\/pages\/54\/revisions\/44701"}],"wp:featuredmedia":[{"embeddable":true,"href":"https:\/\/hol.fi\/index.php?rest_route=\/wp\/v2\/media\/2853"}],"wp:attachment":[{"href":"https:\/\/hol.fi\/index.php?rest_route=%2Fwp%2Fv2%2Fmedia&parent=54"}],"curies":[{"name":"wp","href":"https:\/\/api.w.org\/{rel}","templated":true}]}}