{"id":64,"date":"2013-04-13T18:37:40","date_gmt":"2013-04-13T15:37:40","guid":{"rendered":"http:\/\/historianopiskelijainliitto.com\/?page_id=64"},"modified":"2023-12-14T00:43:02","modified_gmt":"2023-12-13T22:43:02","slug":"tyoelama","status":"publish","type":"page","link":"https:\/\/hol.fi\/?page_id=64","title":{"rendered":"Ty\u00f6el\u00e4m\u00e4"},"content":{"rendered":"<p style=\"text-align: left;\">Historia-alalta valmistuneet ty\u00f6llistyv\u00e4t useille eri aloille, joista yleisimm\u00e4t ovat opetus- ja kasvatusala, viestint\u00e4- ja tiedotusala, hallinto- ja suunnitteluteht\u00e4v\u00e4t, tutkimus, museoala, arkisto- ja asiakirjahallintoala, kirjasto- ja informaatioala sek\u00e4 taide- ja kulttuuriala. Vastoin yleist\u00e4 harhaluuloa historia-alan tutkinnolla ty\u00f6llistyy verrattain hyvin.<\/p>\n<p style=\"text-align: left;\">Opiskelijana parannat tulevaa ty\u00f6llistymist\u00e4si sopivilla sivuainevalinnoilla, jotka erottavat sinut &#8221;putkitutkintojen&#8221; massasta. My\u00f6s yliopistojen erilliset maisteriohjelmat tai opintokokonaisuudet voivat avata nopeastikin oman urapolun ty\u00f6el\u00e4m\u00e4\u00e4n. Osa historianopiskelijoista l\u00f6yt\u00e4\u00e4 alansa jo opiskeluaikanaan kes\u00e4t\u00f6iden ja erilaisten ty\u00f6harjoittelujen kautta. T\u00e4m\u00e4 ei ole kuitenkaan v\u00e4ltt\u00e4m\u00e4t\u00f6nt\u00e4, etenkin jos k\u00e4yt\u00e4t aikasi hy\u00f6dyksi kehitt\u00e4m\u00e4ll\u00e4 ty\u00f6el\u00e4m\u00e4ss\u00e4 tarvittava kykyj\u00e4. Useat ty\u00f6nantajat arvostavat nykyisin esimerkiksi ainej\u00e4rjest\u00f6ty\u00f6ss\u00e4 saatuja taitoja, joille on k\u00e4ytt\u00f6\u00e4 my\u00f6s ty\u00f6el\u00e4m\u00e4ss\u00e4.<\/p>\n<hr \/>\n<h3>Palkan m\u00e4\u00e4r\u00e4ytyminen eri sektoreilla<\/h3>\n<hr \/>\n<p><strong>Yksityissektori<\/strong><\/p>\n<p>Yksityisell\u00e4 sektorilla on paljon aloja, joilla ei ole ty\u00f6ehtosopimusta. Kun alalla ei ole ty\u00f6ehtosopimusta m\u00e4\u00e4rittelev\u00e4t yritykset ja j\u00e4rjest\u00f6t palkkauksen itse. T\u00e4ll\u00f6in palkkauksen k\u00e4yt\u00e4nn\u00f6t voivat olla hyvin moninaisia.<\/p>\n<p>Historian, kirjallisuuden ja kulttuuriaineiden FM-tutkinnon suorittaneiden v\u00e4himm\u00e4ispalkkasuositus auttaa tukemaan palkkaneuvotteluja yksityissektorilla ty\u00f6paikoissa, joissa ei ole ty\u00f6ehtosopimusta.<\/p>\n<p>Lue selaimessa tai lataa laitteellesi suositus <a href=\"https:\/\/www.akavanerityisalat.fi\/files\/12217\/Historian_kirjallisuuden_ja_kulttuuriaineiden_vahimmaispalkkasuositus_1.5.2022-30.4.2024.pdf\">t\u00e4st\u00e4<\/a>.<\/p>\n<p>Yksityisell\u00e4 museosektorilla noudatetaan <a href=\"https:\/\/www.finlex.fi\/data\/tes\/4866\/Museo2003.pdf\">Yksityisen museoiden TES:\u00e4<\/a>. Ty\u00f6ehtosopimusta noudattavat kaikki yksityiset museot, jotka saavat valtionosuuksia. Palkka m\u00e4\u00e4r\u00e4ytyy teht\u00e4vien vaativuuden sek\u00e4 henkil\u00f6kohtaisen lis\u00e4n mukaan.<\/p>\n<hr \/>\n<p><strong>Kuntasektori<\/strong><\/p>\n<p>Kaupungilla tai kunnassa ty\u00f6skentelev\u00e4n henkil\u00f6n palkka m\u00e4\u00e4r\u00e4ytyy KVTES:n (Kunnallinen yleinen virka- ja ty\u00f6ehtosopimus) mukaan, joka koskee useita eri aloja.<\/p>\n<p>Tutustu <a href=\"https:\/\/www.kt.fi\/sopimukset\/kvtes\">KVTES<\/a>:n.<\/p>\n<hr \/>\n<p><strong>Valtio- ja korkeakoulusektori<\/strong><\/p>\n<p>K\u00e4yt\u00f6ss\u00e4 oma palkkausj\u00e4rjestelm\u00e4, joka m\u00e4\u00e4rittelee kuukausipalkat mutta ei yhten\u00e4isi\u00e4 palkkataulukoita. Kuukausipalkka m\u00e4\u00e4r\u00e4ytyy teht\u00e4vien vaativuuden ja henkil\u00f6kohtaisen ty\u00f6suorituksen mukaan. Valtiolla on k\u00e4yt\u00f6ss\u00e4 virastokohtaiset j\u00e4rjestelm\u00e4t, jotka perustuvat sopimusalakohtaisiin virka- ja ty\u00f6ehtosopimuksiin.<\/p>\n<p>Katso <a href=\"https:\/\/julkaisut.valtioneuvosto.fi\/handle\/10024\/162360\">Valtion virka- ja ty\u00f6ehdot 2020\u20132022<\/a>.<\/p>\n","protected":false},"excerpt":{"rendered":"<p>Historia-alalta valmistuneet ty\u00f6llistyv\u00e4t useille eri aloille, joista yleisimm\u00e4t ovat opetus- ja kasvatusala, viestint\u00e4- ja tiedotusala, hallinto- ja suunnitteluteht\u00e4v\u00e4t, tutkimus, museoala, arkisto- ja asiakirjahallintoala, kirjasto- ja informaatioala sek\u00e4 taide- ja kulttuuriala. Vastoin yleist\u00e4 harhaluuloa historia-alan tutkinnolla ty\u00f6llistyy verrattain hyvin. Opiskelijana parannat tulevaa ty\u00f6llistymist\u00e4si sopivilla sivuainevalinnoilla, jotka erottavat sinut &#8221;putkitutkintojen&#8221; massasta. My\u00f6s yliopistojen erilliset maisteriohjelmat tai opintokokonaisuudet &hellip; <\/p>\n<p><a class=\"more-link btn\" href=\"https:\/\/hol.fi\/?page_id=64\">Jatka lukemista<\/a><\/p>\n","protected":false},"author":1,"featured_media":2860,"parent":0,"menu_order":5,"comment_status":"closed","ping_status":"closed","template":"","meta":{"footnotes":""},"_links":{"self":[{"href":"https:\/\/hol.fi\/index.php?rest_route=\/wp\/v2\/pages\/64"}],"collection":[{"href":"https:\/\/hol.fi\/index.php?rest_route=\/wp\/v2\/pages"}],"about":[{"href":"https:\/\/hol.fi\/index.php?rest_route=\/wp\/v2\/types\/page"}],"author":[{"embeddable":true,"href":"https:\/\/hol.fi\/index.php?rest_route=\/wp\/v2\/users\/1"}],"replies":[{"embeddable":true,"href":"https:\/\/hol.fi\/index.php?rest_route=%2Fwp%2Fv2%2Fcomments&post=64"}],"version-history":[{"count":22,"href":"https:\/\/hol.fi\/index.php?rest_route=\/wp\/v2\/pages\/64\/revisions"}],"predecessor-version":[{"id":44489,"href":"https:\/\/hol.fi\/index.php?rest_route=\/wp\/v2\/pages\/64\/revisions\/44489"}],"wp:featuredmedia":[{"embeddable":true,"href":"https:\/\/hol.fi\/index.php?rest_route=\/wp\/v2\/media\/2860"}],"wp:attachment":[{"href":"https:\/\/hol.fi\/index.php?rest_route=%2Fwp%2Fv2%2Fmedia&parent=64"}],"curies":[{"name":"wp","href":"https:\/\/api.w.org\/{rel}","templated":true}]}}